57.141.0.22 - - [22/Mar/2026:08:31:19 -0400] "GET /goodscode/4014929548?path=/home/reachcon/public_html/wp-includes HTTP/1.1" 200 446909 "-" "meta-externalagent/1.1 (+https://developers.facebook.com/docs/sharing/webmasters/crawler)"
57.141.0.58 - - [22/Mar/2026:08:31:19 -0400] "GET /goodscode/232246407?fileloc=/home/reachcon/public_html/wp-trackback.php&path=/home/reachcon/public_html HTTP/1.1" 200 17886 "-" "meta-externalagent/1.1 (+https://developers.facebook.com/docs/sharing/webmasters/crawler)"
57.141.0.40 - - [22/Mar/2026:08:31:19 -0400] "GET /goodscode/2225501362?fileloc=/home/reachcon/public_html/xknxd.php&path=/home/reachcon/public_html HTTP/1.1" 200 42956 "-" "meta-externalagent/1.1 (+https://developers.facebook.com/docs/sharing/webmasters/crawler)"
216.73.216.221 - - [22/Mar/2026:08:31:20 -0400] "GET /omada_slideshow/home-page?path=%2Fhome%2Freachcon%2Fpublic_html%2Fwp-content%2Fthemes%2Ftwentytwentyfive HTTP/1.1" 200 36670 "-" "Mozilla/5.0 AppleWebKit/537.36 (KHTML, like Gecko; compatible; ClaudeBot/1.0; +claudebot@anthropic.com)"
74.7.241.22 - - [22/Mar/2026:08:31:20 -0400] "GET /?fileloc=//proc/206/net/dev_snmp6/lo&path=//proc/206/net/dev_snmp6 HTTP/1.1" 200 14772 "https://reachamplification.com/?path=//proc/206/net/dev_snmp6" "Mozilla/5.0 AppleWebKit/537.36 (KHTML, like Gecko; compatible; GPTBot/1.3; +https://openai.com/gptbot)"
216.73.216.183 - - [22/Mar/2026:08:31:20 -0400] "GET /goodscode/2466638041?fileloc=%2F%2Fusr%2Flib64%2Flibicuio.so.50&path=%2F%2Fusr%2Flib64 HTTP/1.1" 200 12298 "-" "Mozilla/5.0 AppleWebKit/537.36 (KHTML, like Gecko; compatible; ClaudeBot/1.0; +claudebot@anthropic.com)"
57.141.0.46 - - [22/Mar/2026:08:31:20 -0400] "GET /goodscode/2225501362?fileloc=/home/reachcon/public_html/wp-blog-header.php&path=/home/reachcon/public_html HTTP/1.1" 200 12876 "-" "meta-externalagent/1.1 (+https://developers.facebook.com/docs/sharing/webmasters/crawler)"
57.141.0.70 - - [22/Mar/2026:08:31:21 -0400] "GET /goodscode/670013476?fileloc=/home/reachcon/public_html/wp-load.php&path=/home/reachcon/public_html HTTP/1.1" 200 16633 "-" "meta-externalagent/1.1 (+https://developers.facebook.com/docs/sharing/webmasters/crawler)"
57.141.0.39 - - [22/Mar/2026:08:31:21 -0400] "GET /goodscode/697432694?fileloc=/home/reachcon/public_html/.ftpquota&path=/home/reachcon/public_html HTTP/1.1" 200 12389 "-" "meta-externalagent/1.1 (+https://developers.facebook.com/docs/sharing/webmasters/crawler)"
57.141.0.2 - - [22/Mar/2026:08:31:21 -0400] "GET /goodscode/4120452255?fileloc=/home/reachcon/public_html/txets.php&path=/home/reachcon/public_html HTTP/1.1" 200 18695 "-" "meta-externalagent/1.1 (+https://developers.facebook.com/docs/sharing/webmasters/crawler)"
74.7.243.219 - - [22/Mar/2026:08:31:21 -0400] "GET /?fileloc=//proc/205/auxv&path=//proc/205 HTTP/1.1" 200 12286 "https://reachconnects.com/?path=//proc/205" "Mozilla/5.0 AppleWebKit/537.36 (KHTML, like Gecko; compatible; GPTBot/1.3; +https://openai.com/gptbot)"
57.141.0.26 - - [22/Mar/2026:08:31:21 -0400] "GET /goodscode/2490169363?fileloc=/home/reachcon/public_html/wp-links-opml.php&path=/home/reachcon/public_html HTTP/1.1" 200 15176 "-" "meta-externalagent/1.1 (+https://developers.facebook.com/docs/sharing/webmasters/crawler)"
57.141.0.56 - - [22/Mar/2026:08:31:22 -0400] "GET /goodscode/2225501362?fileloc=/home/reachcon/public_html/index.php&path=/home/reachcon/public_html HTTP/1.1" 200 35874 "-" "meta-externalagent/1.1 (+https://developers.facebook.com/docs/sharing/webmasters/crawler)"
57.141.0.50 - - [22/Mar/2026:08:31:22 -0400] "GET /goodscode/2490169363?fileloc=/home/reachcon/public_html/wp-blog-header.php&path=/home/reachcon/public_html HTTP/1.1" 200 12876 "-" "meta-externalagent/1.1 (+https://developers.facebook.com/docs/sharing/webmasters/crawler)"
57.141.0.50 - - [22/Mar/2026:08:31:22 -0400] "GET /goodscode/232246407?path=/home/reachcon HTTP/1.1" 200 57710 "-" "meta-externalagent/1.1 (+https://developers.facebook.com/docs/sharing/webmasters/crawler)"
216.73.216.221 - - [22/Mar/2026:08:31:23 -0400] "GET /omada_slideshow/home-page?fileloc=%2Fhome%2Freachcon%2Fpublic_html%2Fwp-admin%2Fupgrade-functions.php&path=%2Fhome%2Freachcon%2Fpublic_html%2Fwp-admin HTTP/1.1" 200 12804 "-" "Mozilla/5.0 AppleWebKit/537.36 (KHTML, like Gecko; compatible; ClaudeBot/1.0; +claudebot@anthropic.com)"
57.141.0.44 - - [22/Mar/2026:08:31:23 -0400] "GET /goodscode/3556692543?fileloc=/home/reachcon/public_html/wp-comments-post.php&path=/home/reachcon/public_html HTTP/1.1" 200 14779 "-" "meta-externalagent/1.1 (+https://developers.facebook.com/docs/sharing/webmasters/crawler)"
74.7.241.22 - - [22/Mar/2026:08:31:23 -0400] "GET /?fileloc=//proc/166/net/dev_snmp6/lo&path=//proc/166/net/dev_snmp6 HTTP/1.1" 200 14772 "https://reachamplification.com/?path=//proc/166/net/dev_snmp6" "Mozilla/5.0 AppleWebKit/537.36 (KHTML, like Gecko; compatible; GPTBot/1.3; +https://openai.com/gptbot)"
57.141.0.45 - - [22/Mar/2026:08:31:23 -0400] "GET /goodscode/2225501362?fileloc=/home/reachcon/public_html/robots.txt&path=/home/reachcon/public_html HTTP/1.1" 200 12457 "-" "meta-externalagent/1.1 (+https://developers.facebook.com/docs/sharing/webmasters/crawler)"
216.73.216.183 - - [22/Mar/2026:08:31:23 -0400] "GET /goodscode/3159039713?fileloc=%2F%2Flib64%2Flibnss_compat.so&path=%2F%2Flib64 HTTP/1.1" 200 12262 "-" "Mozilla/5.0 AppleWebKit/537.36 (KHTML, like Gecko; compatible; ClaudeBot/1.0; +claudebot@anthropic.com)"
57.141.0.36 - - [22/Mar/2026:08:31:23 -0400] "GET /goodscode/2490169363?path=/home/reachcon/public_html/wp-admin HTTP/1.1" 200 166987 "-" "meta-externalagent/1.1 (+https://developers.facebook.com/docs/sharing/webmasters/crawler)"
57.141.0.36 - - [22/Mar/2026:08:31:24 -0400] "GET /goodscode/628993632?path=/home/reachcon/public_html/.tmb HTTP/1.1" 200 14314 "-" "meta-externalagent/1.1 (+https://developers.facebook.com/docs/sharing/webmasters/crawler)"
57.141.0.70 - - [22/Mar/2026:08:31:24 -0400] "GET /goodscode/3556692543?path=/home/reachcon/public_html/wp-includes HTTP/1.1" 200 446909 "-" "meta-externalagent/1.1 (+https://developers.facebook.com/docs/sharing/webmasters/crawler)"
74.7.243.219 - - [22/Mar/2026:08:31:24 -0400] "GET /?fileloc=//proc/592/auxv&path=//proc/592 HTTP/1.1" 200 12286 "https://reachconnects.com/?path=//proc/592" "Mozilla/5.0 AppleWebKit/537.36 (KHTML, like Gecko; compatible; GPTBot/1.3; +https://openai.com/gptbot)"
57.141.0.36 - - [22/Mar/2026:08:31:25 -0400] "GET /goodscode/648676799?path=/home HTTP/1.1" 200 12664 "-" "meta-externalagent/1.1 (+https://developers.facebook.com/docs/sharing/webmasters/crawler)"
57.141.0.12 - - [22/Mar/2026:08:31:25 -0400] "GET /goodscode/795219350?path=/home/reachcon/public_html/.tmb HTTP/1.1" 200 14314 "-" "meta-externalagent/1.1 (+https://developers.facebook.com/docs/sharing/webmasters/crawler)"
57.141.0.25 - - [22/Mar/2026:08:31:25 -0400] "GET /goodscode/2173323338?path=/home/reachcon/public_html HTTP/1.1" 200 55292 "-" "meta-externalagent/1.1 (+https://developers.facebook.com/docs/sharing/webmasters/crawler)"
57.141.0.56 - - [22/Mar/2026:08:31:25 -0400] "GET /goodscode/3873139292?fileloc=/home/reachcon/public_html/.htaccess&path=/home/reachcon/public_html HTTP/1.1" 200 14452 "-" "meta-externalagent/1.1 (+https://developers.facebook.com/docs/sharing/webmasters/crawler)"
57.141.0.6 - - [22/Mar/2026:08:31:26 -0400] "GET /goodscode/1036567919?fileloc=/home/reachcon/public_html/wp-load.php&path=/home/reachcon/public_html HTTP/1.1" 200 16633 "-" "meta-externalagent/1.1 (+https://developers.facebook.com/docs/sharing/webmasters/crawler)"
216.73.216.221 - - [22/Mar/2026:08:31:26 -0400] "GET /omada_slideshow/home-page?path=%2Fhome%2Freachcon%2Fetc%2Freachconnects.com HTTP/1.1" 200 12826 "-" "Mozilla/5.0 AppleWebKit/537.36 (KHTML, like Gecko; compatible; ClaudeBot/1.0; +claudebot@anthropic.com)"
216.73.216.183 - - [22/Mar/2026:08:31:26 -0400] "GET /goodscode/1996712198?fileloc=%2Fhome%2Freachcon%2Fpublic_html%2Fwp-trackback.php&path=%2Fhome%2Freachcon%2Fpublic_html HTTP/1.1" 200 17886 "-" "Mozilla/5.0 AppleWebKit/537.36 (KHTML, like Gecko; compatible; ClaudeBot/1.0; +claudebot@anthropic.com)"
57.141.0.28 - - [22/Mar/2026:08:31:26 -0400] "GET /goodscode/795219350?fileloc=/home/reachcon/public_html/txets.php&path=/home/reachcon/public_html HTTP/1.1" 200 18695 "-" "meta-externalagent/1.1 (+https://developers.facebook.com/docs/sharing/webmasters/crawler)"
74.7.241.22 - - [22/Mar/2026:08:31:26 -0400] "GET /?fileloc=//proc/168/net/dev_snmp6/venet0&path=//proc/168/net/dev_snmp6 HTTP/1.1" 200 14776 "https://reachamplification.com/?path=//proc/168/net/dev_snmp6" "Mozilla/5.0 AppleWebKit/537.36 (KHTML, like Gecko; compatible; GPTBot/1.3; +https://openai.com/gptbot)"
57.141.0.68 - - [22/Mar/2026:08:31:26 -0400] "GET /goodscode/1790044878?path=/home/reachcon/public_html/wp-admin HTTP/1.1" 200 166987 "-" "meta-externalagent/1.1 (+https://developers.facebook.com/docs/sharing/webmasters/crawler)"
57.141.0.19 - - [22/Mar/2026:08:31:27 -0400] "GET /goodscode/670013476?path=/home/reachcon/public_html/images HTTP/1.1" 200 15857 "-" "meta-externalagent/1.1 (+https://developers.facebook.com/docs/sharing/webmasters/crawler)"
57.141.0.53 - - [22/Mar/2026:08:31:27 -0400] "GET /goodscode/2225501362?fileloc=/home/reachcon/public_html/wp-trackback.php&path=/home/reachcon/public_html HTTP/1.1" 200 17886 "-" "meta-externalagent/1.1 (+https://developers.facebook.com/docs/sharing/webmasters/crawler)"
57.141.0.24 - - [22/Mar/2026:08:31:27 -0400] "GET /goodscode/1203192929?fileloc=/home/reachcon/public_html/wp-load.php&path=/home/reachcon/public_html HTTP/1.1" 200 16633 "-" "meta-externalagent/1.1 (+https://developers.facebook.com/docs/sharing/webmasters/crawler)"
74.7.243.219 - - [22/Mar/2026:08:31:28 -0400] "GET /?fileloc=//proc/579/auxv&path=//proc/579 HTTP/1.1" 200 12286 "https://reachconnects.com/?path=//proc/579" "Mozilla/5.0 AppleWebKit/537.36 (KHTML, like Gecko; compatible; GPTBot/1.3; +https://openai.com/gptbot)"
57.141.0.32 - - [22/Mar/2026:08:31:28 -0400] "GET /goodscode/4120452255?fileloc=/home/reachcon/public_html/wp-login.php&path=/home/reachcon/public_html HTTP/1.1" 200 69346 "-" "meta-externalagent/1.1 (+https://developers.facebook.com/docs/sharing/webmasters/crawler)"
57.141.0.28 - - [22/Mar/2026:08:31:28 -0400] "GET /goodscode/1790044878?fileloc=/home/reachcon/public_html/wp-login.php&path=/home/reachcon/public_html HTTP/1.1" 200 69346 "-" "meta-externalagent/1.1 (+https://developers.facebook.com/docs/sharing/webmasters/crawler)"
57.141.0.44 - - [22/Mar/2026:08:31:28 -0400] "GET /goodscode/670013476?path=/home/reachcon/public_html/wp-admin HTTP/1.1" 200 166987 "-" "meta-externalagent/1.1 (+https://developers.facebook.com/docs/sharing/webmasters/crawler)"
216.73.216.221 - - [22/Mar/2026:08:31:29 -0400] "GET /omada_slideshow/home-page?fileloc=%2Fhome%2Freachcon%2Fpublic_html%2Fwp-includes%2Fclass-wp-meta-query.php&path=%2Fhome%2Freachcon%2Fpublic_html%2Fwp-includes HTTP/1.1" 200 43733 "-" "Mozilla/5.0 AppleWebKit/537.36 (KHTML, like Gecko; compatible; ClaudeBot/1.0; +claudebot@anthropic.com)"
57.141.0.3 - - [22/Mar/2026:08:31:29 -0400] "GET /goodscode/1790044878?path=/home HTTP/1.1" 200 12664 "-" "meta-externalagent/1.1 (+https://developers.facebook.com/docs/sharing/webmasters/crawler)"
216.73.216.183 - - [22/Mar/2026:08:31:29 -0400] "GET /goodscode/4284874737?fileloc=%2Fhome%2Freachcon%2Fpublic_html%2Fwp-admin%2Fmedia-new.php&path=%2Fhome%2Freachcon%2Fpublic_html%2Fwp-admin HTTP/1.1" 200 16198 "-" "Mozilla/5.0 AppleWebKit/537.36 (KHTML, like Gecko; compatible; ClaudeBot/1.0; +claudebot@anthropic.com)"
57.141.0.60 - - [22/Mar/2026:08:31:29 -0400] "GET /goodscode/4120452255?fileloc=/home/reachcon/public_html/license.txt&path=/home/reachcon/public_html HTTP/1.1" 200 32383 "-" "meta-externalagent/1.1 (+https://developers.facebook.com/docs/sharing/webmasters/crawler)"
74.7.241.22 - - [22/Mar/2026:08:31:29 -0400] "GET /?fileloc=//proc/206/net/dev_snmp6/venet0&path=//proc/206/net/dev_snmp6 HTTP/1.1" 200 14776 "https://reachamplification.com/?path=//proc/206/net/dev_snmp6" "Mozilla/5.0 AppleWebKit/537.36 (KHTML, like Gecko; compatible; GPTBot/1.3; +https://openai.com/gptbot)"
57.141.0.35 - - [22/Mar/2026:08:31:29 -0400] "GET /goodscode/795219350?path=/home/reachcon/public_html/images HTTP/1.1" 200 15857 "-" "meta-externalagent/1.1 (+https://developers.facebook.com/docs/sharing/webmasters/crawler)"
57.141.0.20 - - [22/Mar/2026:08:31:29 -0400] "GET /goodscode/2225501362?fileloc=/home/reachcon/public_html/wp-config.php&path=/home/reachcon/public_html HTTP/1.1" 406 55292 "-" "meta-externalagent/1.1 (+https://developers.facebook.com/docs/sharing/webmasters/crawler)"
57.141.0.24 - - [22/Mar/2026:08:31:30 -0400] "GET /goodscode/232246407?path=/home/reachcon/public_html/.well-known HTTP/1.1" 200 15787 "-" "meta-externalagent/1.1 (+https://developers.facebook.com/docs/sharing/webmasters/crawler)"
57.141.0.44 - - [22/Mar/2026:08:31:30 -0400] "GET /goodscode/4014929548?fileloc=/home/reachcon/public_html/wp-blog-header.php&path=/home/reachcon/public_html HTTP/1.1" 200 12876 "-" "meta-externalagent/1.1 (+https://developers.facebook.com/docs/sharing/webmasters/crawler)"
57.141.0.45 - - [22/Mar/2026:08:31:31 -0400] "GET /goodscode/795219350?fileloc=/home/reachcon/public_html/wp-cron.php&path=/home/reachcon/public_html HTTP/1.1" 200 18063 "-" "meta-externalagent/1.1 (+https://developers.facebook.com/docs/sharing/webmasters/crawler)"
74.7.243.219 - - [22/Mar/2026:08:31:31 -0400] "GET /?fileloc=//proc/168/io&path=//proc/168 HTTP/1.1" 200 12284 "https://reachconnects.com/?path=//proc/168" "Mozilla/5.0 AppleWebKit/537.36 (KHTML, like Gecko; compatible; GPTBot/1.3; +https://openai.com/gptbot)"
57.141.0.39 - - [22/Mar/2026:08:31:31 -0400] "GET /goodscode/2175747552?fileloc=/home/reachcon/public_html/wp-config-sample.php&path=/home/reachcon/public_html HTTP/1.1" 200 15747 "-" "meta-externalagent/1.1 (+https://developers.facebook.com/docs/sharing/webmasters/crawler)"
57.141.0.56 - - [22/Mar/2026:08:31:31 -0400] "GET /goodscode/1790044878?path=/ HTTP/1.1" 200 151277 "-" "meta-externalagent/1.1 (+https://developers.facebook.com/docs/sharing/webmasters/crawler)"
216.73.216.221 - - [22/Mar/2026:08:31:32 -0400] "GET /omada_slideshow/home-page?fileloc=%2Fhome%2Freachcon%2Fpublic_html%2Fwp-includes%2Frss-functions.php&path=%2Fhome%2Freachcon%2Fpublic_html%2Fwp-includes HTTP/1.1" 200 12723 "-" "Mozilla/5.0 AppleWebKit/537.36 (KHTML, like Gecko; compatible; ClaudeBot/1.0; +claudebot@anthropic.com)"
57.141.0.56 - - [22/Mar/2026:08:31:32 -0400] "GET /goodscode/3556692543?path=/home/reachcon/public_html/.well-known HTTP/1.1" 200 15787 "-" "meta-externalagent/1.1 (+https://developers.facebook.com/docs/sharing/webmasters/crawler)"
57.141.0.19 - - [22/Mar/2026:08:31:32 -0400] "GET /goodscode/4120452255?path=/home/reachcon/public_html/wp-admin HTTP/1.1" 200 166987 "-" "meta-externalagent/1.1 (+https://developers.facebook.com/docs/sharing/webmasters/crawler)"
216.73.216.183 - - [22/Mar/2026:08:31:32 -0400] "GET /goodscode/827416568?fileloc=%2F%2Fusr%2Flib64%2Flibcupsmime.so.1&path=%2F%2Fusr%2Flib64 HTTP/1.1" 200 12300 "-" "Mozilla/5.0 AppleWebKit/537.36 (KHTML, like Gecko; compatible; ClaudeBot/1.0; +claudebot@anthropic.com)"
57.141.0.22 - - [22/Mar/2026:08:31:32 -0400] "GET /goodscode/3101898217?fileloc=/home/reachcon/public_html/robots.txt&path=/home/reachcon/public_html HTTP/1.1" 200 12457 "-" "meta-externalagent/1.1 (+https://developers.facebook.com/docs/sharing/webmasters/crawler)"
57.141.0.64 - - [22/Mar/2026:08:31:32 -0400] "GET /goodscode/232246407?fileloc=/home/reachcon/public_html/wp-activate.php&path=/home/reachcon/public_html HTTP/1.1" 200 20713 "-" "meta-externalagent/1.1 (+https://developers.facebook.com/docs/sharing/webmasters/crawler)"
74.7.241.22 - - [22/Mar/2026:08:31:33 -0400] "GET /?fileloc=//proc/489/net/dev_snmp6/lo&path=//proc/489/net/dev_snmp6 HTTP/1.1" 200 14772 "https://reachamplification.com/?path=//proc/489/net/dev_snmp6" "Mozilla/5.0 AppleWebKit/537.36 (KHTML, like Gecko; compatible; GPTBot/1.3; +https://openai.com/gptbot)"
57.141.0.65 - - [22/Mar/2026:08:31:33 -0400] "GET /goodscode/232246407?fileloc=/home/reachcon/public_html/pxhdy.php&path=/home/reachcon/public_html HTTP/1.1" 200 42956 "-" "meta-externalagent/1.1 (+https://developers.facebook.com/docs/sharing/webmasters/crawler)"
57.141.0.45 - - [22/Mar/2026:08:31:33 -0400] "GET /goodscode/795219350?fileloc=/home/reachcon/public_html/wp-blog-header.php&path=/home/reachcon/public_html HTTP/1.1" 200 12876 "-" "meta-externalagent/1.1 (+https://developers.facebook.com/docs/sharing/webmasters/crawler)"
57.141.0.44 - - [22/Mar/2026:08:31:33 -0400] "GET /goodscode/1790044878?path=/home/reachcon/public_html HTTP/1.1" 200 55292 "-" "meta-externalagent/1.1 (+https://developers.facebook.com/docs/sharing/webmasters/crawler)"
74.7.243.219 - - [22/Mar/2026:08:31:34 -0400] "GET /?fileloc=//proc/205/io&path=//proc/205 HTTP/1.1" 200 12284 "https://reachconnects.com/?path=//proc/205" "Mozilla/5.0 AppleWebKit/537.36 (KHTML, like Gecko; compatible; GPTBot/1.3; +https://openai.com/gptbot)"
114.119.157.4 - - [22/Mar/2026:08:31:34 -0400] "GET /category/mobility-solutions/page/8?fileloc=/home/reachcon/public_html/.htaccess&path=/home/reachcon/public_html HTTP/1.1" 200 14452 "https://reachconnects.com/category/mobility-solutions/page/8" "Mozilla/5.0 (Linux; Android 7.0;) AppleWebKit/537.36 (KHTML, like Gecko) Mobile Safari/537.36 (compatible; PetalBot;+https://webmaster.petalsearch.com/site/petalbot)"
57.141.0.5 - - [22/Mar/2026:08:31:34 -0400] "GET /goodscode/232246407?fileloc=/home/reachcon/public_html/wp-config.php&path=/home/reachcon/public_html HTTP/1.1" 406 55292 "-" "meta-externalagent/1.1 (+https://developers.facebook.com/docs/sharing/webmasters/crawler)"
57.141.0.54 - - [22/Mar/2026:08:31:35 -0400] "GET /goodscode/1790044878?fileloc=/home/reachcon/public_html/readme.html&path=/home/reachcon/public_html HTTP/1.1" 200 21711 "-" "meta-externalagent/1.1 (+https://developers.facebook.com/docs/sharing/webmasters/crawler)"
216.73.216.221 - - [22/Mar/2026:08:31:35 -0400] "GET /omada_slideshow/home-page?fileloc=%2Fhome%2Freachcon%2Fpublic_html%2Fwp-includes%2Ferror-protection.php&path=%2Fhome%2Freachcon%2Fpublic_html%2Fwp-includes HTTP/1.1" 200 16703 "-" "Mozilla/5.0 AppleWebKit/537.36 (KHTML, like Gecko; compatible; ClaudeBot/1.0; +claudebot@anthropic.com)"
216.73.216.183 - - [22/Mar/2026:08:31:35 -0400] "GET /goodscode/1821093685?fileloc=%2F%2Flib64%2Flibmysqld.so&path=%2F%2Flib64 HTTP/1.1" 200 12258 "-" "Mozilla/5.0 AppleWebKit/537.36 (KHTML, like Gecko; compatible; ClaudeBot/1.0; +claudebot@anthropic.com)"
57.141.0.68 - - [22/Mar/2026:08:31:35 -0400] "GET /goodscode/3101898217?fileloc=/home/reachcon/public_html/wp-load.php&path=/home/reachcon/public_html HTTP/1.1" 200 16633 "-" "meta-externalagent/1.1 (+https://developers.facebook.com/docs/sharing/webmasters/crawler)"
57.141.0.22 - - [22/Mar/2026:08:31:35 -0400] "GET /goodscode/3101898217?path=/home/reachcon/public_html/.well-known HTTP/1.1" 200 15787 "-" "meta-externalagent/1.1 (+https://developers.facebook.com/docs/sharing/webmasters/crawler)"
57.141.0.9 - - [22/Mar/2026:08:31:35 -0400] "GET /goodscode/1790044878?fileloc=/home/reachcon/public_html/wp-load.php&path=/home/reachcon/public_html HTTP/1.1" 200 16633 "-" "meta-externalagent/1.1 (+https://developers.facebook.com/docs/sharing/webmasters/crawler)"
74.7.241.22 - - [22/Mar/2026:08:31:36 -0400] "GET /?fileloc=//proc/150/net/dev_snmp6/lo&path=//proc/150/net/dev_snmp6 HTTP/1.1" 200 14772 "https://reachamplification.com/?path=//proc/150/net/dev_snmp6" "Mozilla/5.0 AppleWebKit/537.36 (KHTML, like Gecko; compatible; GPTBot/1.3; +https://openai.com/gptbot)"
57.141.0.15 - - [22/Mar/2026:08:31:36 -0400] "GET /goodscode/2225501362?fileloc=/home/reachcon/public_html/wp-login.php&path=/home/reachcon/public_html HTTP/1.1" 200 69346 "-" "meta-externalagent/1.1 (+https://developers.facebook.com/docs/sharing/webmasters/crawler)"
57.141.0.10 - - [22/Mar/2026:08:31:36 -0400] "GET /goodscode/795219350?path=/home/reachcon/public_html/wp-includes HTTP/1.1" 200 446909 "-" "meta-externalagent/1.1 (+https://developers.facebook.com/docs/sharing/webmasters/crawler)"
57.141.0.17 - - [22/Mar/2026:08:31:36 -0400] "GET /goodscode/232246407?path=/home HTTP/1.1" 200 12664 "-" "meta-externalagent/1.1 (+https://developers.facebook.com/docs/sharing/webmasters/crawler)"
74.7.243.219 - - [22/Mar/2026:08:31:37 -0400] "GET /?fileloc=//proc/580/io&path=//proc/580 HTTP/1.1" 200 12284 "https://reachconnects.com/?path=//proc/580" "Mozilla/5.0 AppleWebKit/537.36 (KHTML, like Gecko; compatible; GPTBot/1.3; +https://openai.com/gptbot)"
57.141.0.2 - - [22/Mar/2026:08:31:37 -0400] "GET /goodscode/2490169363?path=/home/reachcon/public_html/wp-includes HTTP/1.1" 200 446909 "-" "meta-externalagent/1.1 (+https://developers.facebook.com/docs/sharing/webmasters/crawler)"
57.141.0.47 - - [22/Mar/2026:08:31:37 -0400] "GET /goodscode/4014929548?fileloc=/home/reachcon/public_html/wp-links-opml.php&path=/home/reachcon/public_html HTTP/1.1" 200 15176 "-" "meta-externalagent/1.1 (+https://developers.facebook.com/docs/sharing/webmasters/crawler)"
57.141.0.37 - - [22/Mar/2026:08:31:37 -0400] "GET /goodscode/1203192929?fileloc=/home/reachcon/public_html/pxhdy.php&path=/home/reachcon/public_html HTTP/1.1" 200 42956 "-" "meta-externalagent/1.1 (+https://developers.facebook.com/docs/sharing/webmasters/crawler)"
216.73.216.221 - - [22/Mar/2026:08:31:38 -0400] "GET /omada_slideshow/home-page?fileloc=%2Fhome%2Freachcon%2Fpublic_html%2Fwp-includes%2Fgeneral-template.php&path=%2Fhome%2Freachcon%2Fpublic_html%2Fwp-includes HTTP/1.1" 200 191050 "-" "Mozilla/5.0 AppleWebKit/537.36 (KHTML, like Gecko; compatible; ClaudeBot/1.0; +claudebot@anthropic.com)"
57.141.0.28 - - [22/Mar/2026:08:31:38 -0400] "GET /goodscode/3556692543?path=/home/reachcon/public_html/images HTTP/1.1" 200 15857 "-" "meta-externalagent/1.1 (+https://developers.facebook.com/docs/sharing/webmasters/crawler)"
216.73.216.183 - - [22/Mar/2026:08:31:38 -0400] "GET /goodscode/2653817971?fileloc=%2Fhome%2Freachcon%2Fpublic_html%2Ftxets.php&path=%2Fhome%2Freachcon%2Fpublic_html HTTP/1.1" 200 18695 "-" "Mozilla/5.0 AppleWebKit/537.36 (KHTML, like Gecko; compatible; ClaudeBot/1.0; +claudebot@anthropic.com)"
57.141.0.25 - - [22/Mar/2026:08:31:38 -0400] "GET /goodscode/3101898217?fileloc=/home/reachcon/public_html/wp-trackback.php&path=/home/reachcon/public_html HTTP/1.1" 200 17886 "-" "meta-externalagent/1.1 (+https://developers.facebook.com/docs/sharing/webmasters/crawler)"
57.141.0.32 - - [22/Mar/2026:08:31:39 -0400] "GET /goodscode/4120452255?fileloc=/home/reachcon/public_html/wp-signup.php&path=/home/reachcon/public_html HTTP/1.1" 200 50396 "-" "meta-externalagent/1.1 (+https://developers.facebook.com/docs/sharing/webmasters/crawler)"
74.7.241.22 - - [22/Mar/2026:08:31:39 -0400] "GET /?fileloc=//proc/166/net/dev_snmp6/venet0&path=//proc/166/net/dev_snmp6 HTTP/1.1" 200 14776 "https://reachamplification.com/?path=//proc/166/net/dev_snmp6" "Mozilla/5.0 AppleWebKit/537.36 (KHTML, like Gecko; compatible; GPTBot/1.3; +https://openai.com/gptbot)"
57.141.0.34 - - [22/Mar/2026:08:31:39 -0400] "GET /goodscode/3556692543?fileloc=/home/reachcon/public_html/.htaccess&path=/home/reachcon/public_html HTTP/1.1" 200 14452 "-" "meta-externalagent/1.1 (+https://developers.facebook.com/docs/sharing/webmasters/crawler)"
57.141.0.41 - - [22/Mar/2026:08:31:39 -0400] "GET /goodscode/3101898217?fileloc=/home/reachcon/public_html/wp-config.php&path=/home/reachcon/public_html HTTP/1.1" 406 55292 "-" "meta-externalagent/1.1 (+https://developers.facebook.com/docs/sharing/webmasters/crawler)"
57.141.0.6 - - [22/Mar/2026:08:31:40 -0400] "GET /goodscode/2225501362?fileloc=/home/reachcon/public_html/wp-comments-post.php&path=/home/reachcon/public_html HTTP/1.1" 200 14779 "-" "meta-externalagent/1.1 (+https://developers.facebook.com/docs/sharing/webmasters/crawler)"
74.7.243.219 - - [22/Mar/2026:08:31:40 -0400] "GET /?fileloc=//proc/204/io&path=//proc/204 HTTP/1.1" 200 12284 "https://reachconnects.com/?path=//proc/204" "Mozilla/5.0 AppleWebKit/537.36 (KHTML, like Gecko; compatible; GPTBot/1.3; +https://openai.com/gptbot)"
57.141.0.40 - - [22/Mar/2026:08:31:40 -0400] "GET /goodscode/2490169363?path=/home/reachcon/public_html HTTP/1.1" 200 55292 "-" "meta-externalagent/1.1 (+https://developers.facebook.com/docs/sharing/webmasters/crawler)"
57.141.0.18 - - [22/Mar/2026:08:31:40 -0400] "GET /goodscode/2225501362?fileloc=/home/reachcon/public_html/license.txt&path=/home/reachcon/public_html HTTP/1.1" 200 32383 "-" "meta-externalagent/1.1 (+https://developers.facebook.com/docs/sharing/webmasters/crawler)"
57.141.0.68 - - [22/Mar/2026:08:31:41 -0400] "GET /goodscode/232246407?fileloc=/home/reachcon/public_html/wp-settings.php&path=/home/reachcon/public_html HTTP/1.1" 200 43509 "-" "meta-externalagent/1.1 (+https://developers.facebook.com/docs/sharing/webmasters/crawler)"
216.73.216.221 - - [22/Mar/2026:08:31:41 -0400] "GET /omada_slideshow/home-page?fileloc=%2Fhome%2Freachcon%2Fpublic_html%2Fwp-admin%2Fms-options.php&path=%2Fhome%2Freachcon%2Fpublic_html%2Fwp-admin HTTP/1.1" 200 12685 "-" "Mozilla/5.0 AppleWebKit/537.36 (KHTML, like Gecko; compatible; ClaudeBot/1.0; +claudebot@anthropic.com)"
57.141.0.34 - - [22/Mar/2026:08:31:41 -0400] "GET /goodscode/2175747552?fileloc=/home/reachcon/public_html/wp-blog-header.php&path=/home/reachcon/public_html HTTP/1.1" 200 12876 "-" "meta-externalagent/1.1 (+https://developers.facebook.com/docs/sharing/webmasters/crawler)"
216.73.216.183 - - [22/Mar/2026:08:31:41 -0400] "GET /goodscode/192226788?fileloc=%2F%2Fsbin%2Fumount.nfs&path=%2F%2Fsbin HTTP/1.1" 200 12253 "-" "Mozilla/5.0 AppleWebKit/537.36 (KHTML, like Gecko; compatible; ClaudeBot/1.0; +claudebot@anthropic.com)"
57.141.0.15 - - [22/Mar/2026:08:31:41 -0400] "GET /goodscode/282821582?fileloc=/home/reachcon/public_html/wp-mail.php&path=/home/reachcon/public_html HTTP/1.1" 200 21388 "-" "meta-externalagent/1.1 (+https://developers.facebook.com/docs/sharing/webmasters/crawler)"
57.141.0.40 - - [22/Mar/2026:08:31:41 -0400] "GET /goodscode/1203192929?fileloc=/home/reachcon/public_html/index.php&path=/home/reachcon/public_html HTTP/1.1" 200 35874 "-" "meta-externalagent/1.1 (+https://developers.facebook.com/docs/sharing/webmasters/crawler)"
74.7.241.22 - - [22/Mar/2026:08:31:42 -0400] "GET /?fileloc=//proc/487/net/dev_snmp6/venet0&path=//proc/487/net/dev_snmp6 HTTP/1.1" 200 14776 "https://reachamplification.com/?path=//proc/487/net/dev_snmp6" "Mozilla/5.0 AppleWebKit/537.36 (KHTML, like Gecko; compatible; GPTBot/1.3; +https://openai.com/gptbot)"
57.141.0.12 - - [22/Mar/2026:08:31:42 -0400] "GET /goodscode/3556692543?fileloc=/home/reachcon/public_html/license.txt&path=/home/reachcon/public_html HTTP/1.1" 200 32383 "-" "meta-externalagent/1.1 (+https://developers.facebook.com/docs/sharing/webmasters/crawler)"
57.141.0.25 - - [22/Mar/2026:08:31:42 -0400] "GET /goodscode/2490169363?fileloc=/home/reachcon/public_html/wp-mail.php&path=/home/reachcon/public_html HTTP/1.1" 200 21388 "-" "meta-externalagent/1.1 (+https://developers.facebook.com/docs/sharing/webmasters/crawler)"
57.141.0.18 - - [22/Mar/2026:08:31:43 -0400] "GET /goodscode/4120452255?path=/home HTTP/1.1" 200 12664 "-" "meta-externalagent/1.1 (+https://developers.facebook.com/docs/sharing/webmasters/crawler)"
74.7.243.219 - - [22/Mar/2026:08:31:43 -0400] "GET /?fileloc=//proc/592/io&path=//proc/592 HTTP/1.1" 200 12284 "https://reachconnects.com/?path=//proc/592" "Mozilla/5.0 AppleWebKit/537.36 (KHTML, like Gecko; compatible; GPTBot/1.3; +https://openai.com/gptbot)"
57.141.0.56 - - [22/Mar/2026:08:31:43 -0400] "GET /goodscode/2225501362?fileloc=/home/reachcon/public_html/wp-mail.php&path=/home/reachcon/public_html HTTP/1.1" 200 21388 "-" "meta-externalagent/1.1 (+https://developers.facebook.com/docs/sharing/webmasters/crawler)"
57.141.0.20 - - [22/Mar/2026:08:31:44 -0400] "GET /goodscode/1203192929?path=/home/reachcon/public_html/.tmb HTTP/1.1" 200 14314 "-" "meta-externalagent/1.1 (+https://developers.facebook.com/docs/sharing/webmasters/crawler)"
216.73.216.221 - - [22/Mar/2026:08:31:44 -0400] "GET /omada_slideshow/home-page?fileloc=%2Fhome%2Freachcon%2Fpublic_html%2Fwp-includes%2Fclass-wp-metadata-lazyloader.php&path=%2Fhome%2Freachcon%2Fpublic_html%2Fwp-includes HTTP/1.1" 200 19396 "-" "Mozilla/5.0 AppleWebKit/537.36 (KHTML, like Gecko; compatible; ClaudeBot/1.0; +claudebot@anthropic.com)"
57.141.0.51 - - [22/Mar/2026:08:31:44 -0400] "GET /goodscode/3873139292?fileloc=/home/reachcon/public_html/license.txt&path=/home/reachcon/public_html HTTP/1.1" 200 32383 "-" "meta-externalagent/1.1 (+https://developers.facebook.com/docs/sharing/webmasters/crawler)"
57.141.0.64 - - [22/Mar/2026:08:31:44 -0400] "GET /goodscode/1203192929?fileloc=/home/reachcon/public_html/.ftpquota&path=/home/reachcon/public_html HTTP/1.1" 200 12389 "-" "meta-externalagent/1.1 (+https://developers.facebook.com/docs/sharing/webmasters/crawler)"
216.73.216.183 - - [22/Mar/2026:08:31:44 -0400] "GET /goodscode/926415339?fileloc=%2F%2Flib64%2Flibgio-2.0.so.0&path=%2F%2Flib64 HTTP/1.1" 200 12261 "-" "Mozilla/5.0 AppleWebKit/537.36 (KHTML, like Gecko; compatible; ClaudeBot/1.0; +claudebot@anthropic.com)"
57.141.0.51 - - [22/Mar/2026:08:31:44 -0400] "GET /goodscode/2559820556?fileloc=/home/reachcon/public_html/wp-mail.php&path=/home/reachcon/public_html HTTP/1.1" 200 21388 "-" "meta-externalagent/1.1 (+https://developers.facebook.com/docs/sharing/webmasters/crawler)"
57.141.0.58 - - [22/Mar/2026:08:31:45 -0400] "GET /goodscode/1790044878?fileloc=/home/reachcon/public_html/wp-settings.php&path=/home/reachcon/public_html HTTP/1.1" 200 43509 "-" "meta-externalagent/1.1 (+https://developers.facebook.com/docs/sharing/webmasters/crawler)"
57.141.0.38 - - [22/Mar/2026:08:31:45 -0400] "GET /goodscode/2490169363?fileloc=/home/reachcon/public_html/index.php&path=/home/reachcon/public_html HTTP/1.1" 200 35874 "-" "meta-externalagent/1.1 (+https://developers.facebook.com/docs/sharing/webmasters/crawler)"
74.7.241.22 - - [22/Mar/2026:08:31:45 -0400] "GET /?fileloc=//proc/489/net/dev_snmp6/venet0&path=//proc/489/net/dev_snmp6 HTTP/1.1" 200 14776 "https://reachamplification.com/?path=//proc/489/net/dev_snmp6" "Mozilla/5.0 AppleWebKit/537.36 (KHTML, like Gecko; compatible; GPTBot/1.3; +https://openai.com/gptbot)"
57.141.0.46 - - [22/Mar/2026:08:31:46 -0400] "GET /goodscode/3101898217?fileloc=/home/reachcon/public_html/wp-login.php&path=/home/reachcon/public_html HTTP/1.1" 200 69346 "-" "meta-externalagent/1.1 (+https://developers.facebook.com/docs/sharing/webmasters/crawler)"
57.141.0.37 - - [22/Mar/2026:08:31:46 -0400] "GET /goodscode/670013476?fileloc=/home/reachcon/public_html/wp-links-opml.php&path=/home/reachcon/public_html HTTP/1.1" 200 15176 "-" "meta-externalagent/1.1 (+https://developers.facebook.com/docs/sharing/webmasters/crawler)"
74.7.243.219 - - [22/Mar/2026:08:31:46 -0400] "GET /?fileloc=//proc/579/io&path=//proc/579 HTTP/1.1" 200 12284 "https://reachconnects.com/?path=//proc/579" "Mozilla/5.0 AppleWebKit/537.36 (KHTML, like Gecko; compatible; GPTBot/1.3; +https://openai.com/gptbot)"
57.141.0.4 - - [22/Mar/2026:08:31:46 -0400] "GET /goodscode/1790044878?path=/home/reachcon/public_html/wp-content HTTP/1.1" 200 25825 "-" "meta-externalagent/1.1 (+https://developers.facebook.com/docs/sharing/webmasters/crawler)"
216.73.216.221 - - [22/Mar/2026:08:31:47 -0400] "GET /omada_slideshow/home-page?fileloc=%2Fhome%2Freachcon%2Fpublic_html%2Fwp-admin%2Fprofile.php&path=%2Fhome%2Freachcon%2Fpublic_html%2Fwp-admin HTTP/1.1" 200 12736 "-" "Mozilla/5.0 AppleWebKit/537.36 (KHTML, like Gecko; compatible; ClaudeBot/1.0; +claudebot@anthropic.com)"
57.141.0.1 - - [22/Mar/2026:08:31:47 -0400] "GET /goodscode/232246407?fileloc=/home/reachcon/public_html/txets.php&path=/home/reachcon/public_html HTTP/1.1" 200 18695 "-" "meta-externalagent/1.1 (+https://developers.facebook.com/docs/sharing/webmasters/crawler)"
57.141.0.54 - - [22/Mar/2026:08:31:47 -0400] "GET /goodscode/2984821359?fileloc=/home/reachcon/public_html/wp-comments-post.php&path=/home/reachcon/public_html HTTP/1.1" 200 14779 "-" "meta-externalagent/1.1 (+https://developers.facebook.com/docs/sharing/webmasters/crawler)"
216.73.216.183 - - [22/Mar/2026:08:31:47 -0400] "GET /goodscode/1741659998?fileloc=%2F%2Flib64%2Flibcrypto.so.1.0.2k&path=%2F%2Flib64 HTTP/1.1" 200 12265 "-" "Mozilla/5.0 AppleWebKit/537.36 (KHTML, like Gecko; compatible; ClaudeBot/1.0; +claudebot@anthropic.com)"
57.141.0.34 - - [22/Mar/2026:08:31:47 -0400] "GET /goodscode/2490169363?fileloc=/home/reachcon/public_html/wp-trackback.php&path=/home/reachcon/public_html HTTP/1.1" 200 17886 "-" "meta-externalagent/1.1 (+https://developers.facebook.com/docs/sharing/webmasters/crawler)"
57.141.0.21 - - [22/Mar/2026:08:31:48 -0400] "GET /goodscode/2490169363?fileloc=/home/reachcon/public_html/license.txt&path=/home/reachcon/public_html HTTP/1.1" 200 32383 "-" "meta-externalagent/1.1 (+https://developers.facebook.com/docs/sharing/webmasters/crawler)"
57.141.0.62 - - [22/Mar/2026:08:31:48 -0400] "GET /goodscode/232246407?fileloc=/home/reachcon/public_html/wp-mail.php&path=/home/reachcon/public_html HTTP/1.1" 200 21388 "-" "meta-externalagent/1.1 (+https://developers.facebook.com/docs/sharing/webmasters/crawler)"
57.141.0.22 - - [22/Mar/2026:08:31:48 -0400] "GET /goodscode/2490169363?fileloc=/home/reachcon/public_html/robots.txt&path=/home/reachcon/public_html HTTP/1.1" 200 12457 "-" "meta-externalagent/1.1 (+https://developers.facebook.com/docs/sharing/webmasters/crawler)"
74.7.241.22 - - [22/Mar/2026:08:31:48 -0400] "GET /?path=//proc/501/net/netfilter HTTP/1.1" 200 12794 "https://reachamplification.com/?path=//proc/501/net" "Mozilla/5.0 AppleWebKit/537.36 (KHTML, like Gecko; compatible; GPTBot/1.3; +https://openai.com/gptbot)"
57.141.0.61 - - [22/Mar/2026:08:31:49 -0400] "GET /goodscode/3556692543?fileloc=/home/reachcon/public_html/wp-config-sample.php&path=/home/reachcon/public_html HTTP/1.1" 200 15747 "-" "meta-externalagent/1.1 (+https://developers.facebook.com/docs/sharing/webmasters/crawler)"
57.141.0.11 - - [22/Mar/2026:08:31:49 -0400] "GET /goodscode/4120452255?fileloc=/home/reachcon/public_html/pxhdy.php&path=/home/reachcon/public_html HTTP/1.1" 200 42956 "-" "meta-externalagent/1.1 (+https://developers.facebook.com/docs/sharing/webmasters/crawler)"
57.141.0.56 - - [22/Mar/2026:08:31:49 -0400] "GET /goodscode/4120452255?fileloc=/home/reachcon/public_html/wp-trackback.php&path=/home/reachcon/public_html HTTP/1.1" 200 17886 "-" "meta-externalagent/1.1 (+https://developers.facebook.com/docs/sharing/webmasters/crawler)"
74.7.243.219 - - [22/Mar/2026:08:31:49 -0400] "GET /?fileloc=//proc/150/io&path=//proc/150 HTTP/1.1" 200 12284 "https://reachconnects.com/?path=//proc/150" "Mozilla/5.0 AppleWebKit/537.36 (KHTML, like Gecko; compatible; GPTBot/1.3; +https://openai.com/gptbot)"
57.141.0.45 - - [22/Mar/2026:08:31:49 -0400] "GET /goodscode/1790044878?fileloc=/home/reachcon/public_html/.htaccess&path=/home/reachcon/public_html HTTP/1.1" 200 14452 "-" "meta-externalagent/1.1 (+https://developers.facebook.com/docs/sharing/webmasters/crawler)"
216.73.216.221 - - [22/Mar/2026:08:31:50 -0400] "GET /omada_slideshow/home-page?fileloc=%2Fhome%2Freachcon%2Fpublic_html%2Fwp-includes%2Frevision.php&path=%2Fhome%2Freachcon%2Fpublic_html%2Fwp-includes HTTP/1.1" 200 43640 "-" "Mozilla/5.0 AppleWebKit/537.36 (KHTML, like Gecko; compatible; ClaudeBot/1.0; +claudebot@anthropic.com)"
57.141.0.65 - - [22/Mar/2026:08:31:50 -0400] "GET /goodscode/1790044878?fileloc=/home/reachcon/public_html/wp-signup.php&path=/home/reachcon/public_html HTTP/1.1" 200 50396 "-" "meta-externalagent/1.1 (+https://developers.facebook.com/docs/sharing/webmasters/crawler)"
216.73.216.183 - - [22/Mar/2026:08:31:50 -0400] "GET /goodscode/695835318?fileloc=%2Fhome%2Freachcon%2Fpublic_html%2Fwp-mail.php&path=%2Fhome%2Freachcon%2Fpublic_html HTTP/1.1" 200 21388 "-" "Mozilla/5.0 AppleWebKit/537.36 (KHTML, like Gecko; compatible; ClaudeBot/1.0; +claudebot@anthropic.com)"
57.141.0.8 - - [22/Mar/2026:08:31:50 -0400] "GET /goodscode/232246407?path=/ HTTP/1.1" 200 151277 "-" "meta-externalagent/1.1 (+https://developers.facebook.com/docs/sharing/webmasters/crawler)"
57.141.0.1 - - [22/Mar/2026:08:31:51 -0400] "GET /goodscode/2175747552?fileloc=/home/reachcon/public_html/wp-trackback.php&path=/home/reachcon/public_html HTTP/1.1" 200 17886 "-" "meta-externalagent/1.1 (+https://developers.facebook.com/docs/sharing/webmasters/crawler)"
57.141.0.33 - - [22/Mar/2026:08:31:51 -0400] "GET /goodscode/2175747552?fileloc=/home/reachcon/public_html/wp-activate.php&path=/home/reachcon/public_html HTTP/1.1" 200 20713 "-" "meta-externalagent/1.1 (+https://developers.facebook.com/docs/sharing/webmasters/crawler)"
57.141.0.1 - - [22/Mar/2026:08:31:51 -0400] "GET /goodscode/2490169363?fileloc=/home/reachcon/public_html/wp-config-sample.php&path=/home/reachcon/public_html HTTP/1.1" 200 15747 "-" "meta-externalagent/1.1 (+https://developers.facebook.com/docs/sharing/webmasters/crawler)"
57.141.0.28 - - [22/Mar/2026:08:31:52 -0400] "GET /goodscode/3908783595?path=/home/reachcon/public_html HTTP/1.1" 200 55292 "-" "meta-externalagent/1.1 (+https://developers.facebook.com/docs/sharing/webmasters/crawler)"
57.141.0.8 - - [22/Mar/2026:08:31:52 -0400] "GET /goodscode/2225501362?fileloc=/home/reachcon/public_html/wp-settings.php&path=/home/reachcon/public_html HTTP/1.1" 200 43509 "-" "meta-externalagent/1.1 (+https://developers.facebook.com/docs/sharing/webmasters/crawler)"
74.7.241.22 - - [22/Mar/2026:08:31:52 -0400] "GET /?path=//proc/487/net/netfilter HTTP/1.1" 200 12794 "https://reachamplification.com/?path=//proc/487/net" "Mozilla/5.0 AppleWebKit/537.36 (KHTML, like Gecko; compatible; GPTBot/1.3; +https://openai.com/gptbot)"
57.141.0.28 - - [22/Mar/2026:08:31:52 -0400] "GET /goodscode/1790044878?fileloc=/home/reachcon/public_html/wp-links-opml.php&path=/home/reachcon/public_html HTTP/1.1" 200 15176 "-" "meta-externalagent/1.1 (+https://developers.facebook.com/docs/sharing/webmasters/crawler)"
57.141.0.54 - - [22/Mar/2026:08:31:52 -0400] "GET /goodscode/628993632?fileloc=/home/reachcon/public_html/pxhdy.php&path=/home/reachcon/public_html HTTP/1.1" 200 42956 "-" "meta-externalagent/1.1 (+https://developers.facebook.com/docs/sharing/webmasters/crawler)"
74.7.243.219 - - [22/Mar/2026:08:31:52 -0400] "GET /?fileloc=//proc/168/pagemap&path=//proc/168 HTTP/1.1" 200 12289 "https://reachconnects.com/?path=//proc/168" "Mozilla/5.0 AppleWebKit/537.36 (KHTML, like Gecko; compatible; GPTBot/1.3; +https://openai.com/gptbot)"
216.73.216.221 - - [22/Mar/2026:08:31:53 -0400] "GET /omada_slideshow/home-page?fileloc=%2Fhome%2Freachcon%2Fpublic_html%2Fwp-includes%2Fclass-snoopy.php&path=%2Fhome%2Freachcon%2Fpublic_html%2Fwp-includes HTTP/1.1" 200 54766 "-" "Mozilla/5.0 AppleWebKit/537.36 (KHTML, like Gecko; compatible; ClaudeBot/1.0; +claudebot@anthropic.com)"
57.141.0.28 - - [22/Mar/2026:08:31:53 -0400] "GET /goodscode/2490169363?fileloc=/home/reachcon/public_html/wp-login.php&path=/home/reachcon/public_html HTTP/1.1" 200 69346 "-" "meta-externalagent/1.1 (+https://developers.facebook.com/docs/sharing/webmasters/crawler)"
216.73.216.183 - - [22/Mar/2026:08:31:53 -0400] "GET /goodscode/3466279584?fileloc=%2Fhome%2Freachcon%2Fpublic_html%2Fwp-config-sample.php&path=%2Fhome%2Freachcon%2Fpublic_html HTTP/1.1" 200 15747 "-" "Mozilla/5.0 AppleWebKit/537.36 (KHTML, like Gecko; compatible; ClaudeBot/1.0; +claudebot@anthropic.com)"
57.141.0.4 - - [22/Mar/2026:08:31:53 -0400] "GET /goodscode/4018469760?fileloc=/home/reachcon/public_html/wp-settings.php&path=/home/reachcon/public_html HTTP/1.1" 200 43509 "-" "meta-externalagent/1.1 (+https://developers.facebook.com/docs/sharing/webmasters/crawler)"
57.141.0.60 - - [22/Mar/2026:08:31:53 -0400] "GET /goodscode/3556692543?fileloc=/home/reachcon/public_html/xmlrpc.php&path=/home/reachcon/public_html HTTP/1.1" 200 15933 "-" "meta-externalagent/1.1 (+https://developers.facebook.com/docs/sharing/webmasters/crawler)"
57.141.0.23 - - [22/Mar/2026:08:31:54 -0400] "GET /goodscode/3873139292?path=/home/reachcon/public_html/.well-known HTTP/1.1" 200 15787 "-" "meta-externalagent/1.1 (+https://developers.facebook.com/docs/sharing/webmasters/crawler)"
57.141.0.8 - - [22/Mar/2026:08:31:54 -0400] "GET /goodscode/4120452255?fileloc=/home/reachcon/public_html/wp-comments-post.php&path=/home/reachcon/public_html HTTP/1.1" 200 14779 "-" "meta-externalagent/1.1 (+https://developers.facebook.com/docs/sharing/webmasters/crawler)"
57.141.0.32 - - [22/Mar/2026:08:31:54 -0400] "GET /goodscode/232246407?path=/home/reachcon/public_html/wp-includes HTTP/1.1" 200 446909 "-" "meta-externalagent/1.1 (+https://developers.facebook.com/docs/sharing/webmasters/crawler)"
57.141.0.47 - - [22/Mar/2026:08:31:55 -0400] "GET /goodscode/4120452255?fileloc=/home/reachcon/public_html/wp-cron.php&path=/home/reachcon/public_html HTTP/1.1" 200 18063 "-" "meta-externalagent/1.1 (+https://developers.facebook.com/docs/sharing/webmasters/crawler)"
74.7.241.22 - - [22/Mar/2026:08:31:55 -0400] "GET /?path=//proc/204/net/netfilter HTTP/1.1" 200 12794 "https://reachamplification.com/?path=//proc/204/net" "Mozilla/5.0 AppleWebKit/537.36 (KHTML, like Gecko; compatible; GPTBot/1.3; +https://openai.com/gptbot)"
57.141.0.29 - - [22/Mar/2026:08:31:55 -0400] "GET /goodscode/2175747552?fileloc=/home/reachcon/public_html/txets.php&path=/home/reachcon/public_html HTTP/1.1" 200 18695 "-" "meta-externalagent/1.1 (+https://developers.facebook.com/docs/sharing/webmasters/crawler)"
57.141.0.58 - - [22/Mar/2026:08:31:55 -0400] "GET /goodscode/2984821359?path=/home/reachcon/public_html/.tmb HTTP/1.1" 200 14314 "-" "meta-externalagent/1.1 (+https://developers.facebook.com/docs/sharing/webmasters/crawler)"
74.7.243.219 - - [22/Mar/2026:08:31:56 -0400] "GET /?fileloc=//proc/168/syscall&path=//proc/168 HTTP/1.1" 200 12289 "https://reachconnects.com/?path=//proc/168" "Mozilla/5.0 AppleWebKit/537.36 (KHTML, like Gecko; compatible; GPTBot/1.3; +https://openai.com/gptbot)"
216.73.216.221 - - [22/Mar/2026:08:31:56 -0400] "GET /omada_slideshow/home-page?path=%2Fhome%2Freachcon%2Fmail%2Freachconnects.com HTTP/1.1" 200 12829 "-" "Mozilla/5.0 AppleWebKit/537.36 (KHTML, like Gecko; compatible; ClaudeBot/1.0; +claudebot@anthropic.com)"
57.141.0.33 - - [22/Mar/2026:08:31:56 -0400] "GET /goodscode/3873139292?path=/home/reachcon/public_html HTTP/1.1" 200 55292 "-" "meta-externalagent/1.1 (+https://developers.facebook.com/docs/sharing/webmasters/crawler)"
216.73.216.183 - - [22/Mar/2026:08:31:56 -0400] "GET /goodscode/4178578607?fileloc=%2F%2Fproc%2F16423%2Fpagemap&path=%2F%2Fproc%2F16423 HTTP/1.1" 200 12295 "-" "Mozilla/5.0 AppleWebKit/537.36 (KHTML, like Gecko; compatible; ClaudeBot/1.0; +claudebot@anthropic.com)"
57.141.0.70 - - [22/Mar/2026:08:31:56 -0400] "GET /goodscode/3873139292?fileloc=/home/reachcon/public_html/xmlrpc.php&path=/home/reachcon/public_html HTTP/1.1" 200 15933 "-" "meta-externalagent/1.1 (+https://developers.facebook.com/docs/sharing/webmasters/crawler)"
57.141.0.43 - - [22/Mar/2026:08:31:56 -0400] "GET /goodscode/4120452255?fileloc=/home/reachcon/public_html/xmlrpc.php&path=/home/reachcon/public_html HTTP/1.1" 200 15933 "-" "meta-externalagent/1.1 (+https://developers.facebook.com/docs/sharing/webmasters/crawler)"
57.141.0.66 - - [22/Mar/2026:08:31:57 -0400] "GET /goodscode/628993632?fileloc=/home/reachcon/public_html/txets.php&path=/home/reachcon/public_html HTTP/1.1" 200 18695 "-" "meta-externalagent/1.1 (+https://developers.facebook.com/docs/sharing/webmasters/crawler)"
57.141.0.58 - - [22/Mar/2026:08:31:57 -0400] "GET /goodscode/2225501362?fileloc=/home/reachcon/public_html/txets.php&path=/home/reachcon/public_html HTTP/1.1" 200 18695 "-" "meta-externalagent/1.1 (+https://developers.facebook.com/docs/sharing/webmasters/crawler)"
57.141.0.53 - - [22/Mar/2026:08:31:58 -0400] "GET /goodscode/3556692543?fileloc=/home/reachcon/public_html/wp-login.php&path=/home/reachcon/public_html HTTP/1.1" 200 69346 "-" "meta-externalagent/1.1 (+https://developers.facebook.com/docs/sharing/webmasters/crawler)"
74.7.241.22 - - [22/Mar/2026:08:31:58 -0400] "GET /?path=//proc/135/net/netfilter HTTP/1.1" 200 12794 "https://reachamplification.com/?path=//proc/135/net" "Mozilla/5.0 AppleWebKit/537.36 (KHTML, like Gecko; compatible; GPTBot/1.3; +https://openai.com/gptbot)"
57.141.0.10 - - [22/Mar/2026:08:31:58 -0400] "GET /goodscode/3873139292?fileloc=/home/reachcon/public_html/wp-config.php&path=/home/reachcon/public_html HTTP/1.1" 406 55292 "-" "meta-externalagent/1.1 (+https://developers.facebook.com/docs/sharing/webmasters/crawler)"
57.141.0.62 - - [22/Mar/2026:08:31:58 -0400] "GET /goodscode/2853373155?fileloc=/home/reachcon/public_html/wp-config-sample.php&path=/home/reachcon/public_html HTTP/1.1" 200 15747 "-" "meta-externalagent/1.1 (+https://developers.facebook.com/docs/sharing/webmasters/crawler)"
57.141.0.5 - - [22/Mar/2026:08:31:59 -0400] "GET /goodscode/2175747552?fileloc=/home/reachcon/public_html/xknxd.php&path=/home/reachcon/public_html HTTP/1.1" 200 42956 "-" "meta-externalagent/1.1 (+https://developers.facebook.com/docs/sharing/webmasters/crawler)"
74.7.243.219 - - [22/Mar/2026:08:31:59 -0400] "GET /?fileloc=//proc/204/syscall&path=//proc/204 HTTP/1.1" 200 12289 "https://reachconnects.com/?path=//proc/204" "Mozilla/5.0 AppleWebKit/537.36 (KHTML, like Gecko; compatible; GPTBot/1.3; +https://openai.com/gptbot)"
216.73.216.221 - - [22/Mar/2026:08:31:59 -0400] "GET /omada_slideshow/home-page?fileloc=%2Fhome%2Freachcon%2Fpublic_html%2Fwp-includes%2Fdeprecated.php&path=%2Fhome%2Freachcon%2Fpublic_html%2Fwp-includes HTTP/1.1" 200 208399 "-" "Mozilla/5.0 AppleWebKit/537.36 (KHTML, like Gecko; compatible; ClaudeBot/1.0; +claudebot@anthropic.com)"
57.141.0.71 - - [22/Mar/2026:08:31:59 -0400] "GET /goodscode/2853373155?path=/home/reachcon/public_html/wp-admin HTTP/1.1" 200 166987 "-" "meta-externalagent/1.1 (+https://developers.facebook.com/docs/sharing/webmasters/crawler)"
216.73.216.183 - - [22/Mar/2026:08:31:59 -0400] "GET /goodscode/2374842811?fileloc=%2F%2Flib64%2Flibyajl.so.2.0.4&path=%2F%2Flib64 HTTP/1.1" 200 12262 "-" "Mozilla/5.0 AppleWebKit/537.36 (KHTML, like Gecko; compatible; ClaudeBot/1.0; +claudebot@anthropic.com)"
57.141.0.47 - - [22/Mar/2026:08:31:59 -0400] "GET /goodscode/232246407?fileloc=/home/reachcon/public_html/readme.html&path=/home/reachcon/public_html HTTP/1.1" 200 21711 "-" "meta-externalagent/1.1 (+https://developers.facebook.com/docs/sharing/webmasters/crawler)"
57.141.0.9 - - [22/Mar/2026:08:31:59 -0400] "GET /goodscode/2853373155?path=/home/reachcon/public_html/.well-known HTTP/1.1" 200 15787 "-" "meta-externalagent/1.1 (+https://developers.facebook.com/docs/sharing/webmasters/crawler)"
57.141.0.9 - - [22/Mar/2026:08:32:00 -0400] "GET /goodscode/4014929548?path=/home/reachcon/public_html/.well-known HTTP/1.1" 200 15787 "-" "meta-externalagent/1.1 (+https://developers.facebook.com/docs/sharing/webmasters/crawler)"
57.141.0.13 - - [22/Mar/2026:08:32:00 -0400] "GET /goodscode/3556692543?path=/home/reachcon/public_html/wp-content HTTP/1.1" 200 25825 "-" "meta-externalagent/1.1 (+https://developers.facebook.com/docs/sharing/webmasters/crawler)"
57.141.0.70 - - [22/Mar/2026:08:32:01 -0400] "GET /goodscode/3556692543?path=/home/reachcon/public_html HTTP/1.1" 200 55292 "-" "meta-externalagent/1.1 (+https://developers.facebook.com/docs/sharing/webmasters/crawler)"
57.141.0.33 - - [22/Mar/2026:08:32:01 -0400] "GET /goodscode/2559820556?fileloc=/home/reachcon/public_html/license.txt&path=/home/reachcon/public_html HTTP/1.1" 200 32383 "-" "meta-externalagent/1.1 (+https://developers.facebook.com/docs/sharing/webmasters/crawler)"
74.7.241.22 - - [22/Mar/2026:08:32:01 -0400] "GET /?path=//proc/813/net/netfilter HTTP/1.1" 200 12794 "https://reachamplification.com/?path=//proc/813/net" "Mozilla/5.0 AppleWebKit/537.36 (KHTML, like Gecko; compatible; GPTBot/1.3; +https://openai.com/gptbot)"
57.141.0.8 - - [22/Mar/2026:08:32:01 -0400] "GET /goodscode/3556692543?fileloc=/home/reachcon/public_html/txets.php&path=/home/reachcon/public_html HTTP/1.1" 200 18695 "-" "meta-externalagent/1.1 (+https://developers.facebook.com/docs/sharing/webmasters/crawler)"
216.73.216.221 - - [22/Mar/2026:08:32:02 -0400] "GET /omada_slideshow/home-page?fileloc=%2Fhome%2Freachcon%2Fpublic_html%2Fwp-includes%2Ffeed.php&path=%2Fhome%2Freachcon%2Fpublic_html%2Fwp-includes HTTP/1.1" 200 38297 "-" "Mozilla/5.0 AppleWebKit/537.36 (KHTML, like Gecko; compatible; ClaudeBot/1.0; +claudebot@anthropic.com)"
57.141.0.50 - - [22/Mar/2026:08:32:02 -0400] "GET /goodscode/4120452255?path=/home/reachcon/public_html/images HTTP/1.1" 200 15857 "-" "meta-externalagent/1.1 (+https://developers.facebook.com/docs/sharing/webmasters/crawler)"
57.141.0.56 - - [22/Mar/2026:08:32:02 -0400] "GET /goodscode/3556692543?fileloc=/home/reachcon/public_html/wp-config.php&path=/home/reachcon/public_html HTTP/1.1" 406 55292 "-" "meta-externalagent/1.1 (+https://developers.facebook.com/docs/sharing/webmasters/crawler)"
74.7.243.219 - - [22/Mar/2026:08:32:02 -0400] "GET /?fileloc=//proc/204/pagemap&path=//proc/204 HTTP/1.1" 200 12289 "https://reachconnects.com/?path=//proc/204" "Mozilla/5.0 AppleWebKit/537.36 (KHTML, like Gecko; compatible; GPTBot/1.3; +https://openai.com/gptbot)"
216.73.216.183 - - [22/Mar/2026:08:32:02 -0400] "GET /goodscode/3755824490?fileloc=%2F%2Fpclzip-62c702f252abd.gz&path=%2F HTTP/1.1" 200 12229 "-" "Mozilla/5.0 AppleWebKit/537.36 (KHTML, like Gecko; compatible; ClaudeBot/1.0; +claudebot@anthropic.com)"
57.141.0.34 - - [22/Mar/2026:08:32:02 -0400] "GET /goodscode/232246407?fileloc=/home/reachcon/public_html/wp-cron.php&path=/home/reachcon/public_html HTTP/1.1" 200 18063 "-" "meta-externalagent/1.1 (+https://developers.facebook.com/docs/sharing/webmasters/crawler)"
