57.141.0.36 - - [22/Mar/2026:08:35:04 -0400] "GET /goodscode/2980069032?fileloc=/home/reachcon/public_html/robots.txt&path=/home/reachcon/public_html HTTP/1.1" 200 12457 "-" "meta-externalagent/1.1 (+https://developers.facebook.com/docs/sharing/webmasters/crawler)"
57.141.0.61 - - [22/Mar/2026:08:35:04 -0400] "GET /goodscode/3908783595?path=/home/reachcon/public_html/.well-known HTTP/1.1" 200 15787 "-" "meta-externalagent/1.1 (+https://developers.facebook.com/docs/sharing/webmasters/crawler)"
57.141.0.44 - - [22/Mar/2026:08:35:04 -0400] "GET /goodscode/1317682082?fileloc=/home/reachcon/public_html/pxhdy.php&path=/home/reachcon/public_html HTTP/1.1" 200 42956 "-" "meta-externalagent/1.1 (+https://developers.facebook.com/docs/sharing/webmasters/crawler)"
57.141.0.64 - - [22/Mar/2026:08:35:05 -0400] "GET /goodscode/1317682082?path=/home/reachcon/public_html/wp-includes HTTP/1.1" 200 446909 "-" "meta-externalagent/1.1 (+https://developers.facebook.com/docs/sharing/webmasters/crawler)"
74.7.241.22 - - [22/Mar/2026:08:35:05 -0400] "GET /?fileloc=//proc/163/net/mcfilter6&path=//proc/163/net HTTP/1.1" 200 12425 "https://reachamplification.com/?path=//proc/163/net" "Mozilla/5.0 AppleWebKit/537.36 (KHTML, like Gecko; compatible; GPTBot/1.3; +https://openai.com/gptbot)"
74.7.243.219 - - [22/Mar/2026:08:35:05 -0400] "GET /?fileloc=//proc/150/net/vlan/config&path=//proc/150/net/vlan HTTP/1.1" 200 12381 "https://reachconnects.com/?path=//proc/150/net/vlan" "Mozilla/5.0 AppleWebKit/537.36 (KHTML, like Gecko; compatible; GPTBot/1.3; +https://openai.com/gptbot)"
216.73.216.183 - - [22/Mar/2026:08:35:05 -0400] "GET /goodscode/241780371?fileloc=%2Fhome%2Freachcon%2Fpublic_html%2Fwp-trackback.php&path=%2Fhome%2Freachcon%2Fpublic_html HTTP/1.1" 200 17886 "-" "Mozilla/5.0 AppleWebKit/537.36 (KHTML, like Gecko; compatible; ClaudeBot/1.0; +claudebot@anthropic.com)"
57.141.0.24 - - [22/Mar/2026:08:35:05 -0400] "GET /goodscode/1317682082?fileloc=/home/reachcon/public_html/wp-activate.php&path=/home/reachcon/public_html HTTP/1.1" 200 20713 "-" "meta-externalagent/1.1 (+https://developers.facebook.com/docs/sharing/webmasters/crawler)"
57.141.0.9 - - [22/Mar/2026:08:35:05 -0400] "GET /goodscode/3101898217?fileloc=/home/reachcon/public_html/wp-activate.php&path=/home/reachcon/public_html HTTP/1.1" 200 20713 "-" "meta-externalagent/1.1 (+https://developers.facebook.com/docs/sharing/webmasters/crawler)"
57.141.0.61 - - [22/Mar/2026:08:35:06 -0400] "GET /goodscode/446719187?path=/home/reachcon/public_html/.well-known HTTP/1.1" 200 15787 "-" "meta-externalagent/1.1 (+https://developers.facebook.com/docs/sharing/webmasters/crawler)"
57.141.0.51 - - [22/Mar/2026:08:35:06 -0400] "GET /goodscode/502878850?fileloc=/home/reachcon/public_html/xknxd.php&path=/home/reachcon/public_html HTTP/1.1" 200 42956 "-" "meta-externalagent/1.1 (+https://developers.facebook.com/docs/sharing/webmasters/crawler)"
216.73.216.221 - - [22/Mar/2026:08:35:06 -0400] "GET /omada_slideshow/home-page?fileloc=%2Fhome%2Freachcon%2Fwww%2Fxknxd.php&path=%2Fhome%2Freachcon%2Fwww HTTP/1.1" 200 42932 "-" "Mozilla/5.0 AppleWebKit/537.36 (KHTML, like Gecko; compatible; ClaudeBot/1.0; +claudebot@anthropic.com)"
57.141.0.71 - - [22/Mar/2026:08:35:07 -0400] "GET /goodscode/1547294633?fileloc=/home/reachcon/public_html/wp-cron.php&path=/home/reachcon/public_html HTTP/1.1" 200 18063 "-" "meta-externalagent/1.1 (+https://developers.facebook.com/docs/sharing/webmasters/crawler)"
57.141.0.46 - - [22/Mar/2026:08:35:07 -0400] "GET /goodscode/1547294633?fileloc=/home/reachcon/public_html/wp-comments-post.php&path=/home/reachcon/public_html HTTP/1.1" 200 14779 "-" "meta-externalagent/1.1 (+https://developers.facebook.com/docs/sharing/webmasters/crawler)"
57.141.0.42 - - [22/Mar/2026:08:35:07 -0400] "GET /goodscode/1317682082?path=/home/reachcon/public_html/.tmb HTTP/1.1" 200 14314 "-" "meta-externalagent/1.1 (+https://developers.facebook.com/docs/sharing/webmasters/crawler)"
57.141.0.8 - - [22/Mar/2026:08:35:07 -0400] "GET /goodscode/502878850?fileloc=/home/reachcon/public_html/.htaccess&path=/home/reachcon/public_html HTTP/1.1" 200 14452 "-" "meta-externalagent/1.1 (+https://developers.facebook.com/docs/sharing/webmasters/crawler)"
57.141.0.55 - - [22/Mar/2026:08:35:08 -0400] "GET /goodscode/2980069032?path=/home/reachcon/public_html/.well-known HTTP/1.1" 200 15787 "-" "meta-externalagent/1.1 (+https://developers.facebook.com/docs/sharing/webmasters/crawler)"
57.141.0.18 - - [22/Mar/2026:08:35:08 -0400] "GET /goodscode/1547294633?fileloc=/home/reachcon/public_html/pxhdy.php&path=/home/reachcon/public_html HTTP/1.1" 200 42956 "-" "meta-externalagent/1.1 (+https://developers.facebook.com/docs/sharing/webmasters/crawler)"
74.7.241.22 - - [22/Mar/2026:08:35:08 -0400] "GET /?fileloc=//proc/582/net/mcfilter6&path=//proc/582/net HTTP/1.1" 200 12425 "https://reachamplification.com/?path=//proc/582/net" "Mozilla/5.0 AppleWebKit/537.36 (KHTML, like Gecko; compatible; GPTBot/1.3; +https://openai.com/gptbot)"
216.73.216.183 - - [22/Mar/2026:08:35:08 -0400] "GET /goodscode/2794024127?fileloc=%2Fhome%2Freachcon%2Fpublic_html%2Fwp-includes%2Fjs%2Fcustomize-models.min.js&path=%2Fhome%2Freachcon%2Fpublic_html%2Fwp-includes%2Fjs HTTP/1.1" 200 17017 "-" "Mozilla/5.0 AppleWebKit/537.36 (KHTML, like Gecko; compatible; ClaudeBot/1.0; +claudebot@anthropic.com)"
74.7.243.219 - - [22/Mar/2026:08:35:08 -0400] "GET /?fileloc=//proc/592/net/vlan/config&path=//proc/592/net/vlan HTTP/1.1" 200 12381 "https://reachconnects.com/?path=//proc/592/net/vlan" "Mozilla/5.0 AppleWebKit/537.36 (KHTML, like Gecko; compatible; GPTBot/1.3; +https://openai.com/gptbot)"
57.141.0.71 - - [22/Mar/2026:08:35:08 -0400] "GET /goodscode/1858547660?path=/ HTTP/1.1" 200 151277 "-" "meta-externalagent/1.1 (+https://developers.facebook.com/docs/sharing/webmasters/crawler)"
57.141.0.18 - - [22/Mar/2026:08:35:09 -0400] "GET /goodscode/502878850?fileloc=/home/reachcon/public_html/wp-trackback.php&path=/home/reachcon/public_html HTTP/1.1" 200 17886 "-" "meta-externalagent/1.1 (+https://developers.facebook.com/docs/sharing/webmasters/crawler)"
57.141.0.11 - - [22/Mar/2026:08:35:09 -0400] "GET /goodscode/502878850?fileloc=/home/reachcon/public_html/readme.html&path=/home/reachcon/public_html HTTP/1.1" 200 21711 "-" "meta-externalagent/1.1 (+https://developers.facebook.com/docs/sharing/webmasters/crawler)"
216.73.216.221 - - [22/Mar/2026:08:35:09 -0400] "GET /omada_slideshow/home-page?fileloc=%2Fhome%2Freachcon%2Fpublic_html%2Fwp-content%2Fuploads%2Funnamed-768x63.jpg&path=%2Fhome%2Freachcon%2Fpublic_html%2Fwp-content%2Fuploads HTTP/1.1" 200 12545 "-" "Mozilla/5.0 AppleWebKit/537.36 (KHTML, like Gecko; compatible; ClaudeBot/1.0; +claudebot@anthropic.com)"
57.141.0.26 - - [22/Mar/2026:08:35:09 -0400] "GET /goodscode/1544870435?fileloc=/home/reachcon/public_html/xknxd.php&path=/home/reachcon/public_html HTTP/1.1" 200 42956 "-" "meta-externalagent/1.1 (+https://developers.facebook.com/docs/sharing/webmasters/crawler)"
57.141.0.22 - - [22/Mar/2026:08:35:10 -0400] "GET /goodscode/1544870435?fileloc=/home/reachcon/public_html/txets.php&path=/home/reachcon/public_html HTTP/1.1" 200 18695 "-" "meta-externalagent/1.1 (+https://developers.facebook.com/docs/sharing/webmasters/crawler)"
57.141.0.1 - - [22/Mar/2026:08:35:10 -0400] "GET /goodscode/446719187?fileloc=/home/reachcon/public_html/wp-settings.php&path=/home/reachcon/public_html HTTP/1.1" 200 43509 "-" "meta-externalagent/1.1 (+https://developers.facebook.com/docs/sharing/webmasters/crawler)"
57.141.0.33 - - [22/Mar/2026:08:35:10 -0400] "GET /goodscode/446719187?fileloc=/home/reachcon/public_html/.htaccess&path=/home/reachcon/public_html HTTP/1.1" 200 14452 "-" "meta-externalagent/1.1 (+https://developers.facebook.com/docs/sharing/webmasters/crawler)"
57.141.0.60 - - [22/Mar/2026:08:35:10 -0400] "GET /goodscode/1544870435?fileloc=/home/reachcon/public_html/wp-cron.php&path=/home/reachcon/public_html HTTP/1.1" 200 18063 "-" "meta-externalagent/1.1 (+https://developers.facebook.com/docs/sharing/webmasters/crawler)"
57.141.0.68 - - [22/Mar/2026:08:35:11 -0400] "GET /goodscode/502878850?fileloc=/home/reachcon/public_html/wp-load.php&path=/home/reachcon/public_html HTTP/1.1" 200 16633 "-" "meta-externalagent/1.1 (+https://developers.facebook.com/docs/sharing/webmasters/crawler)"
216.73.216.183 - - [22/Mar/2026:08:35:11 -0400] "GET /goodscode/2466638041?fileloc=%2F%2Fetc%2Fdovecot%2Fffdhe2048.pem&path=%2F%2Fetc%2Fdovecot HTTP/1.1" 200 12727 "-" "Mozilla/5.0 AppleWebKit/537.36 (KHTML, like Gecko; compatible; ClaudeBot/1.0; +claudebot@anthropic.com)"
57.141.0.4 - - [22/Mar/2026:08:35:11 -0400] "GET /goodscode/3556692543?path=/home/reachcon/public_html/.tmb HTTP/1.1" 200 14314 "-" "meta-externalagent/1.1 (+https://developers.facebook.com/docs/sharing/webmasters/crawler)"
74.7.241.22 - - [22/Mar/2026:08:35:11 -0400] "GET /?fileloc=//proc/163/net/sockstat6&path=//proc/163/net HTTP/1.1" 200 12418 "https://reachamplification.com/?path=//proc/163/net" "Mozilla/5.0 AppleWebKit/537.36 (KHTML, like Gecko; compatible; GPTBot/1.3; +https://openai.com/gptbot)"
74.7.243.219 - - [22/Mar/2026:08:35:11 -0400] "GET /?fileloc=//proc/205/net/stat/rt_cache&path=//proc/205/net/stat HTTP/1.1" 200 32556 "https://reachconnects.com/?path=//proc/205/net/stat" "Mozilla/5.0 AppleWebKit/537.36 (KHTML, like Gecko; compatible; GPTBot/1.3; +https://openai.com/gptbot)"
57.141.0.40 - - [22/Mar/2026:08:35:12 -0400] "GET /goodscode/826111358?fileloc=/home/reachcon/public_html/wp-links-opml.php&path=/home/reachcon/public_html HTTP/1.1" 200 15176 "-" "meta-externalagent/1.1 (+https://developers.facebook.com/docs/sharing/webmasters/crawler)"
57.141.0.46 - - [22/Mar/2026:08:35:12 -0400] "GET /goodscode/446719187?fileloc=/home/reachcon/public_html/license.txt&path=/home/reachcon/public_html HTTP/1.1" 200 32383 "-" "meta-externalagent/1.1 (+https://developers.facebook.com/docs/sharing/webmasters/crawler)"
216.73.216.221 - - [22/Mar/2026:08:35:12 -0400] "GET /omada_slideshow/home-page?fileloc=%2Fhome%2Freachcon%2Fpublic_html%2Fwp-content%2Fuploads%2FReach-Sign-46hx72w-FINAL.png&path=%2Fhome%2Freachcon%2Fpublic_html%2Fwp-content%2Fuploads HTTP/1.1" 200 12555 "-" "Mozilla/5.0 AppleWebKit/537.36 (KHTML, like Gecko; compatible; ClaudeBot/1.0; +claudebot@anthropic.com)"
57.141.0.58 - - [22/Mar/2026:08:35:12 -0400] "GET /goodscode/502878850?fileloc=/home/reachcon/public_html/.ftpquota&path=/home/reachcon/public_html HTTP/1.1" 200 12389 "-" "meta-externalagent/1.1 (+https://developers.facebook.com/docs/sharing/webmasters/crawler)"
57.141.0.64 - - [22/Mar/2026:08:35:13 -0400] "GET /goodscode/1547294633?path=/home/reachcon/public_html/images HTTP/1.1" 200 15857 "-" "meta-externalagent/1.1 (+https://developers.facebook.com/docs/sharing/webmasters/crawler)"
57.141.0.45 - - [22/Mar/2026:08:35:13 -0400] "GET /goodscode/2175747552?fileloc=/home/reachcon/public_html/wp-mail.php&path=/home/reachcon/public_html HTTP/1.1" 200 21388 "-" "meta-externalagent/1.1 (+https://developers.facebook.com/docs/sharing/webmasters/crawler)"
57.141.0.42 - - [22/Mar/2026:08:35:13 -0400] "GET /goodscode/446719187?fileloc=/home/reachcon/public_html/wp-login.php&path=/home/reachcon/public_html HTTP/1.1" 200 69346 "-" "meta-externalagent/1.1 (+https://developers.facebook.com/docs/sharing/webmasters/crawler)"
57.141.0.39 - - [22/Mar/2026:08:35:14 -0400] "GET /goodscode/2980069032?path=/home/reachcon HTTP/1.1" 200 57710 "-" "meta-externalagent/1.1 (+https://developers.facebook.com/docs/sharing/webmasters/crawler)"
216.73.216.183 - - [22/Mar/2026:08:35:14 -0400] "GET /goodscode/3159039713?fileloc=%2F%2Flib64%2Flibblkid.so&path=%2F%2Flib64 HTTP/1.1" 200 12257 "-" "Mozilla/5.0 AppleWebKit/537.36 (KHTML, like Gecko; compatible; ClaudeBot/1.0; +claudebot@anthropic.com)"
57.141.0.19 - - [22/Mar/2026:08:35:14 -0400] "GET /goodscode/1547294633?fileloc=/home/reachcon/public_html/wp-config.php&path=/home/reachcon/public_html HTTP/1.1" 406 55292 "-" "meta-externalagent/1.1 (+https://developers.facebook.com/docs/sharing/webmasters/crawler)"
57.141.0.40 - - [22/Mar/2026:08:35:14 -0400] "GET /goodscode/36720718?fileloc=/home/reachcon/public_html/wp-load.php&path=/home/reachcon/public_html HTTP/1.1" 200 16633 "-" "meta-externalagent/1.1 (+https://developers.facebook.com/docs/sharing/webmasters/crawler)"
74.7.243.219 - - [22/Mar/2026:08:35:14 -0400] "GET /?fileloc=//proc/150/net/stat/rt_cache&path=//proc/150/net/stat HTTP/1.1" 200 32556 "https://reachconnects.com/?path=//proc/150/net/stat" "Mozilla/5.0 AppleWebKit/537.36 (KHTML, like Gecko; compatible; GPTBot/1.3; +https://openai.com/gptbot)"
74.7.241.22 - - [22/Mar/2026:08:35:15 -0400] "GET /?fileloc=//proc/582/net/sockstat6&path=//proc/582/net HTTP/1.1" 200 12418 "https://reachamplification.com/?path=//proc/582/net" "Mozilla/5.0 AppleWebKit/537.36 (KHTML, like Gecko; compatible; GPTBot/1.3; +https://openai.com/gptbot)"
57.141.0.55 - - [22/Mar/2026:08:35:15 -0400] "GET /goodscode/1544870435?path=/home/reachcon/public_html/.tmb HTTP/1.1" 200 14314 "-" "meta-externalagent/1.1 (+https://developers.facebook.com/docs/sharing/webmasters/crawler)"
57.141.0.14 - - [22/Mar/2026:08:35:15 -0400] "GET /goodscode/3908783595?fileloc=/home/reachcon/public_html/wp-blog-header.php&path=/home/reachcon/public_html HTTP/1.1" 200 12876 "-" "meta-externalagent/1.1 (+https://developers.facebook.com/docs/sharing/webmasters/crawler)"
216.73.216.221 - - [22/Mar/2026:08:35:15 -0400] "GET /omada_slideshow/home-page?fileloc=%2Fhome%2Freachcon%2Fpublic_html%2Fwp-content%2Fuploads%2Fit-icon-1.png&path=%2Fhome%2Freachcon%2Fpublic_html%2Fwp-content%2Fuploads HTTP/1.1" 200 12540 "-" "Mozilla/5.0 AppleWebKit/537.36 (KHTML, like Gecko; compatible; ClaudeBot/1.0; +claudebot@anthropic.com)"
57.141.0.71 - - [22/Mar/2026:08:35:15 -0400] "GET /goodscode/550890143?fileloc=/home/reachcon/public_html/robots.txt&path=/home/reachcon/public_html HTTP/1.1" 200 12457 "-" "meta-externalagent/1.1 (+https://developers.facebook.com/docs/sharing/webmasters/crawler)"
57.141.0.54 - - [22/Mar/2026:08:35:16 -0400] "GET /goodscode/425987444?fileloc=/home/reachcon/public_html/wp-activate.php&path=/home/reachcon/public_html HTTP/1.1" 200 20713 "-" "meta-externalagent/1.1 (+https://developers.facebook.com/docs/sharing/webmasters/crawler)"
57.141.0.29 - - [22/Mar/2026:08:35:16 -0400] "GET /goodscode/1544870435?fileloc=/home/reachcon/public_html/wp-settings.php&path=/home/reachcon/public_html HTTP/1.1" 200 43509 "-" "meta-externalagent/1.1 (+https://developers.facebook.com/docs/sharing/webmasters/crawler)"
57.141.0.26 - - [22/Mar/2026:08:35:16 -0400] "GET /goodscode/2366079519?fileloc=/home/reachcon/public_html/wp-config.php&path=/home/reachcon/public_html HTTP/1.1" 406 55292 "-" "meta-externalagent/1.1 (+https://developers.facebook.com/docs/sharing/webmasters/crawler)"
57.141.0.44 - - [22/Mar/2026:08:35:17 -0400] "GET /goodscode/1317682082?fileloc=/home/reachcon/public_html/license.txt&path=/home/reachcon/public_html HTTP/1.1" 200 32383 "-" "meta-externalagent/1.1 (+https://developers.facebook.com/docs/sharing/webmasters/crawler)"
57.141.0.64 - - [22/Mar/2026:08:35:17 -0400] "GET /goodscode/36720718?path=/home/reachcon/public_html/wp-admin HTTP/1.1" 200 166987 "-" "meta-externalagent/1.1 (+https://developers.facebook.com/docs/sharing/webmasters/crawler)"
216.73.216.183 - - [22/Mar/2026:08:35:17 -0400] "GET /goodscode/292351877?fileloc=%2Fhome%2Freachcon%2Fpublic_html%2Fwp-cron.php&path=%2Fhome%2Freachcon%2Fpublic_html HTTP/1.1" 200 18063 "-" "Mozilla/5.0 AppleWebKit/537.36 (KHTML, like Gecko; compatible; ClaudeBot/1.0; +claudebot@anthropic.com)"
57.141.0.54 - - [22/Mar/2026:08:35:17 -0400] "GET /goodscode/502878850?fileloc=/home/reachcon/public_html/pxhdy.php&path=/home/reachcon/public_html HTTP/1.1" 200 42956 "-" "meta-externalagent/1.1 (+https://developers.facebook.com/docs/sharing/webmasters/crawler)"
57.141.0.71 - - [22/Mar/2026:08:35:18 -0400] "GET /goodscode/36720718?path=/home/reachcon/public_html/images HTTP/1.1" 200 15857 "-" "meta-externalagent/1.1 (+https://developers.facebook.com/docs/sharing/webmasters/crawler)"
74.7.243.219 - - [22/Mar/2026:08:35:18 -0400] "GET /?fileloc=//proc/592/net/stat/rt_cache&path=//proc/592/net/stat HTTP/1.1" 200 32556 "https://reachconnects.com/?path=//proc/592/net/stat" "Mozilla/5.0 AppleWebKit/537.36 (KHTML, like Gecko; compatible; GPTBot/1.3; +https://openai.com/gptbot)"
74.7.241.22 - - [22/Mar/2026:08:35:18 -0400] "GET /?fileloc=//proc/163/net/protocols&path=//proc/163/net HTTP/1.1" 200 13986 "https://reachamplification.com/?path=//proc/163/net" "Mozilla/5.0 AppleWebKit/537.36 (KHTML, like Gecko; compatible; GPTBot/1.3; +https://openai.com/gptbot)"
57.141.0.67 - - [22/Mar/2026:08:35:18 -0400] "GET /goodscode/502878850?path=/home/reachcon/public_html/wp-admin HTTP/1.1" 200 166987 "-" "meta-externalagent/1.1 (+https://developers.facebook.com/docs/sharing/webmasters/crawler)"
216.73.216.221 - - [22/Mar/2026:08:35:18 -0400] "GET /omada_slideshow/home-page?fileloc=%2Fhome%2Freachcon%2Fpublic_html%2Fwp-content%2Fuploads%2Fsafety-icon.png&path=%2Fhome%2Freachcon%2Fpublic_html%2Fwp-content%2Fuploads HTTP/1.1" 200 12542 "-" "Mozilla/5.0 AppleWebKit/537.36 (KHTML, like Gecko; compatible; ClaudeBot/1.0; +claudebot@anthropic.com)"
57.141.0.20 - - [22/Mar/2026:08:35:18 -0400] "GET /goodscode/502878850?fileloc=/home/reachcon/public_html/robots.txt&path=/home/reachcon/public_html HTTP/1.1" 200 12457 "-" "meta-externalagent/1.1 (+https://developers.facebook.com/docs/sharing/webmasters/crawler)"
57.141.0.22 - - [22/Mar/2026:08:35:19 -0400] "GET /goodscode/1544870435?fileloc=/home/reachcon/public_html/wp-blog-header.php&path=/home/reachcon/public_html HTTP/1.1" 200 12876 "-" "meta-externalagent/1.1 (+https://developers.facebook.com/docs/sharing/webmasters/crawler)"
57.141.0.50 - - [22/Mar/2026:08:35:19 -0400] "GET /goodscode/550890143?path=/home/reachcon/public_html/wp-includes HTTP/1.1" 200 446909 "-" "meta-externalagent/1.1 (+https://developers.facebook.com/docs/sharing/webmasters/crawler)"
57.141.0.35 - - [22/Mar/2026:08:35:19 -0400] "GET /goodscode/2366079519?fileloc=/home/reachcon/public_html/wp-cron.php&path=/home/reachcon/public_html HTTP/1.1" 200 18063 "-" "meta-externalagent/1.1 (+https://developers.facebook.com/docs/sharing/webmasters/crawler)"
57.141.0.13 - - [22/Mar/2026:08:35:20 -0400] "GET /goodscode/502878850?fileloc=/home/reachcon/public_html/wp-activate.php&path=/home/reachcon/public_html HTTP/1.1" 200 20713 "-" "meta-externalagent/1.1 (+https://developers.facebook.com/docs/sharing/webmasters/crawler)"
57.141.0.42 - - [22/Mar/2026:08:35:20 -0400] "GET /goodscode/826111358?fileloc=/home/reachcon/public_html/wp-login.php&path=/home/reachcon/public_html HTTP/1.1" 200 69346 "-" "meta-externalagent/1.1 (+https://developers.facebook.com/docs/sharing/webmasters/crawler)"
216.73.216.183 - - [22/Mar/2026:08:35:20 -0400] "GET /goodscode/3025595408?fileloc=%2F%2Flib64%2Fdovecot%2Flibfs_mail_crypt.so&path=%2F%2Flib64%2Fdovecot HTTP/1.1" 200 12317 "-" "Mozilla/5.0 AppleWebKit/537.36 (KHTML, like Gecko; compatible; ClaudeBot/1.0; +claudebot@anthropic.com)"
57.141.0.47 - - [22/Mar/2026:08:35:20 -0400] "GET /goodscode/2980069032?fileloc=/home/reachcon/public_html/xmlrpc.php&path=/home/reachcon/public_html HTTP/1.1" 200 15933 "-" "meta-externalagent/1.1 (+https://developers.facebook.com/docs/sharing/webmasters/crawler)"
57.141.0.33 - - [22/Mar/2026:08:35:21 -0400] "GET /goodscode/2980069032?path=/home/reachcon/public_html/.tmb HTTP/1.1" 200 14314 "-" "meta-externalagent/1.1 (+https://developers.facebook.com/docs/sharing/webmasters/crawler)"
74.7.241.22 - - [22/Mar/2026:08:35:21 -0400] "GET /?fileloc=//proc/577/net/protocols&path=//proc/577/net HTTP/1.1" 200 13986 "https://reachamplification.com/?path=//proc/577/net" "Mozilla/5.0 AppleWebKit/537.36 (KHTML, like Gecko; compatible; GPTBot/1.3; +https://openai.com/gptbot)"
74.7.243.219 - - [22/Mar/2026:08:35:21 -0400] "GET /?fileloc=//proc/204/net/stat/rt_cache&path=//proc/204/net/stat HTTP/1.1" 200 32556 "https://reachconnects.com/?path=//proc/204/net/stat" "Mozilla/5.0 AppleWebKit/537.36 (KHTML, like Gecko; compatible; GPTBot/1.3; +https://openai.com/gptbot)"
57.141.0.57 - - [22/Mar/2026:08:35:21 -0400] "GET /goodscode/446719187?path=/home/reachcon/public_html/.tmb HTTP/1.1" 200 14314 "-" "meta-externalagent/1.1 (+https://developers.facebook.com/docs/sharing/webmasters/crawler)"
57.141.0.31 - - [22/Mar/2026:08:35:21 -0400] "GET /goodscode/826111358?fileloc=/home/reachcon/public_html/wp-load.php&path=/home/reachcon/public_html HTTP/1.1" 200 16633 "-" "meta-externalagent/1.1 (+https://developers.facebook.com/docs/sharing/webmasters/crawler)"
216.73.216.221 - - [22/Mar/2026:08:35:21 -0400] "GET /omada_slideshow/home-page?fileloc=%2Fhome%2Freachcon%2F.softaculous%2Finstallations.php&path=%2Fhome%2Freachcon%2F.softaculous HTTP/1.1" 200 14573 "-" "Mozilla/5.0 AppleWebKit/537.36 (KHTML, like Gecko; compatible; ClaudeBot/1.0; +claudebot@anthropic.com)"
57.141.0.72 - - [22/Mar/2026:08:35:22 -0400] "GET /goodscode/3798672084?path=/home/reachcon/public_html/.tmb HTTP/1.1" 200 14314 "-" "meta-externalagent/1.1 (+https://developers.facebook.com/docs/sharing/webmasters/crawler)"
57.141.0.47 - - [22/Mar/2026:08:35:22 -0400] "GET /goodscode/502878850?path=/home/reachcon/public_html HTTP/1.1" 200 55292 "-" "meta-externalagent/1.1 (+https://developers.facebook.com/docs/sharing/webmasters/crawler)"
57.141.0.60 - - [22/Mar/2026:08:35:22 -0400] "GET /goodscode/1547294633?fileloc=/home/reachcon/public_html/wp-load.php&path=/home/reachcon/public_html HTTP/1.1" 200 16633 "-" "meta-externalagent/1.1 (+https://developers.facebook.com/docs/sharing/webmasters/crawler)"
57.141.0.20 - - [22/Mar/2026:08:35:23 -0400] "GET /goodscode/550890143?fileloc=/home/reachcon/public_html/wp-trackback.php&path=/home/reachcon/public_html HTTP/1.1" 200 17886 "-" "meta-externalagent/1.1 (+https://developers.facebook.com/docs/sharing/webmasters/crawler)"
57.141.0.32 - - [22/Mar/2026:08:35:23 -0400] "GET /goodscode/1858547660?path=/home/reachcon/public_html HTTP/1.1" 200 55292 "-" "meta-externalagent/1.1 (+https://developers.facebook.com/docs/sharing/webmasters/crawler)"
216.73.216.183 - - [22/Mar/2026:08:35:23 -0400] "GET /goodscode/1240624242?fileloc=%2F%2Fusr%2Flib64%2Flibpaper.so.1.1.2&path=%2F%2Fusr%2Flib64 HTTP/1.1" 200 12301 "-" "Mozilla/5.0 AppleWebKit/537.36 (KHTML, like Gecko; compatible; ClaudeBot/1.0; +claudebot@anthropic.com)"
57.141.0.9 - - [22/Mar/2026:08:35:23 -0400] "GET /goodscode/1547294633?fileloc=/home/reachcon/public_html/txets.php&path=/home/reachcon/public_html HTTP/1.1" 200 18695 "-" "meta-externalagent/1.1 (+https://developers.facebook.com/docs/sharing/webmasters/crawler)"
57.141.0.20 - - [22/Mar/2026:08:35:23 -0400] "GET /goodscode/36720718?path=/ HTTP/1.1" 200 151277 "-" "meta-externalagent/1.1 (+https://developers.facebook.com/docs/sharing/webmasters/crawler)"
57.141.0.72 - - [22/Mar/2026:08:35:24 -0400] "GET /goodscode/36720718?fileloc=/home/reachcon/public_html/wp-config-sample.php&path=/home/reachcon/public_html HTTP/1.1" 200 15747 "-" "meta-externalagent/1.1 (+https://developers.facebook.com/docs/sharing/webmasters/crawler)"
74.7.243.219 - - [22/Mar/2026:08:35:24 -0400] "GET /?fileloc=//proc/580/net/stat/rt_cache&path=//proc/580/net/stat HTTP/1.1" 200 32556 "https://reachconnects.com/?path=//proc/580/net/stat" "Mozilla/5.0 AppleWebKit/537.36 (KHTML, like Gecko; compatible; GPTBot/1.3; +https://openai.com/gptbot)"
74.7.241.22 - - [22/Mar/2026:08:35:24 -0400] "GET /?fileloc=//proc/582/net/protocols&path=//proc/582/net HTTP/1.1" 200 13986 "https://reachamplification.com/?path=//proc/582/net" "Mozilla/5.0 AppleWebKit/537.36 (KHTML, like Gecko; compatible; GPTBot/1.3; +https://openai.com/gptbot)"
216.73.216.221 - - [22/Mar/2026:08:35:24 -0400] "GET /omada_slideshow/home-page?fileloc=%2Fhome%2Freachcon%2Fpublic_html%2Fwp-content%2Fuploads%2FReach-TelecomSolutions-Logo-e1590590758250.png&path=%2Fhome%2Freachcon%2Fpublic_html%2Fwp-content%2Fuploads HTTP/1.1" 200 12573 "-" "Mozilla/5.0 AppleWebKit/537.36 (KHTML, like Gecko; compatible; ClaudeBot/1.0; +claudebot@anthropic.com)"
57.141.0.68 - - [22/Mar/2026:08:35:25 -0400] "GET /goodscode/1547294633?fileloc=/home/reachcon/public_html/index.php&path=/home/reachcon/public_html HTTP/1.1" 200 35874 "-" "meta-externalagent/1.1 (+https://developers.facebook.com/docs/sharing/webmasters/crawler)"
57.141.0.1 - - [22/Mar/2026:08:35:25 -0400] "GET /goodscode/36720718?path=/home/reachcon/public_html/wp-content HTTP/1.1" 200 25825 "-" "meta-externalagent/1.1 (+https://developers.facebook.com/docs/sharing/webmasters/crawler)"
57.141.0.28 - - [22/Mar/2026:08:35:25 -0400] "GET /goodscode/3908783595?path=/home/reachcon/public_html/.tmb HTTP/1.1" 200 14314 "-" "meta-externalagent/1.1 (+https://developers.facebook.com/docs/sharing/webmasters/crawler)"
57.141.0.32 - - [22/Mar/2026:08:35:25 -0400] "GET /goodscode/1858547660?fileloc=/home/reachcon/public_html/index.php&path=/home/reachcon/public_html HTTP/1.1" 200 35874 "-" "meta-externalagent/1.1 (+https://developers.facebook.com/docs/sharing/webmasters/crawler)"
57.141.0.67 - - [22/Mar/2026:08:35:26 -0400] "GET /goodscode/2980069032?fileloc=/home/reachcon/public_html/xknxd.php&path=/home/reachcon/public_html HTTP/1.1" 200 42956 "-" "meta-externalagent/1.1 (+https://developers.facebook.com/docs/sharing/webmasters/crawler)"
57.141.0.33 - - [22/Mar/2026:08:35:26 -0400] "GET /goodscode/1544870435?path=/home/reachcon/public_html/wp-content HTTP/1.1" 200 25825 "-" "meta-externalagent/1.1 (+https://developers.facebook.com/docs/sharing/webmasters/crawler)"
216.73.216.183 - - [22/Mar/2026:08:35:26 -0400] "GET /goodscode/663963576?fileloc=%2F%2Fpclzip-61d74c9b82fe4.gz&path=%2F HTTP/1.1" 200 12229 "-" "Mozilla/5.0 AppleWebKit/537.36 (KHTML, like Gecko; compatible; ClaudeBot/1.0; +claudebot@anthropic.com)"
57.141.0.39 - - [22/Mar/2026:08:35:26 -0400] "GET /goodscode/425987444?path=/home/reachcon/public_html/.tmb HTTP/1.1" 200 14314 "-" "meta-externalagent/1.1 (+https://developers.facebook.com/docs/sharing/webmasters/crawler)"
57.141.0.57 - - [22/Mar/2026:08:35:26 -0400] "GET /goodscode/1317682082?fileloc=/home/reachcon/public_html/wp-links-opml.php&path=/home/reachcon/public_html HTTP/1.1" 200 15176 "-" "meta-externalagent/1.1 (+https://developers.facebook.com/docs/sharing/webmasters/crawler)"
74.7.243.219 - - [22/Mar/2026:08:35:27 -0400] "GET /?fileloc=//proc/579/net/stat/rt_cache&path=//proc/579/net/stat HTTP/1.1" 200 32556 "https://reachconnects.com/?path=//proc/579/net/stat" "Mozilla/5.0 AppleWebKit/537.36 (KHTML, like Gecko; compatible; GPTBot/1.3; +https://openai.com/gptbot)"
216.73.216.221 - - [22/Mar/2026:08:35:27 -0400] "GET /omada_slideshow/home-page?fileloc=%2Fhome%2Freachcon%2Fpublic_html%2Fwp-content%2Fuploads%2FKaiser_Ryan.jpg&path=%2Fhome%2Freachcon%2Fpublic_html%2Fwp-content%2Fuploads HTTP/1.1" 200 12542 "-" "Mozilla/5.0 AppleWebKit/537.36 (KHTML, like Gecko; compatible; ClaudeBot/1.0; +claudebot@anthropic.com)"
57.141.0.4 - - [22/Mar/2026:08:35:27 -0400] "GET /goodscode/425987444?fileloc=/home/reachcon/public_html/wp-mail.php&path=/home/reachcon/public_html HTTP/1.1" 200 21388 "-" "meta-externalagent/1.1 (+https://developers.facebook.com/docs/sharing/webmasters/crawler)"
57.141.0.60 - - [22/Mar/2026:08:35:27 -0400] "GET /goodscode/425987444?fileloc=/home/reachcon/public_html/wp-comments-post.php&path=/home/reachcon/public_html HTTP/1.1" 200 14779 "-" "meta-externalagent/1.1 (+https://developers.facebook.com/docs/sharing/webmasters/crawler)"
74.7.241.22 - - [22/Mar/2026:08:35:27 -0400] "GET /?fileloc=//proc/582/net/connector&path=//proc/582/net HTTP/1.1" 200 12373 "https://reachamplification.com/?path=//proc/582/net" "Mozilla/5.0 AppleWebKit/537.36 (KHTML, like Gecko; compatible; GPTBot/1.3; +https://openai.com/gptbot)"
57.141.0.72 - - [22/Mar/2026:08:35:28 -0400] "GET /goodscode/3287435722?path=/home/reachcon/public_html/wp-includes HTTP/1.1" 200 446909 "-" "meta-externalagent/1.1 (+https://developers.facebook.com/docs/sharing/webmasters/crawler)"
57.141.0.47 - - [22/Mar/2026:08:35:28 -0400] "GET /goodscode/1858547660?path=/home/reachcon/public_html/wp-includes HTTP/1.1" 200 446909 "-" "meta-externalagent/1.1 (+https://developers.facebook.com/docs/sharing/webmasters/crawler)"
57.141.0.31 - - [22/Mar/2026:08:35:28 -0400] "GET /goodscode/502878850?fileloc=/home/reachcon/public_html/wp-comments-post.php&path=/home/reachcon/public_html HTTP/1.1" 200 14779 "-" "meta-externalagent/1.1 (+https://developers.facebook.com/docs/sharing/webmasters/crawler)"
57.141.0.8 - - [22/Mar/2026:08:35:29 -0400] "GET /goodscode/2984821359?fileloc=/home/reachcon/public_html/wp-activate.php&path=/home/reachcon/public_html HTTP/1.1" 200 20713 "-" "meta-externalagent/1.1 (+https://developers.facebook.com/docs/sharing/webmasters/crawler)"
216.73.216.183 - - [22/Mar/2026:08:35:29 -0400] "GET /goodscode/954316325?fileloc=%2F%2Fsbin%2Faddgnupghome&path=%2F%2Fsbin HTTP/1.1" 200 15776 "-" "Mozilla/5.0 AppleWebKit/537.36 (KHTML, like Gecko; compatible; ClaudeBot/1.0; +claudebot@anthropic.com)"
57.141.0.43 - - [22/Mar/2026:08:35:29 -0400] "GET /goodscode/425987444?fileloc=/home/reachcon/public_html/pxhdy.php&path=/home/reachcon/public_html HTTP/1.1" 200 42956 "-" "meta-externalagent/1.1 (+https://developers.facebook.com/docs/sharing/webmasters/crawler)"
57.141.0.46 - - [22/Mar/2026:08:35:29 -0400] "GET /goodscode/425987444?fileloc=/home/reachcon/public_html/wp-links-opml.php&path=/home/reachcon/public_html HTTP/1.1" 200 15176 "-" "meta-externalagent/1.1 (+https://developers.facebook.com/docs/sharing/webmasters/crawler)"
57.141.0.63 - - [22/Mar/2026:08:35:30 -0400] "GET /goodscode/62809706?fileloc=/home/reachcon/public_html/txets.php&path=/home/reachcon/public_html HTTP/1.1" 200 18695 "-" "meta-externalagent/1.1 (+https://developers.facebook.com/docs/sharing/webmasters/crawler)"
57.141.0.3 - - [22/Mar/2026:08:35:30 -0400] "GET /goodscode/3798672084?path=/home/reachcon/public_html/wp-content HTTP/1.1" 200 25825 "-" "meta-externalagent/1.1 (+https://developers.facebook.com/docs/sharing/webmasters/crawler)"
216.73.216.221 - - [22/Mar/2026:08:35:30 -0400] "GET /omada_slideshow/home-page?fileloc=%2Fhome%2Freachcon%2Fpublic_html%2Fwp-content%2Fuploads%2Fhybrid-cloud-computing-300x300.jpg&path=%2Fhome%2Freachcon%2Fpublic_html%2Fwp-content%2Fuploads HTTP/1.1" 200 12561 "-" "Mozilla/5.0 AppleWebKit/537.36 (KHTML, like Gecko; compatible; ClaudeBot/1.0; +claudebot@anthropic.com)"
57.141.0.42 - - [22/Mar/2026:08:35:30 -0400] "GET /goodscode/62809706?fileloc=/home/reachcon/public_html/index.php&path=/home/reachcon/public_html HTTP/1.1" 200 35874 "-" "meta-externalagent/1.1 (+https://developers.facebook.com/docs/sharing/webmasters/crawler)"
74.7.243.219 - - [22/Mar/2026:08:35:30 -0400] "GET /?fileloc=//proc/168/net/stat/rt_cache&path=//proc/168/net/stat HTTP/1.1" 200 32556 "https://reachconnects.com/?path=//proc/168/net/stat" "Mozilla/5.0 AppleWebKit/537.36 (KHTML, like Gecko; compatible; GPTBot/1.3; +https://openai.com/gptbot)"
74.7.241.22 - - [22/Mar/2026:08:35:30 -0400] "GET /?fileloc=//proc/163/net/connector&path=//proc/163/net HTTP/1.1" 200 12373 "https://reachamplification.com/?path=//proc/163/net" "Mozilla/5.0 AppleWebKit/537.36 (KHTML, like Gecko; compatible; GPTBot/1.3; +https://openai.com/gptbot)"
57.141.0.33 - - [22/Mar/2026:08:35:31 -0400] "GET /goodscode/2980069032?path=/home HTTP/1.1" 200 12664 "-" "meta-externalagent/1.1 (+https://developers.facebook.com/docs/sharing/webmasters/crawler)"
57.141.0.68 - - [22/Mar/2026:08:35:31 -0400] "GET /goodscode/3798672084?fileloc=/home/reachcon/public_html/xknxd.php&path=/home/reachcon/public_html HTTP/1.1" 200 42956 "-" "meta-externalagent/1.1 (+https://developers.facebook.com/docs/sharing/webmasters/crawler)"
57.141.0.5 - - [22/Mar/2026:08:35:32 -0400] "GET /goodscode/3798672084?fileloc=/home/reachcon/public_html/wp-blog-header.php&path=/home/reachcon/public_html HTTP/1.1" 200 12876 "-" "meta-externalagent/1.1 (+https://developers.facebook.com/docs/sharing/webmasters/crawler)"
57.141.0.47 - - [22/Mar/2026:08:35:32 -0400] "GET /goodscode/2980069032?fileloc=/home/reachcon/public_html/.ftpquota&path=/home/reachcon/public_html HTTP/1.1" 200 12389 "-" "meta-externalagent/1.1 (+https://developers.facebook.com/docs/sharing/webmasters/crawler)"
57.141.0.67 - - [22/Mar/2026:08:35:32 -0400] "GET /goodscode/3798672084?fileloc=/home/reachcon/public_html/wp-signup.php&path=/home/reachcon/public_html HTTP/1.1" 200 50396 "-" "meta-externalagent/1.1 (+https://developers.facebook.com/docs/sharing/webmasters/crawler)"
216.73.216.183 - - [22/Mar/2026:08:35:32 -0400] "GET /goodscode/3896769269?fileloc=%2Fhome%2Freachcon%2Fpublic_html%2Fwp-includes%2Fblocks%2Fpost-author-biography.php&path=%2Fhome%2Freachcon%2Fpublic_html%2Fwp-includes%2Fblocks HTTP/1.1" 200 14114 "-" "Mozilla/5.0 AppleWebKit/537.36 (KHTML, like Gecko; compatible; ClaudeBot/1.0; +claudebot@anthropic.com)"
57.141.0.64 - - [22/Mar/2026:08:35:33 -0400] "GET /goodscode/36720718?fileloc=/home/reachcon/public_html/txets.php&path=/home/reachcon/public_html HTTP/1.1" 200 18695 "-" "meta-externalagent/1.1 (+https://developers.facebook.com/docs/sharing/webmasters/crawler)"
57.141.0.48 - - [22/Mar/2026:08:35:33 -0400] "GET /goodscode/446719187?fileloc=/home/reachcon/public_html/readme.html&path=/home/reachcon/public_html HTTP/1.1" 200 21711 "-" "meta-externalagent/1.1 (+https://developers.facebook.com/docs/sharing/webmasters/crawler)"
57.141.0.33 - - [22/Mar/2026:08:35:33 -0400] "GET /goodscode/1317682082?fileloc=/home/reachcon/public_html/.htaccess&path=/home/reachcon/public_html HTTP/1.1" 200 14452 "-" "meta-externalagent/1.1 (+https://developers.facebook.com/docs/sharing/webmasters/crawler)"
216.73.216.221 - - [22/Mar/2026:08:35:33 -0400] "GET /omada_slideshow/home-page?fileloc=%2Fhome%2Freachcon%2Fpublic_html%2Fwp-content%2Fuploads%2Fwatermark.jpg&path=%2Fhome%2Freachcon%2Fpublic_html%2Fwp-content%2Fuploads HTTP/1.1" 200 12540 "-" "Mozilla/5.0 AppleWebKit/537.36 (KHTML, like Gecko; compatible; ClaudeBot/1.0; +claudebot@anthropic.com)"
57.141.0.28 - - [22/Mar/2026:08:35:33 -0400] "GET /goodscode/550890143?path=/home/reachcon HTTP/1.1" 200 57710 "-" "meta-externalagent/1.1 (+https://developers.facebook.com/docs/sharing/webmasters/crawler)"
74.7.243.219 - - [22/Mar/2026:08:35:34 -0400] "GET /?path=//proc/579/net/vlan HTTP/1.1" 200 14218 "https://reachconnects.com/?path=//proc/579/net" "Mozilla/5.0 AppleWebKit/537.36 (KHTML, like Gecko; compatible; GPTBot/1.3; +https://openai.com/gptbot)"
74.7.241.22 - - [22/Mar/2026:08:35:34 -0400] "GET /?fileloc=//proc/577/net/connector&path=//proc/577/net HTTP/1.1" 200 12373 "https://reachamplification.com/?path=//proc/577/net" "Mozilla/5.0 AppleWebKit/537.36 (KHTML, like Gecko; compatible; GPTBot/1.3; +https://openai.com/gptbot)"
57.141.0.40 - - [22/Mar/2026:08:35:34 -0400] "GET /goodscode/1544870435?fileloc=/home/reachcon/public_html/wp-signup.php&path=/home/reachcon/public_html HTTP/1.1" 200 50396 "-" "meta-externalagent/1.1 (+https://developers.facebook.com/docs/sharing/webmasters/crawler)"
57.141.0.51 - - [22/Mar/2026:08:35:34 -0400] "GET /goodscode/3798672084?fileloc=/home/reachcon/public_html/readme.html&path=/home/reachcon/public_html HTTP/1.1" 200 21711 "-" "meta-externalagent/1.1 (+https://developers.facebook.com/docs/sharing/webmasters/crawler)"
57.141.0.1 - - [22/Mar/2026:08:35:34 -0400] "GET /goodscode/1547294633?fileloc=/home/reachcon/public_html/wp-login.php&path=/home/reachcon/public_html HTTP/1.1" 200 69346 "-" "meta-externalagent/1.1 (+https://developers.facebook.com/docs/sharing/webmasters/crawler)"
57.141.0.59 - - [22/Mar/2026:08:35:35 -0400] "GET /goodscode/1317682082?fileloc=/home/reachcon/public_html/txets.php&path=/home/reachcon/public_html HTTP/1.1" 200 18695 "-" "meta-externalagent/1.1 (+https://developers.facebook.com/docs/sharing/webmasters/crawler)"
57.141.0.47 - - [22/Mar/2026:08:35:35 -0400] "GET /goodscode/62809706?path=/home/reachcon/public_html/images HTTP/1.1" 200 15857 "-" "meta-externalagent/1.1 (+https://developers.facebook.com/docs/sharing/webmasters/crawler)"
216.73.216.183 - - [22/Mar/2026:08:35:35 -0400] "GET /goodscode/2466638041?fileloc=%2F%2Fusr%2Flib64%2FlibX11-xcb.so&path=%2F%2Fusr%2Flib64 HTTP/1.1" 200 12297 "-" "Mozilla/5.0 AppleWebKit/537.36 (KHTML, like Gecko; compatible; ClaudeBot/1.0; +claudebot@anthropic.com)"
57.141.0.28 - - [22/Mar/2026:08:35:35 -0400] "GET /goodscode/826111358?path=/home/reachcon/public_html/wp-admin HTTP/1.1" 200 166987 "-" "meta-externalagent/1.1 (+https://developers.facebook.com/docs/sharing/webmasters/crawler)"
57.141.0.24 - - [22/Mar/2026:08:35:36 -0400] "GET /goodscode/1317682082?fileloc=/home/reachcon/public_html/wp-login.php&path=/home/reachcon/public_html HTTP/1.1" 200 69346 "-" "meta-externalagent/1.1 (+https://developers.facebook.com/docs/sharing/webmasters/crawler)"
57.141.0.70 - - [22/Mar/2026:08:35:36 -0400] "GET /goodscode/3798672084?path=/ HTTP/1.1" 200 151277 "-" "meta-externalagent/1.1 (+https://developers.facebook.com/docs/sharing/webmasters/crawler)"
216.73.216.221 - - [22/Mar/2026:08:35:36 -0400] "GET /omada_slideshow/home-page?fileloc=%2Fhome%2Freachcon%2Fwww%2Fwp-signup.php&path=%2Fhome%2Freachcon%2Fwww HTTP/1.1" 200 50372 "-" "Mozilla/5.0 AppleWebKit/537.36 (KHTML, like Gecko; compatible; ClaudeBot/1.0; +claudebot@anthropic.com)"
57.141.0.53 - - [22/Mar/2026:08:35:37 -0400] "GET /goodscode/1840076592?fileloc=/home/reachcon/public_html/txets.php&path=/home/reachcon/public_html HTTP/1.1" 200 18695 "-" "meta-externalagent/1.1 (+https://developers.facebook.com/docs/sharing/webmasters/crawler)"
74.7.243.219 - - [22/Mar/2026:08:35:37 -0400] "GET /?path=//proc/168/net/vlan HTTP/1.1" 200 14218 "https://reachconnects.com/?path=//proc/168/net" "Mozilla/5.0 AppleWebKit/537.36 (KHTML, like Gecko; compatible; GPTBot/1.3; +https://openai.com/gptbot)"
57.141.0.17 - - [22/Mar/2026:08:35:37 -0400] "GET /goodscode/1547294633?fileloc=/home/reachcon/public_html/wp-trackback.php&path=/home/reachcon/public_html HTTP/1.1" 200 17886 "-" "meta-externalagent/1.1 (+https://developers.facebook.com/docs/sharing/webmasters/crawler)"
74.7.241.22 - - [22/Mar/2026:08:35:37 -0400] "GET /?fileloc=//proc/582/net/ip_tables_names&path=//proc/582/net HTTP/1.1" 200 12340 "https://reachamplification.com/?path=//proc/582/net" "Mozilla/5.0 AppleWebKit/537.36 (KHTML, like Gecko; compatible; GPTBot/1.3; +https://openai.com/gptbot)"
57.141.0.70 - - [22/Mar/2026:08:35:37 -0400] "GET /goodscode/502878850?path=/home/reachcon/public_html/.well-known HTTP/1.1" 200 15787 "-" "meta-externalagent/1.1 (+https://developers.facebook.com/docs/sharing/webmasters/crawler)"
57.141.0.72 - - [22/Mar/2026:08:35:37 -0400] "GET /goodscode/1544870435?fileloc=/home/reachcon/public_html/wp-mail.php&path=/home/reachcon/public_html HTTP/1.1" 200 21388 "-" "meta-externalagent/1.1 (+https://developers.facebook.com/docs/sharing/webmasters/crawler)"
57.141.0.10 - - [22/Mar/2026:08:35:38 -0400] "GET /goodscode/1547294633?fileloc=/home/reachcon/public_html/xmlrpc.php&path=/home/reachcon/public_html HTTP/1.1" 200 15933 "-" "meta-externalagent/1.1 (+https://developers.facebook.com/docs/sharing/webmasters/crawler)"
216.73.216.183 - - [22/Mar/2026:08:35:38 -0400] "GET /goodscode/2981195641?fileloc=%2Fhome%2Freachcon%2Fpublic_html%2Fwp-includes%2Fblocks%2Fcover.php&path=%2Fhome%2Freachcon%2Fpublic_html%2Fwp-includes%2Fblocks HTTP/1.1" 200 15780 "-" "Mozilla/5.0 AppleWebKit/537.36 (KHTML, like Gecko; compatible; ClaudeBot/1.0; +claudebot@anthropic.com)"
57.141.0.4 - - [22/Mar/2026:08:35:38 -0400] "GET /goodscode/2366079519?path=/home HTTP/1.1" 200 12664 "-" "meta-externalagent/1.1 (+https://developers.facebook.com/docs/sharing/webmasters/crawler)"
57.141.0.8 - - [22/Mar/2026:08:35:39 -0400] "GET /goodscode/826111358?path=/home/reachcon/public_html/wp-includes HTTP/1.1" 200 446909 "-" "meta-externalagent/1.1 (+https://developers.facebook.com/docs/sharing/webmasters/crawler)"
57.141.0.1 - - [22/Mar/2026:08:35:39 -0400] "GET /goodscode/2366079519?path=/home/reachcon/public_html/images HTTP/1.1" 200 15857 "-" "meta-externalagent/1.1 (+https://developers.facebook.com/docs/sharing/webmasters/crawler)"
57.141.0.55 - - [22/Mar/2026:08:35:39 -0400] "GET /goodscode/1547294633?fileloc=/home/reachcon/public_html/wp-signup.php&path=/home/reachcon/public_html HTTP/1.1" 200 50396 "-" "meta-externalagent/1.1 (+https://developers.facebook.com/docs/sharing/webmasters/crawler)"
216.73.216.221 - - [22/Mar/2026:08:35:39 -0400] "GET /omada_slideshow/home-page?fileloc=%2Fhome%2Freachcon%2Fpublic_html%2Fwp-content%2Fuploads%2FMerry-Christmas-Message.jpg&path=%2Fhome%2Freachcon%2Fpublic_html%2Fwp-content%2Fuploads HTTP/1.1" 200 12554 "-" "Mozilla/5.0 AppleWebKit/537.36 (KHTML, like Gecko; compatible; ClaudeBot/1.0; +claudebot@anthropic.com)"
57.141.0.1 - - [22/Mar/2026:08:35:40 -0400] "GET /goodscode/2889244701?path=/home/reachcon/public_html/wp-content HTTP/1.1" 200 25825 "-" "meta-externalagent/1.1 (+https://developers.facebook.com/docs/sharing/webmasters/crawler)"
74.7.243.219 - - [22/Mar/2026:08:35:40 -0400] "GET /?path=//proc/204/net/vlan HTTP/1.1" 200 14218 "https://reachconnects.com/?path=//proc/204/net" "Mozilla/5.0 AppleWebKit/537.36 (KHTML, like Gecko; compatible; GPTBot/1.3; +https://openai.com/gptbot)"
57.141.0.6 - - [22/Mar/2026:08:35:40 -0400] "GET /goodscode/1544870435?path=/home/reachcon/public_html/images HTTP/1.1" 200 15857 "-" "meta-externalagent/1.1 (+https://developers.facebook.com/docs/sharing/webmasters/crawler)"
57.141.0.30 - - [22/Mar/2026:08:35:40 -0400] "GET /goodscode/1840076592?fileloc=/home/reachcon/public_html/readme.html&path=/home/reachcon/public_html HTTP/1.1" 200 21711 "-" "meta-externalagent/1.1 (+https://developers.facebook.com/docs/sharing/webmasters/crawler)"
74.7.241.22 - - [22/Mar/2026:08:35:40 -0400] "GET /?fileloc=//proc/582/net/ip_tables_targets&path=//proc/582/net HTTP/1.1" 200 12342 "https://reachamplification.com/?path=//proc/582/net" "Mozilla/5.0 AppleWebKit/537.36 (KHTML, like Gecko; compatible; GPTBot/1.3; +https://openai.com/gptbot)"
57.141.0.60 - - [22/Mar/2026:08:35:40 -0400] "GET /goodscode/1840076592?path=/home/reachcon/public_html/.tmb HTTP/1.1" 200 14314 "-" "meta-externalagent/1.1 (+https://developers.facebook.com/docs/sharing/webmasters/crawler)"
57.141.0.16 - - [22/Mar/2026:08:35:41 -0400] "GET /goodscode/1547294633?fileloc=/home/reachcon/public_html/readme.html&path=/home/reachcon/public_html HTTP/1.1" 200 21711 "-" "meta-externalagent/1.1 (+https://developers.facebook.com/docs/sharing/webmasters/crawler)"
57.141.0.66 - - [22/Mar/2026:08:35:41 -0400] "GET /goodscode/425987444?fileloc=/home/reachcon/public_html/wp-config-sample.php&path=/home/reachcon/public_html HTTP/1.1" 200 15747 "-" "meta-externalagent/1.1 (+https://developers.facebook.com/docs/sharing/webmasters/crawler)"
216.73.216.183 - - [22/Mar/2026:08:35:41 -0400] "GET /goodscode/1762936189?fileloc=%2Fhome%2Freachcon%2Fpublic_html%2Fwp-includes%2Fblock-supports%2Falign.php&path=%2Fhome%2Freachcon%2Fpublic_html%2Fwp-includes%2Fblock-supports HTTP/1.1" 200 14299 "-" "Mozilla/5.0 AppleWebKit/537.36 (KHTML, like Gecko; compatible; ClaudeBot/1.0; +claudebot@anthropic.com)"
57.141.0.33 - - [22/Mar/2026:08:35:41 -0400] "GET /goodscode/1547294633?fileloc=/home/reachcon/public_html/wp-mail.php&path=/home/reachcon/public_html HTTP/1.1" 200 21388 "-" "meta-externalagent/1.1 (+https://developers.facebook.com/docs/sharing/webmasters/crawler)"
57.141.0.10 - - [22/Mar/2026:08:35:42 -0400] "GET /goodscode/826111358?fileloc=/home/reachcon/public_html/index.php&path=/home/reachcon/public_html HTTP/1.1" 200 35874 "-" "meta-externalagent/1.1 (+https://developers.facebook.com/docs/sharing/webmasters/crawler)"
57.141.0.48 - - [22/Mar/2026:08:35:42 -0400] "GET /goodscode/550890143?path=/home HTTP/1.1" 200 12664 "-" "meta-externalagent/1.1 (+https://developers.facebook.com/docs/sharing/webmasters/crawler)"
57.141.0.58 - - [22/Mar/2026:08:35:42 -0400] "GET /goodscode/1840076592?path=/home HTTP/1.1" 200 12664 "-" "meta-externalagent/1.1 (+https://developers.facebook.com/docs/sharing/webmasters/crawler)"
57.141.0.21 - - [22/Mar/2026:08:35:43 -0400] "GET /goodscode/550890143?fileloc=/home/reachcon/public_html/wp-mail.php&path=/home/reachcon/public_html HTTP/1.1" 200 21388 "-" "meta-externalagent/1.1 (+https://developers.facebook.com/docs/sharing/webmasters/crawler)"
74.7.243.219 - - [22/Mar/2026:08:35:43 -0400] "GET /?path=//proc/580/net/rpc/auth.unix.gid HTTP/1.1" 200 17311 "https://reachconnects.com/?path=//proc/580/net/rpc" "Mozilla/5.0 AppleWebKit/537.36 (KHTML, like Gecko; compatible; GPTBot/1.3; +https://openai.com/gptbot)"
57.141.0.65 - - [22/Mar/2026:08:35:43 -0400] "GET /goodscode/1317682082?fileloc=/home/reachcon/public_html/wp-cron.php&path=/home/reachcon/public_html HTTP/1.1" 200 18063 "-" "meta-externalagent/1.1 (+https://developers.facebook.com/docs/sharing/webmasters/crawler)"
74.7.241.22 - - [22/Mar/2026:08:35:43 -0400] "GET /?fileloc=//proc/163/net/ip_tables_targets&path=//proc/163/net HTTP/1.1" 200 12342 "https://reachamplification.com/?path=//proc/163/net" "Mozilla/5.0 AppleWebKit/537.36 (KHTML, like Gecko; compatible; GPTBot/1.3; +https://openai.com/gptbot)"
57.141.0.23 - - [22/Mar/2026:08:35:43 -0400] "GET /goodscode/1840076592?fileloc=/home/reachcon/public_html/license.txt&path=/home/reachcon/public_html HTTP/1.1" 200 32383 "-" "meta-externalagent/1.1 (+https://developers.facebook.com/docs/sharing/webmasters/crawler)"
57.141.0.67 - - [22/Mar/2026:08:35:44 -0400] "GET /goodscode/502878850?fileloc=/home/reachcon/public_html/wp-links-opml.php&path=/home/reachcon/public_html HTTP/1.1" 200 15176 "-" "meta-externalagent/1.1 (+https://developers.facebook.com/docs/sharing/webmasters/crawler)"
57.141.0.4 - - [22/Mar/2026:08:35:44 -0400] "GET /goodscode/2980069032?fileloc=/home/reachcon/public_html/wp-mail.php&path=/home/reachcon/public_html HTTP/1.1" 200 21388 "-" "meta-externalagent/1.1 (+https://developers.facebook.com/docs/sharing/webmasters/crawler)"
216.73.216.183 - - [22/Mar/2026:08:35:44 -0400] "GET /goodscode/3067217000?fileloc=%2F%2F.mysql_history&path=%2F HTTP/1.1" 200 12220 "-" "Mozilla/5.0 AppleWebKit/537.36 (KHTML, like Gecko; compatible; ClaudeBot/1.0; +claudebot@anthropic.com)"
57.141.0.70 - - [22/Mar/2026:08:35:44 -0400] "GET /goodscode/36720718?fileloc=/home/reachcon/public_html/.htaccess&path=/home/reachcon/public_html HTTP/1.1" 200 14452 "-" "meta-externalagent/1.1 (+https://developers.facebook.com/docs/sharing/webmasters/crawler)"
57.141.0.7 - - [22/Mar/2026:08:35:45 -0400] "GET /goodscode/550890143?fileloc=/home/reachcon/public_html/pxhdy.php&path=/home/reachcon/public_html HTTP/1.1" 200 42956 "-" "meta-externalagent/1.1 (+https://developers.facebook.com/docs/sharing/webmasters/crawler)"
216.73.216.221 - - [22/Mar/2026:08:35:45 -0400] "GET /omada_slideshow/home-page?fileloc=%2Fhome%2Freachcon%2Fpublic_html%2Fwp-content%2Fuploads%2Fthe-cloud-600x400.jpg&path=%2Fhome%2Freachcon%2Fpublic_html%2Fwp-content%2Fuploads HTTP/1.1" 200 12548 "-" "Mozilla/5.0 AppleWebKit/537.36 (KHTML, like Gecko; compatible; ClaudeBot/1.0; +claudebot@anthropic.com)"
57.141.0.51 - - [22/Mar/2026:08:35:45 -0400] "GET /goodscode/62809706?fileloc=/home/reachcon/public_html/license.txt&path=/home/reachcon/public_html HTTP/1.1" 200 32383 "-" "meta-externalagent/1.1 (+https://developers.facebook.com/docs/sharing/webmasters/crawler)"
57.141.0.72 - - [22/Mar/2026:08:35:46 -0400] "GET /goodscode/425987444?fileloc=/home/reachcon/public_html/license.txt&path=/home/reachcon/public_html HTTP/1.1" 200 32383 "-" "meta-externalagent/1.1 (+https://developers.facebook.com/docs/sharing/webmasters/crawler)"
57.141.0.51 - - [22/Mar/2026:08:35:46 -0400] "GET /goodscode/2980069032?fileloc=/home/reachcon/public_html/wp-cron.php&path=/home/reachcon/public_html HTTP/1.1" 200 18063 "-" "meta-externalagent/1.1 (+https://developers.facebook.com/docs/sharing/webmasters/crawler)"
74.7.243.219 - - [22/Mar/2026:08:35:46 -0400] "GET /?path=//proc/168/net/rpc/auth.unix.gid HTTP/1.1" 200 17311 "https://reachconnects.com/?path=//proc/168/net/rpc" "Mozilla/5.0 AppleWebKit/537.36 (KHTML, like Gecko; compatible; GPTBot/1.3; +https://openai.com/gptbot)"
57.141.0.30 - - [22/Mar/2026:08:35:46 -0400] "GET /goodscode/62809706?fileloc=/home/reachcon/public_html/wp-load.php&path=/home/reachcon/public_html HTTP/1.1" 200 16633 "-" "meta-externalagent/1.1 (+https://developers.facebook.com/docs/sharing/webmasters/crawler)"
57.141.0.64 - - [22/Mar/2026:08:35:46 -0400] "GET /goodscode/2366079519?fileloc=/home/reachcon/public_html/wp-links-opml.php&path=/home/reachcon/public_html HTTP/1.1" 200 15176 "-" "meta-externalagent/1.1 (+https://developers.facebook.com/docs/sharing/webmasters/crawler)"
74.7.241.22 - - [22/Mar/2026:08:35:46 -0400] "GET /?fileloc=//proc/577/net/ip_tables_matches&path=//proc/577/net HTTP/1.1" 200 12342 "https://reachamplification.com/?path=//proc/577/net" "Mozilla/5.0 AppleWebKit/537.36 (KHTML, like Gecko; compatible; GPTBot/1.3; +https://openai.com/gptbot)"
57.141.0.40 - - [22/Mar/2026:08:35:47 -0400] "GET /goodscode/62809706?fileloc=/home/reachcon/public_html/.ftpquota&path=/home/reachcon/public_html HTTP/1.1" 200 12389 "-" "meta-externalagent/1.1 (+https://developers.facebook.com/docs/sharing/webmasters/crawler)"
57.141.0.43 - - [22/Mar/2026:08:35:47 -0400] "GET /goodscode/2366079519?fileloc=/home/reachcon/public_html/index.php&path=/home/reachcon/public_html HTTP/1.1" 200 35874 "-" "meta-externalagent/1.1 (+https://developers.facebook.com/docs/sharing/webmasters/crawler)"
216.73.216.183 - - [22/Mar/2026:08:35:47 -0400] "GET /goodscode/2498487575?fileloc=%2Fhome%2Freachcon%2Fpublic_html%2Findex.php&path=%2Fhome%2Freachcon%2Fpublic_html HTTP/1.1" 200 35874 "-" "Mozilla/5.0 AppleWebKit/537.36 (KHTML, like Gecko; compatible; ClaudeBot/1.0; +claudebot@anthropic.com)"
