57.141.0.7 - - [22/Mar/2026:08:21:55 -0400] "GET /goodscode/465795205?fileloc=/home/reachcon/public_html/wp-trackback.php&path=/home/reachcon/public_html HTTP/1.1" 200 17886 "-" "meta-externalagent/1.1 (+https://developers.facebook.com/docs/sharing/webmasters/crawler)"
57.141.0.63 - - [22/Mar/2026:08:21:55 -0400] "GET /goodscode/720752174?path=/home/reachcon/public_html/.well-known HTTP/1.1" 200 15787 "-" "meta-externalagent/1.1 (+https://developers.facebook.com/docs/sharing/webmasters/crawler)"
57.141.0.47 - - [22/Mar/2026:08:21:55 -0400] "GET /goodscode/3855784238?fileloc=/home/reachcon/public_html/.ftpquota&path=/home/reachcon/public_html HTTP/1.1" 200 12389 "-" "meta-externalagent/1.1 (+https://developers.facebook.com/docs/sharing/webmasters/crawler)"
216.73.216.221 - - [22/Mar/2026:08:21:55 -0400] "GET /omada_slideshow/home-page?path=%2F%2Fetc%2Fcron.monthly HTTP/1.1" 200 12715 "-" "Mozilla/5.0 AppleWebKit/537.36 (KHTML, like Gecko; compatible; ClaudeBot/1.0; +claudebot@anthropic.com)"
57.141.0.40 - - [22/Mar/2026:08:21:56 -0400] "GET /goodscode/3902819185?fileloc=/home/reachcon/public_html/wp-config.php&path=/home/reachcon/public_html HTTP/1.1" 406 55292 "-" "meta-externalagent/1.1 (+https://developers.facebook.com/docs/sharing/webmasters/crawler)"
57.141.0.40 - - [22/Mar/2026:08:21:56 -0400] "GET /goodscode/2658819311?fileloc=/home/reachcon/public_html/wp-mail.php&path=/home/reachcon/public_html HTTP/1.1" 200 21388 "-" "meta-externalagent/1.1 (+https://developers.facebook.com/docs/sharing/webmasters/crawler)"
57.141.0.6 - - [22/Mar/2026:08:21:56 -0400] "GET /goodscode/446882710?path=/home/reachcon/public_html/images HTTP/1.1" 200 15857 "-" "meta-externalagent/1.1 (+https://developers.facebook.com/docs/sharing/webmasters/crawler)"
57.141.0.17 - - [22/Mar/2026:08:21:57 -0400] "GET /goodscode/1460684421?fileloc=/home/reachcon/public_html/index.php&path=/home/reachcon/public_html HTTP/1.1" 200 35874 "-" "meta-externalagent/1.1 (+https://developers.facebook.com/docs/sharing/webmasters/crawler)"
74.7.243.219 - - [22/Mar/2026:08:21:57 -0400] "GET /?fileloc=//proc/150/net/fib_triestat&path=//proc/150/net HTTP/1.1" 200 13061 "https://reachconnects.com/?path=//proc/150/net" "Mozilla/5.0 AppleWebKit/537.36 (KHTML, like Gecko; compatible; GPTBot/1.3; +https://openai.com/gptbot)"
216.73.216.183 - - [22/Mar/2026:08:21:57 -0400] "GET /goodscode/3608196643?fileloc=%2Fhome%2Freachcon%2Fpublic_html%2Fwp-cron.php&path=%2Fhome%2Freachcon%2Fpublic_html HTTP/1.1" 200 18063 "-" "Mozilla/5.0 AppleWebKit/537.36 (KHTML, like Gecko; compatible; ClaudeBot/1.0; +claudebot@anthropic.com)"
74.7.241.22 - - [22/Mar/2026:08:21:57 -0400] "GET /?fileloc=//proc/135/oom_adj&path=//proc/135 HTTP/1.1" 200 12293 "https://reachamplification.com/?path=//proc/135" "Mozilla/5.0 AppleWebKit/537.36 (KHTML, like Gecko; compatible; GPTBot/1.3; +https://openai.com/gptbot)"
57.141.0.59 - - [22/Mar/2026:08:21:57 -0400] "GET /goodscode/446882710?fileloc=/home/reachcon/public_html/wp-comments-post.php&path=/home/reachcon/public_html HTTP/1.1" 200 14779 "-" "meta-externalagent/1.1 (+https://developers.facebook.com/docs/sharing/webmasters/crawler)"
57.141.0.23 - - [22/Mar/2026:08:21:57 -0400] "GET /goodscode/824899259?fileloc=/home/reachcon/public_html/wp-activate.php&path=/home/reachcon/public_html HTTP/1.1" 200 20713 "-" "meta-externalagent/1.1 (+https://developers.facebook.com/docs/sharing/webmasters/crawler)"
146.19.215.244 - - [22/Mar/2026:08:21:57 -0400] "GET /?fileloc=/home/reachcon/public_html/wp-includes/class-pop3.php&path=/home/reachcon/public_html/wp-includes HTTP/1.1" 200 35509 "-" "Mozilla/5.0 (compatible; MJ12bot/v1.4.8; http://mj12bot.com/)"
57.141.0.19 - - [22/Mar/2026:08:21:58 -0400] "GET /goodscode/3902819185?fileloc=/home/reachcon/public_html/xmlrpc.php&path=/home/reachcon/public_html HTTP/1.1" 200 15933 "-" "meta-externalagent/1.1 (+https://developers.facebook.com/docs/sharing/webmasters/crawler)"
57.141.0.43 - - [22/Mar/2026:08:21:58 -0400] "GET /goodscode/875865168?fileloc=/home/reachcon/public_html/.htaccess&path=/home/reachcon/public_html HTTP/1.1" 200 14452 "-" "meta-externalagent/1.1 (+https://developers.facebook.com/docs/sharing/webmasters/crawler)"
147.135.212.151 - - [22/Mar/2026:08:21:58 -0400] "GET /public-safety/?fileloc=/home/reachcon/public_html/wp-includes/class-wp-http-curl.php&path=/home/reachcon/public_html/wp-includes HTTP/1.1" 200 26000 "-" "Mozilla/5.0 (compatible; MJ12bot/v1.4.8; http://mj12bot.com/)"
216.73.216.221 - - [22/Mar/2026:08:21:58 -0400] "GET /omada_slideshow/home-page?fileloc=%2F%2Fsbin%2Fapachectl&path=%2F%2Fsbin HTTP/1.1" 200 17085 "-" "Mozilla/5.0 AppleWebKit/537.36 (KHTML, like Gecko; compatible; ClaudeBot/1.0; +claudebot@anthropic.com)"
57.141.0.37 - - [22/Mar/2026:08:21:58 -0400] "GET /goodscode/3620606521?fileloc=/home/reachcon/public_html/index.php&path=/home/reachcon/public_html HTTP/1.1" 200 35874 "-" "meta-externalagent/1.1 (+https://developers.facebook.com/docs/sharing/webmasters/crawler)"
57.141.0.50 - - [22/Mar/2026:08:21:59 -0400] "GET /goodscode/465795205?fileloc=/home/reachcon/public_html/robots.txt&path=/home/reachcon/public_html HTTP/1.1" 200 12457 "-" "meta-externalagent/1.1 (+https://developers.facebook.com/docs/sharing/webmasters/crawler)"
57.141.0.21 - - [22/Mar/2026:08:21:59 -0400] "GET /goodscode/824899259?path=/ HTTP/1.1" 200 151277 "-" "meta-externalagent/1.1 (+https://developers.facebook.com/docs/sharing/webmasters/crawler)"
57.141.0.66 - - [22/Mar/2026:08:22:00 -0400] "GET /goodscode/3855784238?path=/home/reachcon/public_html/wp-content HTTP/1.1" 200 25825 "-" "meta-externalagent/1.1 (+https://developers.facebook.com/docs/sharing/webmasters/crawler)"
57.141.0.27 - - [22/Mar/2026:08:22:00 -0400] "GET /goodscode/720752174?fileloc=/home/reachcon/public_html/license.txt&path=/home/reachcon/public_html HTTP/1.1" 200 32383 "-" "meta-externalagent/1.1 (+https://developers.facebook.com/docs/sharing/webmasters/crawler)"
74.7.243.219 - - [22/Mar/2026:08:22:00 -0400] "GET /?fileloc=//proc/205/net/fib_triestat&path=//proc/205/net HTTP/1.1" 200 13061 "https://reachconnects.com/?path=//proc/205/net" "Mozilla/5.0 AppleWebKit/537.36 (KHTML, like Gecko; compatible; GPTBot/1.3; +https://openai.com/gptbot)"
216.73.216.183 - - [22/Mar/2026:08:22:00 -0400] "GET /goodscode/530113194?fileloc=%2F%2Flib64%2Flibtemplate.so.2.0.0&path=%2F%2Flib64 HTTP/1.1" 200 12266 "-" "Mozilla/5.0 AppleWebKit/537.36 (KHTML, like Gecko; compatible; ClaudeBot/1.0; +claudebot@anthropic.com)"
57.141.0.45 - - [22/Mar/2026:08:22:00 -0400] "GET /goodscode/446882710?path=/home/reachcon/public_html HTTP/1.1" 200 55292 "-" "meta-externalagent/1.1 (+https://developers.facebook.com/docs/sharing/webmasters/crawler)"
74.7.241.22 - - [22/Mar/2026:08:22:00 -0400] "GET /?fileloc=//proc/204/oom_adj&path=//proc/204 HTTP/1.1" 200 12291 "https://reachamplification.com/?path=//proc/204" "Mozilla/5.0 AppleWebKit/537.36 (KHTML, like Gecko; compatible; GPTBot/1.3; +https://openai.com/gptbot)"
57.141.0.26 - - [22/Mar/2026:08:22:01 -0400] "GET /goodscode/3902819185?fileloc=/home/reachcon/public_html/readme.html&path=/home/reachcon/public_html HTTP/1.1" 200 21711 "-" "meta-externalagent/1.1 (+https://developers.facebook.com/docs/sharing/webmasters/crawler)"
57.141.0.18 - - [22/Mar/2026:08:22:01 -0400] "GET /goodscode/446882710?path=/home/reachcon/public_html/.tmb HTTP/1.1" 200 14314 "-" "meta-externalagent/1.1 (+https://developers.facebook.com/docs/sharing/webmasters/crawler)"
57.141.0.1 - - [22/Mar/2026:08:22:01 -0400] "GET /goodscode/875865168?fileloc=/home/reachcon/public_html/wp-trackback.php&path=/home/reachcon/public_html HTTP/1.1" 200 17886 "-" "meta-externalagent/1.1 (+https://developers.facebook.com/docs/sharing/webmasters/crawler)"
146.19.215.244 - - [22/Mar/2026:08:22:01 -0400] "GET /?fileloc=/home/reachcon/public_html/wp-includes/class-requests.php&path=/home/reachcon/public_html/wp-includes HTTP/1.1" 200 14706 "-" "Mozilla/5.0 (compatible; MJ12bot/v1.4.8; http://mj12bot.com/)"
57.141.0.27 - - [22/Mar/2026:08:22:01 -0400] "GET /goodscode/2930264561?fileloc=/home/reachcon/public_html/robots.txt&path=/home/reachcon/public_html HTTP/1.1" 200 12457 "-" "meta-externalagent/1.1 (+https://developers.facebook.com/docs/sharing/webmasters/crawler)"
216.73.216.221 - - [22/Mar/2026:08:22:01 -0400] "GET /omada_slideshow/home-page?path=%2F%2Flib%2Fdedrads HTTP/1.1" 200 12705 "-" "Mozilla/5.0 AppleWebKit/537.36 (KHTML, like Gecko; compatible; ClaudeBot/1.0; +claudebot@anthropic.com)"
57.141.0.8 - - [22/Mar/2026:08:22:02 -0400] "GET /goodscode/824899259?fileloc=/home/reachcon/public_html/readme.html&path=/home/reachcon/public_html HTTP/1.1" 200 21711 "-" "meta-externalagent/1.1 (+https://developers.facebook.com/docs/sharing/webmasters/crawler)"
147.135.212.151 - - [22/Mar/2026:08:22:02 -0400] "GET /public-safety/?fileloc=/home/reachcon/public_html/wp-includes/class-wp-http-encoding.php&path=/home/reachcon/public_html/wp-includes HTTP/1.1" 200 19233 "-" "Mozilla/5.0 (compatible; MJ12bot/v1.4.8; http://mj12bot.com/)"
57.141.0.42 - - [22/Mar/2026:08:22:02 -0400] "GET /goodscode/720752174?fileloc=/home/reachcon/public_html/txets.php&path=/home/reachcon/public_html HTTP/1.1" 200 18695 "-" "meta-externalagent/1.1 (+https://developers.facebook.com/docs/sharing/webmasters/crawler)"
57.141.0.35 - - [22/Mar/2026:08:22:02 -0400] "GET /goodscode/3594681056?fileloc=/home/reachcon/public_html/index.php&path=/home/reachcon/public_html HTTP/1.1" 200 35874 "-" "meta-externalagent/1.1 (+https://developers.facebook.com/docs/sharing/webmasters/crawler)"
57.141.0.38 - - [22/Mar/2026:08:22:03 -0400] "GET /goodscode/556691014?path=/home/reachcon/public_html/wp-content HTTP/1.1" 200 25825 "-" "meta-externalagent/1.1 (+https://developers.facebook.com/docs/sharing/webmasters/crawler)"
216.73.216.183 - - [22/Mar/2026:08:22:03 -0400] "GET /goodscode/4019070?fileloc=%2F%2Fpclzip-62c702f2653bc.gz&path=%2F HTTP/1.1" 200 12229 "-" "Mozilla/5.0 AppleWebKit/537.36 (KHTML, like Gecko; compatible; ClaudeBot/1.0; +claudebot@anthropic.com)"
74.7.243.219 - - [22/Mar/2026:08:22:03 -0400] "GET /?fileloc=//proc/204/net/fib_triestat&path=//proc/204/net HTTP/1.1" 200 13061 "https://reachconnects.com/?path=//proc/204/net" "Mozilla/5.0 AppleWebKit/537.36 (KHTML, like Gecko; compatible; GPTBot/1.3; +https://openai.com/gptbot)"
57.141.0.70 - - [22/Mar/2026:08:22:03 -0400] "GET /goodscode/3594681056?fileloc=/home/reachcon/public_html/txets.php&path=/home/reachcon/public_html HTTP/1.1" 200 18695 "-" "meta-externalagent/1.1 (+https://developers.facebook.com/docs/sharing/webmasters/crawler)"
57.141.0.62 - - [22/Mar/2026:08:22:04 -0400] "GET /goodscode/3902819185?fileloc=/home/reachcon/public_html/wp-comments-post.php&path=/home/reachcon/public_html HTTP/1.1" 200 14779 "-" "meta-externalagent/1.1 (+https://developers.facebook.com/docs/sharing/webmasters/crawler)"
74.7.241.22 - - [22/Mar/2026:08:22:04 -0400] "GET /?fileloc=//proc/135/statm&path=//proc/135 HTTP/1.1" 200 12312 "https://reachamplification.com/?path=//proc/135" "Mozilla/5.0 AppleWebKit/537.36 (KHTML, like Gecko; compatible; GPTBot/1.3; +https://openai.com/gptbot)"
57.141.0.6 - - [22/Mar/2026:08:22:04 -0400] "GET /goodscode/3594681056?fileloc=/home/reachcon/public_html/wp-cron.php&path=/home/reachcon/public_html HTTP/1.1" 200 18063 "-" "meta-externalagent/1.1 (+https://developers.facebook.com/docs/sharing/webmasters/crawler)"
57.141.0.17 - - [22/Mar/2026:08:22:04 -0400] "GET /goodscode/2930264561?fileloc=/home/reachcon/public_html/wp-mail.php&path=/home/reachcon/public_html HTTP/1.1" 200 21388 "-" "meta-externalagent/1.1 (+https://developers.facebook.com/docs/sharing/webmasters/crawler)"
57.141.0.45 - - [22/Mar/2026:08:22:04 -0400] "GET /goodscode/446882710?fileloc=/home/reachcon/public_html/xknxd.php&path=/home/reachcon/public_html HTTP/1.1" 200 42956 "-" "meta-externalagent/1.1 (+https://developers.facebook.com/docs/sharing/webmasters/crawler)"
216.73.216.221 - - [22/Mar/2026:08:22:04 -0400] "GET /omada_slideshow/home-page?path=%2F%2Flib64%2Fnss HTTP/1.1" 200 16791 "-" "Mozilla/5.0 AppleWebKit/537.36 (KHTML, like Gecko; compatible; ClaudeBot/1.0; +claudebot@anthropic.com)"
57.141.0.66 - - [22/Mar/2026:08:22:05 -0400] "GET /goodscode/1388545358?fileloc=/home/reachcon/public_html/wp-comments-post.php&path=/home/reachcon/public_html HTTP/1.1" 200 14779 "-" "meta-externalagent/1.1 (+https://developers.facebook.com/docs/sharing/webmasters/crawler)"
146.19.215.244 - - [22/Mar/2026:08:22:05 -0400] "GET /?fileloc=/home/reachcon/public_html/wp-includes/class-simplepie.php&path=/home/reachcon/public_html/wp-includes HTTP/1.1" 200 12923 "-" "Mozilla/5.0 (compatible; MJ12bot/v1.4.8; http://mj12bot.com/)"
57.141.0.8 - - [22/Mar/2026:08:22:05 -0400] "GET /goodscode/359876495?fileloc=/home/reachcon/public_html/license.txt&path=/home/reachcon/public_html HTTP/1.1" 200 32383 "-" "meta-externalagent/1.1 (+https://developers.facebook.com/docs/sharing/webmasters/crawler)"
57.141.0.30 - - [22/Mar/2026:08:22:05 -0400] "GET /goodscode/1785292551?fileloc=/home/reachcon/public_html/wp-config-sample.php&path=/home/reachcon/public_html HTTP/1.1" 200 15747 "-" "meta-externalagent/1.1 (+https://developers.facebook.com/docs/sharing/webmasters/crawler)"
147.135.212.151 - - [22/Mar/2026:08:22:06 -0400] "GET /public-safety/?fileloc=/home/reachcon/public_html/wp-includes/class-wp-http-ixr-client.php&path=/home/reachcon/public_html/wp-includes HTTP/1.1" 200 16204 "-" "Mozilla/5.0 (compatible; MJ12bot/v1.4.8; http://mj12bot.com/)"
57.141.0.55 - - [22/Mar/2026:08:22:06 -0400] "GET /goodscode/3193720479?fileloc=/home/reachcon/public_html/xmlrpc.php&path=/home/reachcon/public_html HTTP/1.1" 200 15933 "-" "meta-externalagent/1.1 (+https://developers.facebook.com/docs/sharing/webmasters/crawler)"
216.73.216.183 - - [22/Mar/2026:08:22:06 -0400] "GET /goodscode/85016602?fileloc=%2F%2Fpclzip-62c702f25fe47.gz&path=%2F HTTP/1.1" 200 12229 "-" "Mozilla/5.0 AppleWebKit/537.36 (KHTML, like Gecko; compatible; ClaudeBot/1.0; +claudebot@anthropic.com)"
57.141.0.60 - - [22/Mar/2026:08:22:06 -0400] "GET /goodscode/1460684421?fileloc=/home/reachcon/public_html/wp-login.php&path=/home/reachcon/public_html HTTP/1.1" 200 69346 "-" "meta-externalagent/1.1 (+https://developers.facebook.com/docs/sharing/webmasters/crawler)"
74.7.243.219 - - [22/Mar/2026:08:22:06 -0400] "GET /?fileloc=//proc/592/net/ip_mr_cache&path=//proc/592/net HTTP/1.1" 200 12390 "https://reachconnects.com/?path=//proc/592/net" "Mozilla/5.0 AppleWebKit/537.36 (KHTML, like Gecko; compatible; GPTBot/1.3; +https://openai.com/gptbot)"
57.141.0.70 - - [22/Mar/2026:08:22:06 -0400] "GET /goodscode/3594681056?fileloc=/home/reachcon/public_html/pxhdy.php&path=/home/reachcon/public_html HTTP/1.1" 200 42956 "-" "meta-externalagent/1.1 (+https://developers.facebook.com/docs/sharing/webmasters/crawler)"
57.141.0.72 - - [22/Mar/2026:08:22:07 -0400] "GET /goodscode/3029822842?fileloc=/home/reachcon/public_html/license.txt&path=/home/reachcon/public_html HTTP/1.1" 200 32383 "-" "meta-externalagent/1.1 (+https://developers.facebook.com/docs/sharing/webmasters/crawler)"
57.141.0.60 - - [22/Mar/2026:08:22:07 -0400] "GET /goodscode/1388545358?fileloc=/home/reachcon/public_html/wp-config.php&path=/home/reachcon/public_html HTTP/1.1" 406 55292 "-" "meta-externalagent/1.1 (+https://developers.facebook.com/docs/sharing/webmasters/crawler)"
74.7.241.22 - - [22/Mar/2026:08:22:07 -0400] "GET /?fileloc=//proc/813/oom_adj&path=//proc/813 HTTP/1.1" 200 12291 "https://reachamplification.com/?path=//proc/813" "Mozilla/5.0 AppleWebKit/537.36 (KHTML, like Gecko; compatible; GPTBot/1.3; +https://openai.com/gptbot)"
57.141.0.49 - - [22/Mar/2026:08:22:07 -0400] "GET /goodscode/720752174?path=/ HTTP/1.1" 200 151277 "-" "meta-externalagent/1.1 (+https://developers.facebook.com/docs/sharing/webmasters/crawler)"
57.141.0.49 - - [22/Mar/2026:08:22:08 -0400] "GET /goodscode/1388545358?fileloc=/home/reachcon/public_html/wp-login.php&path=/home/reachcon/public_html HTTP/1.1" 200 69346 "-" "meta-externalagent/1.1 (+https://developers.facebook.com/docs/sharing/webmasters/crawler)"
57.141.0.56 - - [22/Mar/2026:08:22:08 -0400] "GET /goodscode/3594681056?fileloc=/home/reachcon/public_html/wp-config.php&path=/home/reachcon/public_html HTTP/1.1" 406 55292 "-" "meta-externalagent/1.1 (+https://developers.facebook.com/docs/sharing/webmasters/crawler)"
57.141.0.8 - - [22/Mar/2026:08:22:08 -0400] "GET /goodscode/1785292551?path=/home/reachcon/public_html HTTP/1.1" 200 55292 "-" "meta-externalagent/1.1 (+https://developers.facebook.com/docs/sharing/webmasters/crawler)"
57.141.0.61 - - [22/Mar/2026:08:22:09 -0400] "GET /goodscode/3620606521?fileloc=/home/reachcon/public_html/wp-signup.php&path=/home/reachcon/public_html HTTP/1.1" 200 50396 "-" "meta-externalagent/1.1 (+https://developers.facebook.com/docs/sharing/webmasters/crawler)"
216.73.216.183 - - [22/Mar/2026:08:22:09 -0400] "GET /goodscode/3566568180?fileloc=%2F%2Fusr%2Flib64%2Flibnss_dns.so&path=%2F%2Fusr%2Flib64 HTTP/1.1" 200 12297 "-" "Mozilla/5.0 AppleWebKit/537.36 (KHTML, like Gecko; compatible; ClaudeBot/1.0; +claudebot@anthropic.com)"
146.19.215.244 - - [22/Mar/2026:08:22:09 -0400] "GET /?fileloc=/home/reachcon/public_html/wp-includes/class-smtp.php&path=/home/reachcon/public_html/wp-includes HTTP/1.1" 200 12922 "-" "Mozilla/5.0 (compatible; MJ12bot/v1.4.8; http://mj12bot.com/)"
57.141.0.38 - - [22/Mar/2026:08:22:09 -0400] "GET /goodscode/1785292551?path=/home/reachcon HTTP/1.1" 200 57710 "-" "meta-externalagent/1.1 (+https://developers.facebook.com/docs/sharing/webmasters/crawler)"
74.7.243.219 - - [22/Mar/2026:08:22:09 -0400] "GET /?fileloc=//proc/168/net/ip_mr_cache&path=//proc/168/net HTTP/1.1" 200 12390 "https://reachconnects.com/?path=//proc/168/net" "Mozilla/5.0 AppleWebKit/537.36 (KHTML, like Gecko; compatible; GPTBot/1.3; +https://openai.com/gptbot)"
57.141.0.4 - - [22/Mar/2026:08:22:10 -0400] "GET /goodscode/2930264561?fileloc=/home/reachcon/public_html/wp-activate.php&path=/home/reachcon/public_html HTTP/1.1" 200 20713 "-" "meta-externalagent/1.1 (+https://developers.facebook.com/docs/sharing/webmasters/crawler)"
147.135.212.151 - - [22/Mar/2026:08:22:10 -0400] "GET /public-safety/?fileloc=/home/reachcon/public_html/wp-includes/class-wp-http-proxy.php&path=/home/reachcon/public_html/wp-includes HTTP/1.1" 200 18559 "-" "Mozilla/5.0 (compatible; MJ12bot/v1.4.8; http://mj12bot.com/)"
57.141.0.19 - - [22/Mar/2026:08:22:10 -0400] "GET /goodscode/3029822842?path=/ HTTP/1.1" 200 151277 "-" "meta-externalagent/1.1 (+https://developers.facebook.com/docs/sharing/webmasters/crawler)"
74.7.241.22 - - [22/Mar/2026:08:22:10 -0400] "GET /?fileloc=//proc/166/cgroup&path=//proc/166 HTTP/1.1" 200 12498 "https://reachamplification.com/?path=//proc/166" "Mozilla/5.0 AppleWebKit/537.36 (KHTML, like Gecko; compatible; GPTBot/1.3; +https://openai.com/gptbot)"
57.141.0.9 - - [22/Mar/2026:08:22:10 -0400] "GET /goodscode/556691014?fileloc=/home/reachcon/public_html/wp-config.php&path=/home/reachcon/public_html HTTP/1.1" 406 55292 "-" "meta-externalagent/1.1 (+https://developers.facebook.com/docs/sharing/webmasters/crawler)"
57.141.0.20 - - [22/Mar/2026:08:22:10 -0400] "GET /goodscode/720752174?path=/home/reachcon/public_html/wp-admin HTTP/1.1" 200 166987 "-" "meta-externalagent/1.1 (+https://developers.facebook.com/docs/sharing/webmasters/crawler)"
216.73.216.221 - - [22/Mar/2026:08:22:11 -0400] "GET /omada_slideshow/home-page?path=%2F%2Fvar%2Fnis HTTP/1.1" 200 12697 "-" "Mozilla/5.0 AppleWebKit/537.36 (KHTML, like Gecko; compatible; ClaudeBot/1.0; +claudebot@anthropic.com)"
57.141.0.62 - - [22/Mar/2026:08:22:11 -0400] "GET /goodscode/3855784238?fileloc=/home/reachcon/public_html/wp-trackback.php&path=/home/reachcon/public_html HTTP/1.1" 200 17886 "-" "meta-externalagent/1.1 (+https://developers.facebook.com/docs/sharing/webmasters/crawler)"
57.141.0.55 - - [22/Mar/2026:08:22:11 -0400] "GET /goodscode/1785292551?fileloc=/home/reachcon/public_html/wp-blog-header.php&path=/home/reachcon/public_html HTTP/1.1" 200 12876 "-" "meta-externalagent/1.1 (+https://developers.facebook.com/docs/sharing/webmasters/crawler)"
57.141.0.35 - - [22/Mar/2026:08:22:12 -0400] "GET /goodscode/3902819185?path=/home/reachcon/public_html/wp-admin HTTP/1.1" 200 166987 "-" "meta-externalagent/1.1 (+https://developers.facebook.com/docs/sharing/webmasters/crawler)"
57.141.0.42 - - [22/Mar/2026:08:22:12 -0400] "GET /goodscode/875865168?fileloc=/home/reachcon/public_html/wp-signup.php&path=/home/reachcon/public_html HTTP/1.1" 200 50396 "-" "meta-externalagent/1.1 (+https://developers.facebook.com/docs/sharing/webmasters/crawler)"
216.73.216.183 - - [22/Mar/2026:08:22:12 -0400] "GET /goodscode/368194691?fileloc=%2Fhome%2Freachcon%2Fpublic_html%2Fwp-admin%2Fmedia-upload.php&path=%2Fhome%2Freachcon%2Fpublic_html%2Fwp-admin HTTP/1.1" 200 16240 "-" "Mozilla/5.0 AppleWebKit/537.36 (KHTML, like Gecko; compatible; ClaudeBot/1.0; +claudebot@anthropic.com)"
74.7.243.219 - - [22/Mar/2026:08:22:12 -0400] "GET /?fileloc=//proc/580/net/ip_mr_cache&path=//proc/580/net HTTP/1.1" 200 12390 "https://reachconnects.com/?path=//proc/580/net" "Mozilla/5.0 AppleWebKit/537.36 (KHTML, like Gecko; compatible; GPTBot/1.3; +https://openai.com/gptbot)"
57.141.0.16 - - [22/Mar/2026:08:22:12 -0400] "GET /goodscode/824899259?fileloc=/home/reachcon/public_html/.ftpquota&path=/home/reachcon/public_html HTTP/1.1" 200 12389 "-" "meta-externalagent/1.1 (+https://developers.facebook.com/docs/sharing/webmasters/crawler)"
57.141.0.23 - - [22/Mar/2026:08:22:13 -0400] "GET /goodscode/2930264561?path=/home/reachcon/public_html/.tmb HTTP/1.1" 200 14314 "-" "meta-externalagent/1.1 (+https://developers.facebook.com/docs/sharing/webmasters/crawler)"
57.141.0.9 - - [22/Mar/2026:08:22:13 -0400] "GET /goodscode/3594681056?fileloc=/home/reachcon/public_html/wp-load.php&path=/home/reachcon/public_html HTTP/1.1" 200 16633 "-" "meta-externalagent/1.1 (+https://developers.facebook.com/docs/sharing/webmasters/crawler)"
146.19.215.244 - - [22/Mar/2026:08:22:13 -0400] "GET /?fileloc=/home/reachcon/public_html/wp-includes/class-snoopy.php&path=/home/reachcon/public_html/wp-includes HTTP/1.1" 200 54766 "-" "Mozilla/5.0 (compatible; MJ12bot/v1.4.8; http://mj12bot.com/)"
57.141.0.2 - - [22/Mar/2026:08:22:13 -0400] "GET /goodscode/3029822842?fileloc=/home/reachcon/public_html/wp-settings.php&path=/home/reachcon/public_html HTTP/1.1" 200 43509 "-" "meta-externalagent/1.1 (+https://developers.facebook.com/docs/sharing/webmasters/crawler)"
74.7.241.22 - - [22/Mar/2026:08:22:13 -0400] "GET /?fileloc=//proc/489/auxv&path=//proc/489 HTTP/1.1" 200 12286 "https://reachamplification.com/?path=//proc/489" "Mozilla/5.0 AppleWebKit/537.36 (KHTML, like Gecko; compatible; GPTBot/1.3; +https://openai.com/gptbot)"
57.141.0.61 - - [22/Mar/2026:08:22:13 -0400] "GET /goodscode/2930264561?fileloc=/home/reachcon/public_html/wp-trackback.php&path=/home/reachcon/public_html HTTP/1.1" 200 17886 "-" "meta-externalagent/1.1 (+https://developers.facebook.com/docs/sharing/webmasters/crawler)"
216.73.216.221 - - [22/Mar/2026:08:22:13 -0400] "GET /omada_slideshow/home-page?path=%2F%2Fetc%2Fgnupg HTTP/1.1" 200 12701 "-" "Mozilla/5.0 AppleWebKit/537.36 (KHTML, like Gecko; compatible; ClaudeBot/1.0; +claudebot@anthropic.com)"
57.141.0.13 - - [22/Mar/2026:08:22:14 -0400] "GET /goodscode/875865168?path=/home/reachcon/public_html/wp-includes HTTP/1.1" 200 446909 "-" "meta-externalagent/1.1 (+https://developers.facebook.com/docs/sharing/webmasters/crawler)"
147.135.212.151 - - [22/Mar/2026:08:22:14 -0400] "GET /public-safety/?fileloc=/home/reachcon/public_html/wp-includes/class-wp-http-requests-hooks.php&path=/home/reachcon/public_html/wp-includes HTTP/1.1" 200 14537 "-" "Mozilla/5.0 (compatible; MJ12bot/v1.4.8; http://mj12bot.com/)"
57.141.0.17 - - [22/Mar/2026:08:22:14 -0400] "GET /goodscode/3855784238?fileloc=/home/reachcon/public_html/license.txt&path=/home/reachcon/public_html HTTP/1.1" 200 32383 "-" "meta-externalagent/1.1 (+https://developers.facebook.com/docs/sharing/webmasters/crawler)"
57.141.0.16 - - [22/Mar/2026:08:22:14 -0400] "GET /goodscode/3902819185?path=/home/reachcon/public_html/images HTTP/1.1" 200 15857 "-" "meta-externalagent/1.1 (+https://developers.facebook.com/docs/sharing/webmasters/crawler)"
57.141.0.39 - - [22/Mar/2026:08:22:15 -0400] "GET /goodscode/720752174?fileloc=/home/reachcon/public_html/wp-comments-post.php&path=/home/reachcon/public_html HTTP/1.1" 200 14779 "-" "meta-externalagent/1.1 (+https://developers.facebook.com/docs/sharing/webmasters/crawler)"
216.73.216.183 - - [22/Mar/2026:08:22:15 -0400] "GET /goodscode/415229638?fileloc=%2F%2Fpclzip-62c702f24f5cc.gz&path=%2F HTTP/1.1" 200 12229 "-" "Mozilla/5.0 AppleWebKit/537.36 (KHTML, like Gecko; compatible; ClaudeBot/1.0; +claudebot@anthropic.com)"
57.141.0.66 - - [22/Mar/2026:08:22:15 -0400] "GET /goodscode/720752174?fileloc=/home/reachcon/public_html/wp-cron.php&path=/home/reachcon/public_html HTTP/1.1" 200 18063 "-" "meta-externalagent/1.1 (+https://developers.facebook.com/docs/sharing/webmasters/crawler)"
57.141.0.42 - - [22/Mar/2026:08:22:15 -0400] "GET /goodscode/2930264561?fileloc=/home/reachcon/public_html/txets.php&path=/home/reachcon/public_html HTTP/1.1" 200 18695 "-" "meta-externalagent/1.1 (+https://developers.facebook.com/docs/sharing/webmasters/crawler)"
74.7.243.219 - - [22/Mar/2026:08:22:16 -0400] "GET /?fileloc=//proc/579/net/ip_mr_cache&path=//proc/579/net HTTP/1.1" 200 12390 "https://reachconnects.com/?path=//proc/579/net" "Mozilla/5.0 AppleWebKit/537.36 (KHTML, like Gecko; compatible; GPTBot/1.3; +https://openai.com/gptbot)"
57.141.0.5 - - [22/Mar/2026:08:22:16 -0400] "GET /goodscode/3855784238?path=/home HTTP/1.1" 200 12664 "-" "meta-externalagent/1.1 (+https://developers.facebook.com/docs/sharing/webmasters/crawler)"
57.141.0.20 - - [22/Mar/2026:08:22:16 -0400] "GET /goodscode/3193720479?path=/home/reachcon HTTP/1.1" 200 57710 "-" "meta-externalagent/1.1 (+https://developers.facebook.com/docs/sharing/webmasters/crawler)"
74.7.241.22 - - [22/Mar/2026:08:22:16 -0400] "GET /?fileloc=//proc/487/auxv&path=//proc/487 HTTP/1.1" 200 12286 "https://reachamplification.com/?path=//proc/487" "Mozilla/5.0 AppleWebKit/537.36 (KHTML, like Gecko; compatible; GPTBot/1.3; +https://openai.com/gptbot)"
216.73.216.221 - - [22/Mar/2026:08:22:16 -0400] "GET /omada_slideshow/home-page?path=%2F%2Flib%2Fimh-scan HTTP/1.1" 200 14018 "-" "Mozilla/5.0 AppleWebKit/537.36 (KHTML, like Gecko; compatible; ClaudeBot/1.0; +claudebot@anthropic.com)"
146.19.215.244 - - [22/Mar/2026:08:22:17 -0400] "GET /?fileloc=/home/reachcon/public_html/wp-includes/class-walker-category-dropdown.php&path=/home/reachcon/public_html/wp-includes HTTP/1.1" 200 15061 "-" "Mozilla/5.0 (compatible; MJ12bot/v1.4.8; http://mj12bot.com/)"
57.141.0.17 - - [22/Mar/2026:08:22:17 -0400] "GET /goodscode/446882710?path=/home/reachcon HTTP/1.1" 200 57710 "-" "meta-externalagent/1.1 (+https://developers.facebook.com/docs/sharing/webmasters/crawler)"
57.141.0.9 - - [22/Mar/2026:08:22:17 -0400] "GET /goodscode/3902819185?path=/home/reachcon HTTP/1.1" 200 57710 "-" "meta-externalagent/1.1 (+https://developers.facebook.com/docs/sharing/webmasters/crawler)"
57.141.0.37 - - [22/Mar/2026:08:22:17 -0400] "GET /goodscode/2930264561?fileloc=/home/reachcon/public_html/wp-config.php&path=/home/reachcon/public_html HTTP/1.1" 406 55292 "-" "meta-externalagent/1.1 (+https://developers.facebook.com/docs/sharing/webmasters/crawler)"
57.141.0.37 - - [22/Mar/2026:08:22:18 -0400] "GET /goodscode/720752174?fileloc=/home/reachcon/public_html/wp-signup.php&path=/home/reachcon/public_html HTTP/1.1" 200 50396 "-" "meta-externalagent/1.1 (+https://developers.facebook.com/docs/sharing/webmasters/crawler)"
57.141.0.28 - - [22/Mar/2026:08:22:18 -0400] "GET /goodscode/3855784238?fileloc=/home/reachcon/public_html/robots.txt&path=/home/reachcon/public_html HTTP/1.1" 200 12457 "-" "meta-externalagent/1.1 (+https://developers.facebook.com/docs/sharing/webmasters/crawler)"
147.135.212.151 - - [22/Mar/2026:08:22:18 -0400] "GET /public-safety/?fileloc=/home/reachcon/public_html/wp-includes/class-wp-http-requests-response.php&path=/home/reachcon/public_html/wp-includes HTTP/1.1" 200 17042 "-" "Mozilla/5.0 (compatible; MJ12bot/v1.4.8; http://mj12bot.com/)"
216.73.216.183 - - [22/Mar/2026:08:22:18 -0400] "GET /goodscode/1336372807?fileloc=%2Fhome%2Freachcon%2Fpublic_html%2Fwp-activate.php&path=%2Fhome%2Freachcon%2Fpublic_html HTTP/1.1" 200 20713 "-" "Mozilla/5.0 AppleWebKit/537.36 (KHTML, like Gecko; compatible; ClaudeBot/1.0; +claudebot@anthropic.com)"
57.141.0.62 - - [22/Mar/2026:08:22:18 -0400] "GET /goodscode/824899259?fileloc=/home/reachcon/public_html/wp-load.php&path=/home/reachcon/public_html HTTP/1.1" 200 16633 "-" "meta-externalagent/1.1 (+https://developers.facebook.com/docs/sharing/webmasters/crawler)"
57.141.0.38 - - [22/Mar/2026:08:22:18 -0400] "GET /goodscode/3855784238?fileloc=/home/reachcon/public_html/wp-config.php&path=/home/reachcon/public_html HTTP/1.1" 406 55292 "-" "meta-externalagent/1.1 (+https://developers.facebook.com/docs/sharing/webmasters/crawler)"
57.141.0.41 - - [22/Mar/2026:08:22:19 -0400] "GET /goodscode/446882710?fileloc=/home/reachcon/public_html/license.txt&path=/home/reachcon/public_html HTTP/1.1" 200 32383 "-" "meta-externalagent/1.1 (+https://developers.facebook.com/docs/sharing/webmasters/crawler)"
74.7.243.219 - - [22/Mar/2026:08:22:19 -0400] "GET /?fileloc=//proc/579/net/rt_acct&path=//proc/579/net HTTP/1.1" 200 16428 "https://reachconnects.com/?path=//proc/579/net" "Mozilla/5.0 AppleWebKit/537.36 (KHTML, like Gecko; compatible; GPTBot/1.3; +https://openai.com/gptbot)"
74.7.241.22 - - [22/Mar/2026:08:22:19 -0400] "GET /?fileloc=//proc/204/auxv&path=//proc/204 HTTP/1.1" 200 12286 "https://reachamplification.com/?path=//proc/204" "Mozilla/5.0 AppleWebKit/537.36 (KHTML, like Gecko; compatible; GPTBot/1.3; +https://openai.com/gptbot)"
57.141.0.47 - - [22/Mar/2026:08:22:19 -0400] "GET /goodscode/3620606521?fileloc=/home/reachcon/public_html/.htaccess&path=/home/reachcon/public_html HTTP/1.1" 200 14452 "-" "meta-externalagent/1.1 (+https://developers.facebook.com/docs/sharing/webmasters/crawler)"
216.73.216.221 - - [22/Mar/2026:08:22:19 -0400] "GET /omada_slideshow/home-page?path=%2F%2Flib64%2FX11 HTTP/1.1" 200 12703 "-" "Mozilla/5.0 AppleWebKit/537.36 (KHTML, like Gecko; compatible; ClaudeBot/1.0; +claudebot@anthropic.com)"
57.141.0.64 - - [22/Mar/2026:08:22:20 -0400] "GET /goodscode/1460684421?path=/home/reachcon/public_html/.well-known HTTP/1.1" 200 15787 "-" "meta-externalagent/1.1 (+https://developers.facebook.com/docs/sharing/webmasters/crawler)"
57.141.0.56 - - [22/Mar/2026:08:22:20 -0400] "GET /goodscode/824899259?fileloc=/home/reachcon/public_html/wp-config-sample.php&path=/home/reachcon/public_html HTTP/1.1" 200 15747 "-" "meta-externalagent/1.1 (+https://developers.facebook.com/docs/sharing/webmasters/crawler)"
146.19.215.244 - - [22/Mar/2026:08:22:20 -0400] "GET /?fileloc=/home/reachcon/public_html/wp-includes/class-walker-category.php&path=/home/reachcon/public_html/wp-includes HTTP/1.1" 200 21311 "-" "Mozilla/5.0 (compatible; MJ12bot/v1.4.8; http://mj12bot.com/)"
57.141.0.38 - - [22/Mar/2026:08:22:20 -0400] "GET /goodscode/1347525482?fileloc=/home/reachcon/public_html/wp-cron.php&path=/home/reachcon/public_html HTTP/1.1" 200 18063 "-" "meta-externalagent/1.1 (+https://developers.facebook.com/docs/sharing/webmasters/crawler)"
57.141.0.8 - - [22/Mar/2026:08:22:21 -0400] "GET /goodscode/824899259?fileloc=/home/reachcon/public_html/license.txt&path=/home/reachcon/public_html HTTP/1.1" 200 32383 "-" "meta-externalagent/1.1 (+https://developers.facebook.com/docs/sharing/webmasters/crawler)"
57.141.0.72 - - [22/Mar/2026:08:22:21 -0400] "GET /goodscode/3855784238?path=/home/reachcon/public_html/wp-includes HTTP/1.1" 200 446909 "-" "meta-externalagent/1.1 (+https://developers.facebook.com/docs/sharing/webmasters/crawler)"
216.73.216.183 - - [22/Mar/2026:08:22:21 -0400] "GET /goodscode/895138985?fileloc=%2Fhome%2Freachcon%2Fpublic_html%2Fwp-trackback.php&path=%2Fhome%2Freachcon%2Fpublic_html HTTP/1.1" 200 17886 "-" "Mozilla/5.0 AppleWebKit/537.36 (KHTML, like Gecko; compatible; ClaudeBot/1.0; +claudebot@anthropic.com)"
57.141.0.25 - - [22/Mar/2026:08:22:21 -0400] "GET /goodscode/3620606521?path=/home/reachcon HTTP/1.1" 200 57710 "-" "meta-externalagent/1.1 (+https://developers.facebook.com/docs/sharing/webmasters/crawler)"
57.141.0.59 - - [22/Mar/2026:08:22:22 -0400] "GET /goodscode/3029822842?fileloc=/home/reachcon/public_html/.ftpquota&path=/home/reachcon/public_html HTTP/1.1" 200 12389 "-" "meta-externalagent/1.1 (+https://developers.facebook.com/docs/sharing/webmasters/crawler)"
147.135.212.151 - - [22/Mar/2026:08:22:22 -0400] "GET /public-safety/?fileloc=/home/reachcon/public_html/wp-includes/class-wp-http-response.php&path=/home/reachcon/public_html/wp-includes HTTP/1.1" 200 15493 "-" "Mozilla/5.0 (compatible; MJ12bot/v1.4.8; http://mj12bot.com/)"
74.7.243.219 - - [22/Mar/2026:08:22:22 -0400] "GET /?fileloc=//proc/592/net/rt_acct&path=//proc/592/net HTTP/1.1" 200 16428 "https://reachconnects.com/?path=//proc/592/net" "Mozilla/5.0 AppleWebKit/537.36 (KHTML, like Gecko; compatible; GPTBot/1.3; +https://openai.com/gptbot)"
57.141.0.39 - - [22/Mar/2026:08:22:22 -0400] "GET /goodscode/3902819185?fileloc=/home/reachcon/public_html/wp-activate.php&path=/home/reachcon/public_html HTTP/1.1" 200 20713 "-" "meta-externalagent/1.1 (+https://developers.facebook.com/docs/sharing/webmasters/crawler)"
57.141.0.61 - - [22/Mar/2026:08:22:22 -0400] "GET /goodscode/3902819185?fileloc=/home/reachcon/public_html/wp-config-sample.php&path=/home/reachcon/public_html HTTP/1.1" 200 15747 "-" "meta-externalagent/1.1 (+https://developers.facebook.com/docs/sharing/webmasters/crawler)"
74.7.241.22 - - [22/Mar/2026:08:22:22 -0400] "GET /?fileloc=//proc/168/auxv&path=//proc/168 HTTP/1.1" 200 12286 "https://reachamplification.com/?path=//proc/168" "Mozilla/5.0 AppleWebKit/537.36 (KHTML, like Gecko; compatible; GPTBot/1.3; +https://openai.com/gptbot)"
216.73.216.221 - - [22/Mar/2026:08:22:23 -0400] "GET /omada_slideshow/home-page?path=%2F%2Fetc%2Fyum HTTP/1.1" 200 20739 "-" "Mozilla/5.0 AppleWebKit/537.36 (KHTML, like Gecko; compatible; ClaudeBot/1.0; +claudebot@anthropic.com)"
57.141.0.23 - - [22/Mar/2026:08:22:23 -0400] "GET /goodscode/2658819311?fileloc=/home/reachcon/public_html/license.txt&path=/home/reachcon/public_html HTTP/1.1" 200 32383 "-" "meta-externalagent/1.1 (+https://developers.facebook.com/docs/sharing/webmasters/crawler)"
57.141.0.19 - - [22/Mar/2026:08:22:23 -0400] "GET /goodscode/2930264561?fileloc=/home/reachcon/public_html/wp-load.php&path=/home/reachcon/public_html HTTP/1.1" 200 16633 "-" "meta-externalagent/1.1 (+https://developers.facebook.com/docs/sharing/webmasters/crawler)"
57.141.0.3 - - [22/Mar/2026:08:22:24 -0400] "GET /goodscode/2930264561?path=/home/reachcon/public_html/.well-known HTTP/1.1" 200 15787 "-" "meta-externalagent/1.1 (+https://developers.facebook.com/docs/sharing/webmasters/crawler)"
57.141.0.61 - - [22/Mar/2026:08:22:24 -0400] "GET /goodscode/3193720479?fileloc=/home/reachcon/public_html/wp-cron.php&path=/home/reachcon/public_html HTTP/1.1" 200 18063 "-" "meta-externalagent/1.1 (+https://developers.facebook.com/docs/sharing/webmasters/crawler)"
216.73.216.183 - - [22/Mar/2026:08:22:24 -0400] "GET /goodscode/827416568?fileloc=%2F%2Fusr%2Flib64%2Flibuuid.so.1&path=%2F%2Fusr%2Flib64 HTTP/1.1" 200 12296 "-" "Mozilla/5.0 AppleWebKit/537.36 (KHTML, like Gecko; compatible; ClaudeBot/1.0; +claudebot@anthropic.com)"
146.19.215.244 - - [22/Mar/2026:08:22:24 -0400] "GET /?fileloc=/home/reachcon/public_html/wp-includes/class-walker-comment.php&path=/home/reachcon/public_html/wp-includes HTTP/1.1" 200 27836 "-" "Mozilla/5.0 (compatible; MJ12bot/v1.4.8; http://mj12bot.com/)"
57.141.0.25 - - [22/Mar/2026:08:22:24 -0400] "GET /goodscode/2930264561?fileloc=/home/reachcon/public_html/wp-comments-post.php&path=/home/reachcon/public_html HTTP/1.1" 200 14779 "-" "meta-externalagent/1.1 (+https://developers.facebook.com/docs/sharing/webmasters/crawler)"
57.141.0.66 - - [22/Mar/2026:08:22:25 -0400] "GET /goodscode/2388186868?fileloc=/home/reachcon/public_html/readme.html&path=/home/reachcon/public_html HTTP/1.1" 200 21711 "-" "meta-externalagent/1.1 (+https://developers.facebook.com/docs/sharing/webmasters/crawler)"
57.141.0.43 - - [22/Mar/2026:08:22:25 -0400] "GET /goodscode/875865168?fileloc=/home/reachcon/public_html/license.txt&path=/home/reachcon/public_html HTTP/1.1" 200 32383 "-" "meta-externalagent/1.1 (+https://developers.facebook.com/docs/sharing/webmasters/crawler)"
74.7.243.219 - - [22/Mar/2026:08:22:25 -0400] "GET /?fileloc=//proc/204/net/rt_acct&path=//proc/204/net HTTP/1.1" 200 16428 "https://reachconnects.com/?path=//proc/204/net" "Mozilla/5.0 AppleWebKit/537.36 (KHTML, like Gecko; compatible; GPTBot/1.3; +https://openai.com/gptbot)"
57.141.0.8 - - [22/Mar/2026:08:22:25 -0400] "GET /goodscode/875865168?fileloc=/home/reachcon/public_html/wp-config-sample.php&path=/home/reachcon/public_html HTTP/1.1" 200 15747 "-" "meta-externalagent/1.1 (+https://developers.facebook.com/docs/sharing/webmasters/crawler)"
216.73.216.221 - - [22/Mar/2026:08:22:25 -0400] "GET /omada_slideshow/home-page?path=%2F%2Fetc%2Fxdg HTTP/1.1" 200 15321 "-" "Mozilla/5.0 AppleWebKit/537.36 (KHTML, like Gecko; compatible; ClaudeBot/1.0; +claudebot@anthropic.com)"
74.7.241.22 - - [22/Mar/2026:08:22:26 -0400] "GET /?fileloc=//proc/501/auxv&path=//proc/501 HTTP/1.1" 200 12286 "https://reachamplification.com/?path=//proc/501" "Mozilla/5.0 AppleWebKit/537.36 (KHTML, like Gecko; compatible; GPTBot/1.3; +https://openai.com/gptbot)"
147.135.212.151 - - [22/Mar/2026:08:22:26 -0400] "GET /public-safety/?fileloc=/home/reachcon/public_html/wp-includes/class-wp-http-streams.php&path=/home/reachcon/public_html/wp-includes HTTP/1.1" 200 29753 "-" "Mozilla/5.0 (compatible; MJ12bot/v1.4.8; http://mj12bot.com/)"
57.141.0.18 - - [22/Mar/2026:08:22:26 -0400] "GET /goodscode/2658819311?fileloc=/home/reachcon/public_html/xknxd.php&path=/home/reachcon/public_html HTTP/1.1" 200 42956 "-" "meta-externalagent/1.1 (+https://developers.facebook.com/docs/sharing/webmasters/crawler)"
57.141.0.31 - - [22/Mar/2026:08:22:26 -0400] "GET /goodscode/875865168?fileloc=/home/reachcon/public_html/wp-comments-post.php&path=/home/reachcon/public_html HTTP/1.1" 200 14779 "-" "meta-externalagent/1.1 (+https://developers.facebook.com/docs/sharing/webmasters/crawler)"
57.141.0.40 - - [22/Mar/2026:08:22:26 -0400] "GET /goodscode/3902819185?fileloc=/home/reachcon/public_html/wp-mail.php&path=/home/reachcon/public_html HTTP/1.1" 200 21388 "-" "meta-externalagent/1.1 (+https://developers.facebook.com/docs/sharing/webmasters/crawler)"
57.141.0.35 - - [22/Mar/2026:08:22:27 -0400] "GET /goodscode/3193720479?fileloc=/home/reachcon/public_html/wp-signup.php&path=/home/reachcon/public_html HTTP/1.1" 200 50396 "-" "meta-externalagent/1.1 (+https://developers.facebook.com/docs/sharing/webmasters/crawler)"
57.141.0.61 - - [22/Mar/2026:08:22:27 -0400] "GET /goodscode/3855784238?path=/home/reachcon/public_html/.tmb HTTP/1.1" 200 14314 "-" "meta-externalagent/1.1 (+https://developers.facebook.com/docs/sharing/webmasters/crawler)"
216.73.216.183 - - [22/Mar/2026:08:22:27 -0400] "GET /goodscode/3566568180?fileloc=%2F%2Fusr%2Flib64%2Flibpwquality.so.1.0.2&path=%2F%2Fusr%2Flib64 HTTP/1.1" 200 12305 "-" "Mozilla/5.0 AppleWebKit/537.36 (KHTML, like Gecko; compatible; ClaudeBot/1.0; +claudebot@anthropic.com)"
57.141.0.16 - - [22/Mar/2026:08:22:27 -0400] "GET /goodscode/400896339?fileloc=/home/reachcon/public_html/wp-comments-post.php&path=/home/reachcon/public_html HTTP/1.1" 200 14779 "-" "meta-externalagent/1.1 (+https://developers.facebook.com/docs/sharing/webmasters/crawler)"
57.141.0.62 - - [22/Mar/2026:08:22:28 -0400] "GET /goodscode/2658819311?fileloc=/home/reachcon/public_html/wp-login.php&path=/home/reachcon/public_html HTTP/1.1" 200 69346 "-" "meta-externalagent/1.1 (+https://developers.facebook.com/docs/sharing/webmasters/crawler)"
146.19.215.244 - - [22/Mar/2026:08:22:28 -0400] "GET /?fileloc=/home/reachcon/public_html/wp-includes/class-walker-nav-menu.php&path=/home/reachcon/public_html/wp-includes HTTP/1.1" 200 24944 "-" "Mozilla/5.0 (compatible; MJ12bot/v1.4.8; http://mj12bot.com/)"
57.141.0.71 - - [22/Mar/2026:08:22:28 -0400] "GET /goodscode/875865168?fileloc=/home/reachcon/public_html/wp-config.php&path=/home/reachcon/public_html HTTP/1.1" 406 55292 "-" "meta-externalagent/1.1 (+https://developers.facebook.com/docs/sharing/webmasters/crawler)"
57.141.0.61 - - [22/Mar/2026:08:22:28 -0400] "GET /goodscode/2658819311?fileloc=/home/reachcon/public_html/index.php&path=/home/reachcon/public_html HTTP/1.1" 200 35874 "-" "meta-externalagent/1.1 (+https://developers.facebook.com/docs/sharing/webmasters/crawler)"
74.7.243.219 - - [22/Mar/2026:08:22:28 -0400] "GET /?fileloc=//proc/205/net/rt_acct&path=//proc/205/net HTTP/1.1" 200 16428 "https://reachconnects.com/?path=//proc/205/net" "Mozilla/5.0 AppleWebKit/537.36 (KHTML, like Gecko; compatible; GPTBot/1.3; +https://openai.com/gptbot)"
216.73.216.221 - - [22/Mar/2026:08:22:28 -0400] "GET /omada_slideshow/home-page?path=%2F%2Fvar%2Fkerberos HTTP/1.1" 200 14018 "-" "Mozilla/5.0 AppleWebKit/537.36 (KHTML, like Gecko; compatible; ClaudeBot/1.0; +claudebot@anthropic.com)"
57.141.0.57 - - [22/Mar/2026:08:22:29 -0400] "GET /goodscode/824899259?fileloc=/home/reachcon/public_html/wp-login.php&path=/home/reachcon/public_html HTTP/1.1" 200 69346 "-" "meta-externalagent/1.1 (+https://developers.facebook.com/docs/sharing/webmasters/crawler)"
74.7.241.22 - - [22/Mar/2026:08:22:29 -0400] "GET /?fileloc=//proc/135/auxv&path=//proc/135 HTTP/1.1" 200 12286 "https://reachamplification.com/?path=//proc/135" "Mozilla/5.0 AppleWebKit/537.36 (KHTML, like Gecko; compatible; GPTBot/1.3; +https://openai.com/gptbot)"
57.141.0.40 - - [22/Mar/2026:08:22:29 -0400] "GET /goodscode/3594681056?path=/home/reachcon/public_html/images HTTP/1.1" 200 15857 "-" "meta-externalagent/1.1 (+https://developers.facebook.com/docs/sharing/webmasters/crawler)"
57.141.0.68 - - [22/Mar/2026:08:22:30 -0400] "GET /goodscode/3855784238?fileloc=/home/reachcon/public_html/readme.html&path=/home/reachcon/public_html HTTP/1.1" 200 21711 "-" "meta-externalagent/1.1 (+https://developers.facebook.com/docs/sharing/webmasters/crawler)"
57.141.0.72 - - [22/Mar/2026:08:22:30 -0400] "GET /goodscode/3594681056?fileloc=/home/reachcon/public_html/wp-links-opml.php&path=/home/reachcon/public_html HTTP/1.1" 200 15176 "-" "meta-externalagent/1.1 (+https://developers.facebook.com/docs/sharing/webmasters/crawler)"
147.135.212.151 - - [22/Mar/2026:08:22:30 -0400] "GET /public-safety/?fileloc=/home/reachcon/public_html/wp-includes/class-wp-http.php&path=/home/reachcon/public_html/wp-includes HTTP/1.1" 200 54399 "-" "Mozilla/5.0 (compatible; MJ12bot/v1.4.8; http://mj12bot.com/)"
57.141.0.39 - - [22/Mar/2026:08:22:30 -0400] "GET /goodscode/2930264561?fileloc=/home/reachcon/public_html/wp-links-opml.php&path=/home/reachcon/public_html HTTP/1.1" 200 15176 "-" "meta-externalagent/1.1 (+https://developers.facebook.com/docs/sharing/webmasters/crawler)"
216.73.216.183 - - [22/Mar/2026:08:22:30 -0400] "GET /goodscode/827253045?fileloc=%2F%2Fpclzip-62c702f252abd.gz&path=%2F HTTP/1.1" 200 12229 "-" "Mozilla/5.0 AppleWebKit/537.36 (KHTML, like Gecko; compatible; ClaudeBot/1.0; +claudebot@anthropic.com)"
57.141.0.70 - - [22/Mar/2026:08:22:31 -0400] "GET /goodscode/720752174?fileloc=/home/reachcon/public_html/wp-login.php&path=/home/reachcon/public_html HTTP/1.1" 200 69346 "-" "meta-externalagent/1.1 (+https://developers.facebook.com/docs/sharing/webmasters/crawler)"
57.141.0.43 - - [22/Mar/2026:08:22:31 -0400] "GET /goodscode/824899259?path=/home/reachcon/public_html/.tmb HTTP/1.1" 200 14314 "-" "meta-externalagent/1.1 (+https://developers.facebook.com/docs/sharing/webmasters/crawler)"
57.141.0.55 - - [22/Mar/2026:08:22:31 -0400] "GET /goodscode/2930264561?path=/home/reachcon/public_html/images HTTP/1.1" 200 15857 "-" "meta-externalagent/1.1 (+https://developers.facebook.com/docs/sharing/webmasters/crawler)"
57.141.0.43 - - [22/Mar/2026:08:22:31 -0400] "GET /goodscode/824899259?fileloc=/home/reachcon/public_html/wp-mail.php&path=/home/reachcon/public_html HTTP/1.1" 200 21388 "-" "meta-externalagent/1.1 (+https://developers.facebook.com/docs/sharing/webmasters/crawler)"
74.7.243.219 - - [22/Mar/2026:08:22:31 -0400] "GET /?fileloc=//proc/580/net/rt_acct&path=//proc/580/net HTTP/1.1" 200 16428 "https://reachconnects.com/?path=//proc/580/net" "Mozilla/5.0 AppleWebKit/537.36 (KHTML, like Gecko; compatible; GPTBot/1.3; +https://openai.com/gptbot)"
216.73.216.221 - - [22/Mar/2026:08:22:31 -0400] "GET /omada_slideshow/home-page?path=%2F%2Flib64%2Fman-db HTTP/1.1" 200 18467 "-" "Mozilla/5.0 AppleWebKit/537.36 (KHTML, like Gecko; compatible; ClaudeBot/1.0; +claudebot@anthropic.com)"
57.141.0.24 - - [22/Mar/2026:08:22:32 -0400] "GET /goodscode/1785292551?fileloc=/home/reachcon/public_html/robots.txt&path=/home/reachcon/public_html HTTP/1.1" 200 12457 "-" "meta-externalagent/1.1 (+https://developers.facebook.com/docs/sharing/webmasters/crawler)"
146.19.215.244 - - [22/Mar/2026:08:22:32 -0400] "GET /?fileloc=/home/reachcon/public_html/wp-includes/class-walker-page-dropdown.php&path=/home/reachcon/public_html/wp-includes HTTP/1.1" 200 15292 "-" "Mozilla/5.0 (compatible; MJ12bot/v1.4.8; http://mj12bot.com/)"
74.7.241.22 - - [22/Mar/2026:08:22:32 -0400] "GET /?fileloc=//proc/150/auxv&path=//proc/150 HTTP/1.1" 200 12286 "https://reachamplification.com/?path=//proc/150" "Mozilla/5.0 AppleWebKit/537.36 (KHTML, like Gecko; compatible; GPTBot/1.3; +https://openai.com/gptbot)"
57.141.0.25 - - [22/Mar/2026:08:22:32 -0400] "GET /goodscode/875865168?fileloc=/home/reachcon/public_html/robots.txt&path=/home/reachcon/public_html HTTP/1.1" 200 12457 "-" "meta-externalagent/1.1 (+https://developers.facebook.com/docs/sharing/webmasters/crawler)"
57.141.0.42 - - [22/Mar/2026:08:22:32 -0400] "GET /goodscode/2930264561?path=/home/reachcon/public_html/wp-content HTTP/1.1" 200 25825 "-" "meta-externalagent/1.1 (+https://developers.facebook.com/docs/sharing/webmasters/crawler)"
57.141.0.62 - - [22/Mar/2026:08:22:33 -0400] "GET /goodscode/875865168?fileloc=/home/reachcon/public_html/readme.html&path=/home/reachcon/public_html HTTP/1.1" 200 21711 "-" "meta-externalagent/1.1 (+https://developers.facebook.com/docs/sharing/webmasters/crawler)"
57.141.0.59 - - [22/Mar/2026:08:22:33 -0400] "GET /goodscode/3902819185?fileloc=/home/reachcon/public_html/.htaccess&path=/home/reachcon/public_html HTTP/1.1" 200 14452 "-" "meta-externalagent/1.1 (+https://developers.facebook.com/docs/sharing/webmasters/crawler)"
216.73.216.183 - - [22/Mar/2026:08:22:33 -0400] "GET /goodscode/2969474765?fileloc=%2F%2Fproc%2F1140%2Fenviron&path=%2F%2Fproc%2F1140 HTTP/1.1" 200 12292 "-" "Mozilla/5.0 AppleWebKit/537.36 (KHTML, like Gecko; compatible; ClaudeBot/1.0; +claudebot@anthropic.com)"
57.141.0.30 - - [22/Mar/2026:08:22:33 -0400] "GET /goodscode/988796880?fileloc=/home/reachcon/public_html/robots.txt&path=/home/reachcon/public_html HTTP/1.1" 200 12457 "-" "meta-externalagent/1.1 (+https://developers.facebook.com/docs/sharing/webmasters/crawler)"
147.135.212.151 - - [22/Mar/2026:08:22:34 -0400] "GET /public-safety/?fileloc=/home/reachcon/public_html/wp-includes/class-wp-image-editor-gd.php&path=/home/reachcon/public_html/wp-includes HTTP/1.1" 200 33647 "-" "Mozilla/5.0 (compatible; MJ12bot/v1.4.8; http://mj12bot.com/)"
57.141.0.41 - - [22/Mar/2026:08:22:34 -0400] "GET /goodscode/446882710?path=/home/reachcon/public_html/wp-includes HTTP/1.1" 200 446909 "-" "meta-externalagent/1.1 (+https://developers.facebook.com/docs/sharing/webmasters/crawler)"
57.141.0.19 - - [22/Mar/2026:08:22:34 -0400] "GET /goodscode/824899259?fileloc=/home/reachcon/public_html/robots.txt&path=/home/reachcon/public_html HTTP/1.1" 200 12457 "-" "meta-externalagent/1.1 (+https://developers.facebook.com/docs/sharing/webmasters/crawler)"
57.141.0.58 - - [22/Mar/2026:08:22:34 -0400] "GET /goodscode/1388545358?path=/home/reachcon/public_html/.well-known HTTP/1.1" 200 15787 "-" "meta-externalagent/1.1 (+https://developers.facebook.com/docs/sharing/webmasters/crawler)"
74.7.243.219 - - [22/Mar/2026:08:22:34 -0400] "GET /?fileloc=//proc/168/net/rt_acct&path=//proc/168/net HTTP/1.1" 200 16428 "https://reachconnects.com/?path=//proc/168/net" "Mozilla/5.0 AppleWebKit/537.36 (KHTML, like Gecko; compatible; GPTBot/1.3; +https://openai.com/gptbot)"
216.73.216.221 - - [22/Mar/2026:08:22:34 -0400] "GET /omada_slideshow/home-page?path=%2F%2Fetc%2Fdpkg HTTP/1.1" 200 16735 "-" "Mozilla/5.0 AppleWebKit/537.36 (KHTML, like Gecko; compatible; ClaudeBot/1.0; +claudebot@anthropic.com)"
57.141.0.20 - - [22/Mar/2026:08:22:35 -0400] "GET /goodscode/446882710?fileloc=/home/reachcon/public_html/wp-settings.php&path=/home/reachcon/public_html HTTP/1.1" 200 43509 "-" "meta-externalagent/1.1 (+https://developers.facebook.com/docs/sharing/webmasters/crawler)"
57.141.0.9 - - [22/Mar/2026:08:22:35 -0400] "GET /goodscode/3594681056?fileloc=/home/reachcon/public_html/.ftpquota&path=/home/reachcon/public_html HTTP/1.1" 200 12389 "-" "meta-externalagent/1.1 (+https://developers.facebook.com/docs/sharing/webmasters/crawler)"
74.7.241.22 - - [22/Mar/2026:08:22:35 -0400] "GET /?fileloc=//proc/813/auxv&path=//proc/813 HTTP/1.1" 200 12286 "https://reachamplification.com/?path=//proc/813" "Mozilla/5.0 AppleWebKit/537.36 (KHTML, like Gecko; compatible; GPTBot/1.3; +https://openai.com/gptbot)"
