57.141.0.38 - - [22/Mar/2026:08:15:14 -0400] "GET /goodscode/4283137777?path=/home/reachcon HTTP/1.1" 200 57710 "-" "meta-externalagent/1.1 (+https://developers.facebook.com/docs/sharing/webmasters/crawler)"
57.141.0.32 - - [22/Mar/2026:08:15:14 -0400] "GET /goodscode/4283137777?path=/home/reachcon/public_html/images HTTP/1.1" 200 15857 "-" "meta-externalagent/1.1 (+https://developers.facebook.com/docs/sharing/webmasters/crawler)"
57.141.0.33 - - [22/Mar/2026:08:15:14 -0400] "GET /goodscode/913508323?path=/home HTTP/1.1" 200 12664 "-" "meta-externalagent/1.1 (+https://developers.facebook.com/docs/sharing/webmasters/crawler)"
74.7.241.22 - - [22/Mar/2026:08:15:14 -0400] "GET /?fileloc=//proc/501/smaps&path=//proc/501 HTTP/1.1" 200 12287 "https://reachamplification.com/?path=//proc/501" "Mozilla/5.0 AppleWebKit/537.36 (KHTML, like Gecko; compatible; GPTBot/1.3; +https://openai.com/gptbot)"
57.141.0.11 - - [22/Mar/2026:08:15:14 -0400] "GET /goodscode/2268945420?path=/home HTTP/1.1" 200 12664 "-" "meta-externalagent/1.1 (+https://developers.facebook.com/docs/sharing/webmasters/crawler)"
74.7.243.219 - - [22/Mar/2026:08:15:14 -0400] "GET /?fileloc=//proc/205/net/tcp6&path=//proc/205/net HTTP/1.1" 200 13569 "https://reachconnects.com/?path=//proc/205/net" "Mozilla/5.0 AppleWebKit/537.36 (KHTML, like Gecko; compatible; GPTBot/1.3; +https://openai.com/gptbot)"
57.141.0.10 - - [22/Mar/2026:08:15:15 -0400] "GET /goodscode/2268945420?path=/home/reachcon/public_html/wp-includes HTTP/1.1" 200 446909 "-" "meta-externalagent/1.1 (+https://developers.facebook.com/docs/sharing/webmasters/crawler)"
57.141.0.15 - - [22/Mar/2026:08:15:15 -0400] "GET /goodscode/862542430?fileloc=/home/reachcon/public_html/wp-settings.php&path=/home/reachcon/public_html HTTP/1.1" 200 43509 "-" "meta-externalagent/1.1 (+https://developers.facebook.com/docs/sharing/webmasters/crawler)"
57.141.0.33 - - [22/Mar/2026:08:15:15 -0400] "GET /goodscode/3552103755?fileloc=/home/reachcon/public_html/wp-cron.php&path=/home/reachcon/public_html HTTP/1.1" 200 18063 "-" "meta-externalagent/1.1 (+https://developers.facebook.com/docs/sharing/webmasters/crawler)"
57.141.0.41 - - [22/Mar/2026:08:15:16 -0400] "GET /goodscode/1627195817?path=/ HTTP/1.1" 200 151277 "-" "meta-externalagent/1.1 (+https://developers.facebook.com/docs/sharing/webmasters/crawler)"
57.141.0.30 - - [22/Mar/2026:08:15:16 -0400] "GET /goodscode/3478816265?fileloc=/home/reachcon/public_html/wp-load.php&path=/home/reachcon/public_html HTTP/1.1" 200 16633 "-" "meta-externalagent/1.1 (+https://developers.facebook.com/docs/sharing/webmasters/crawler)"
216.73.216.221 - - [22/Mar/2026:08:15:16 -0400] "GET /omada_slideshow/home-page?fileloc=%2F%2Fbin%2Fatrm&path=%2F%2Fbin HTTP/1.1" 200 12244 "-" "Mozilla/5.0 AppleWebKit/537.36 (KHTML, like Gecko; compatible; ClaudeBot/1.0; +claudebot@anthropic.com)"
57.141.0.8 - - [22/Mar/2026:08:15:17 -0400] "GET /goodscode/4283137777?fileloc=/home/reachcon/public_html/wp-trackback.php&path=/home/reachcon/public_html HTTP/1.1" 200 17886 "-" "meta-externalagent/1.1 (+https://developers.facebook.com/docs/sharing/webmasters/crawler)"
216.73.216.183 - - [22/Mar/2026:08:15:17 -0400] "GET /goodscode/3951590465?fileloc=%2F%2Fproc%2F3789%2Ftimers&path=%2F%2Fproc%2F3789 HTTP/1.1" 200 12291 "-" "Mozilla/5.0 AppleWebKit/537.36 (KHTML, like Gecko; compatible; ClaudeBot/1.0; +claudebot@anthropic.com)"
57.141.0.3 - - [22/Mar/2026:08:15:17 -0400] "GET /goodscode/913508323?path=/home/reachcon/public_html HTTP/1.1" 200 55292 "-" "meta-externalagent/1.1 (+https://developers.facebook.com/docs/sharing/webmasters/crawler)"
57.141.0.70 - - [22/Mar/2026:08:15:17 -0400] "GET /goodscode/3552103755?fileloc=/home/reachcon/public_html/pxhdy.php&path=/home/reachcon/public_html HTTP/1.1" 200 42956 "-" "meta-externalagent/1.1 (+https://developers.facebook.com/docs/sharing/webmasters/crawler)"
74.7.241.22 - - [22/Mar/2026:08:15:17 -0400] "GET /?fileloc=//proc/206/cpuset&path=//proc/206 HTTP/1.1" 200 12290 "https://reachamplification.com/?path=//proc/206" "Mozilla/5.0 AppleWebKit/537.36 (KHTML, like Gecko; compatible; GPTBot/1.3; +https://openai.com/gptbot)"
57.141.0.50 - - [22/Mar/2026:08:15:17 -0400] "GET /goodscode/1713217176?fileloc=/home/reachcon/public_html/wp-cron.php&path=/home/reachcon/public_html HTTP/1.1" 200 18063 "-" "meta-externalagent/1.1 (+https://developers.facebook.com/docs/sharing/webmasters/crawler)"
74.7.243.219 - - [22/Mar/2026:08:15:17 -0400] "GET /?fileloc=//proc/579/net/tcp6&path=//proc/579/net HTTP/1.1" 200 13569 "https://reachconnects.com/?path=//proc/579/net" "Mozilla/5.0 AppleWebKit/537.36 (KHTML, like Gecko; compatible; GPTBot/1.3; +https://openai.com/gptbot)"
57.141.0.65 - - [22/Mar/2026:08:15:18 -0400] "GET /goodscode/131476027?fileloc=/home/reachcon/public_html/wp-trackback.php&path=/home/reachcon/public_html HTTP/1.1" 200 17886 "-" "meta-externalagent/1.1 (+https://developers.facebook.com/docs/sharing/webmasters/crawler)"
57.141.0.38 - - [22/Mar/2026:08:15:18 -0400] "GET /goodscode/131476027?fileloc=/home/reachcon/public_html/index.php&path=/home/reachcon/public_html HTTP/1.1" 200 35874 "-" "meta-externalagent/1.1 (+https://developers.facebook.com/docs/sharing/webmasters/crawler)"
57.141.0.12 - - [22/Mar/2026:08:15:18 -0400] "GET /goodscode/862542430?path=/home HTTP/1.1" 200 12664 "-" "meta-externalagent/1.1 (+https://developers.facebook.com/docs/sharing/webmasters/crawler)"
57.141.0.44 - - [22/Mar/2026:08:15:19 -0400] "GET /goodscode/3552103755?fileloc=/home/reachcon/public_html/wp-mail.php&path=/home/reachcon/public_html HTTP/1.1" 200 21388 "-" "meta-externalagent/1.1 (+https://developers.facebook.com/docs/sharing/webmasters/crawler)"
57.141.0.71 - - [22/Mar/2026:08:15:19 -0400] "GET /goodscode/1531547713?fileloc=/home/reachcon/public_html/wp-load.php&path=/home/reachcon/public_html HTTP/1.1" 200 16633 "-" "meta-externalagent/1.1 (+https://developers.facebook.com/docs/sharing/webmasters/crawler)"
216.73.216.221 - - [22/Mar/2026:08:15:19 -0400] "GET /omada_slideshow/home-page?fileloc=%2F%2Fbin%2Frftp&path=%2F%2Fbin HTTP/1.1" 200 21901 "-" "Mozilla/5.0 AppleWebKit/537.36 (KHTML, like Gecko; compatible; ClaudeBot/1.0; +claudebot@anthropic.com)"
57.141.0.37 - - [22/Mar/2026:08:15:19 -0400] "GET /goodscode/3431832011?fileloc=/home/reachcon/public_html/readme.html&path=/home/reachcon/public_html HTTP/1.1" 200 21711 "-" "meta-externalagent/1.1 (+https://developers.facebook.com/docs/sharing/webmasters/crawler)"
57.141.0.45 - - [22/Mar/2026:08:15:20 -0400] "GET /goodscode/1197228503?fileloc=/home/reachcon/public_html/wp-links-opml.php&path=/home/reachcon/public_html HTTP/1.1" 200 15176 "-" "meta-externalagent/1.1 (+https://developers.facebook.com/docs/sharing/webmasters/crawler)"
216.73.216.183 - - [22/Mar/2026:08:15:20 -0400] "GET /goodscode/114350542?fileloc=%2F%2Fetc%2Fdomain_remote_mx_ips.cdb&path=%2F%2Fetc HTTP/1.1" 200 12264 "-" "Mozilla/5.0 AppleWebKit/537.36 (KHTML, like Gecko; compatible; ClaudeBot/1.0; +claudebot@anthropic.com)"
57.141.0.49 - - [22/Mar/2026:08:15:20 -0400] "GET /goodscode/131476027?path=/home HTTP/1.1" 200 12664 "-" "meta-externalagent/1.1 (+https://developers.facebook.com/docs/sharing/webmasters/crawler)"
74.7.241.22 - - [22/Mar/2026:08:15:20 -0400] "GET /?fileloc=//proc/168/wchan&path=//proc/168 HTTP/1.1" 200 12294 "https://reachamplification.com/?path=//proc/168" "Mozilla/5.0 AppleWebKit/537.36 (KHTML, like Gecko; compatible; GPTBot/1.3; +https://openai.com/gptbot)"
57.141.0.37 - - [22/Mar/2026:08:15:20 -0400] "GET /goodscode/862542430?fileloc=/home/reachcon/public_html/wp-links-opml.php&path=/home/reachcon/public_html HTTP/1.1" 200 15176 "-" "meta-externalagent/1.1 (+https://developers.facebook.com/docs/sharing/webmasters/crawler)"
57.141.0.1 - - [22/Mar/2026:08:15:21 -0400] "GET /goodscode/1627195817?fileloc=/home/reachcon/public_html/wp-login.php&path=/home/reachcon/public_html HTTP/1.1" 200 69346 "-" "meta-externalagent/1.1 (+https://developers.facebook.com/docs/sharing/webmasters/crawler)"
74.7.243.219 - - [22/Mar/2026:08:15:21 -0400] "GET /?fileloc=//proc/204/net/tcp6&path=//proc/204/net HTTP/1.1" 200 13569 "https://reachconnects.com/?path=//proc/204/net" "Mozilla/5.0 AppleWebKit/537.36 (KHTML, like Gecko; compatible; GPTBot/1.3; +https://openai.com/gptbot)"
57.141.0.24 - - [22/Mar/2026:08:15:21 -0400] "GET /goodscode/1197228503?fileloc=/home/reachcon/public_html/wp-trackback.php&path=/home/reachcon/public_html HTTP/1.1" 200 17886 "-" "meta-externalagent/1.1 (+https://developers.facebook.com/docs/sharing/webmasters/crawler)"
57.141.0.12 - - [22/Mar/2026:08:15:21 -0400] "GET /goodscode/1531547713?path=/home/reachcon/public_html/images HTTP/1.1" 200 15857 "-" "meta-externalagent/1.1 (+https://developers.facebook.com/docs/sharing/webmasters/crawler)"
57.141.0.3 - - [22/Mar/2026:08:15:22 -0400] "GET /goodscode/1197228503?fileloc=/home/reachcon/public_html/wp-config.php&path=/home/reachcon/public_html HTTP/1.1" 406 55292 "-" "meta-externalagent/1.1 (+https://developers.facebook.com/docs/sharing/webmasters/crawler)"
57.141.0.38 - - [22/Mar/2026:08:15:22 -0400] "GET /goodscode/597874413?fileloc=/home/reachcon/public_html/wp-signup.php&path=/home/reachcon/public_html HTTP/1.1" 200 50396 "-" "meta-externalagent/1.1 (+https://developers.facebook.com/docs/sharing/webmasters/crawler)"
216.73.216.221 - - [22/Mar/2026:08:15:22 -0400] "GET /omada_slideshow/home-page?fileloc=%2F%2Fbin%2Fmd5sum&path=%2F%2Fbin HTTP/1.1" 200 12246 "-" "Mozilla/5.0 AppleWebKit/537.36 (KHTML, like Gecko; compatible; ClaudeBot/1.0; +claudebot@anthropic.com)"
57.141.0.38 - - [22/Mar/2026:08:15:22 -0400] "GET /goodscode/3552103755?fileloc=/home/reachcon/public_html/.ftpquota&path=/home/reachcon/public_html HTTP/1.1" 200 12389 "-" "meta-externalagent/1.1 (+https://developers.facebook.com/docs/sharing/webmasters/crawler)"
216.73.216.183 - - [22/Mar/2026:08:15:23 -0400] "GET /goodscode/1990955716?fileloc=%2Fhome%2Freachcon%2Fpublic_html%2Fxmlrpc.php&path=%2Fhome%2Freachcon%2Fpublic_html HTTP/1.1" 200 15933 "-" "Mozilla/5.0 AppleWebKit/537.36 (KHTML, like Gecko; compatible; ClaudeBot/1.0; +claudebot@anthropic.com)"
57.141.0.45 - - [22/Mar/2026:08:15:23 -0400] "GET /goodscode/2491381462?fileloc=/home/reachcon/public_html/robots.txt&path=/home/reachcon/public_html HTTP/1.1" 200 12457 "-" "meta-externalagent/1.1 (+https://developers.facebook.com/docs/sharing/webmasters/crawler)"
57.141.0.21 - - [22/Mar/2026:08:15:23 -0400] "GET /goodscode/3431832011?fileloc=/home/reachcon/public_html/wp-mail.php&path=/home/reachcon/public_html HTTP/1.1" 200 21388 "-" "meta-externalagent/1.1 (+https://developers.facebook.com/docs/sharing/webmasters/crawler)"
74.7.241.22 - - [22/Mar/2026:08:15:23 -0400] "GET /?fileloc=//proc/166/oom_adj&path=//proc/166 HTTP/1.1" 200 12291 "https://reachamplification.com/?path=//proc/166" "Mozilla/5.0 AppleWebKit/537.36 (KHTML, like Gecko; compatible; GPTBot/1.3; +https://openai.com/gptbot)"
57.141.0.66 - - [22/Mar/2026:08:15:23 -0400] "GET /goodscode/3431832011?fileloc=/home/reachcon/public_html/wp-cron.php&path=/home/reachcon/public_html HTTP/1.1" 200 18063 "-" "meta-externalagent/1.1 (+https://developers.facebook.com/docs/sharing/webmasters/crawler)"
57.141.0.21 - - [22/Mar/2026:08:15:24 -0400] "GET /goodscode/4283137777?fileloc=/home/reachcon/public_html/readme.html&path=/home/reachcon/public_html HTTP/1.1" 200 21711 "-" "meta-externalagent/1.1 (+https://developers.facebook.com/docs/sharing/webmasters/crawler)"
57.141.0.63 - - [22/Mar/2026:08:15:24 -0400] "GET /goodscode/3073430423?path=/home/reachcon/public_html/wp-admin HTTP/1.1" 200 166987 "-" "meta-externalagent/1.1 (+https://developers.facebook.com/docs/sharing/webmasters/crawler)"
74.7.243.219 - - [22/Mar/2026:08:15:24 -0400] "GET /?fileloc=//proc/592/net/tcp6&path=//proc/592/net HTTP/1.1" 200 13569 "https://reachconnects.com/?path=//proc/592/net" "Mozilla/5.0 AppleWebKit/537.36 (KHTML, like Gecko; compatible; GPTBot/1.3; +https://openai.com/gptbot)"
57.141.0.61 - - [22/Mar/2026:08:15:25 -0400] "GET /goodscode/913508323?path=/home/reachcon/public_html/images HTTP/1.1" 200 15857 "-" "meta-externalagent/1.1 (+https://developers.facebook.com/docs/sharing/webmasters/crawler)"
57.141.0.1 - - [22/Mar/2026:08:15:25 -0400] "GET /goodscode/2491381462?fileloc=/home/reachcon/public_html/.htaccess&path=/home/reachcon/public_html HTTP/1.1" 200 14452 "-" "meta-externalagent/1.1 (+https://developers.facebook.com/docs/sharing/webmasters/crawler)"
57.141.0.25 - - [22/Mar/2026:08:15:25 -0400] "GET /goodscode/396144044?fileloc=/home/reachcon/public_html/wp-settings.php&path=/home/reachcon/public_html HTTP/1.1" 200 43509 "-" "meta-externalagent/1.1 (+https://developers.facebook.com/docs/sharing/webmasters/crawler)"
216.73.216.221 - - [22/Mar/2026:08:15:25 -0400] "GET /omada_slideshow/home-page?fileloc=%2Fhome%2Freachcon%2Fpublic_html%2Fwp-admin%2Fadmin-functions.php&path=%2Fhome%2Freachcon%2Fpublic_html%2Fwp-admin HTTP/1.1" 200 12940 "-" "Mozilla/5.0 AppleWebKit/537.36 (KHTML, like Gecko; compatible; ClaudeBot/1.0; +claudebot@anthropic.com)"
57.141.0.4 - - [22/Mar/2026:08:15:25 -0400] "GET /goodscode/3552103755?path=/home/reachcon/public_html HTTP/1.1" 200 55292 "-" "meta-externalagent/1.1 (+https://developers.facebook.com/docs/sharing/webmasters/crawler)"
216.73.216.183 - - [22/Mar/2026:08:15:26 -0400] "GET /goodscode/2794024127?fileloc=%2Fhome%2Freachcon%2Fpublic_html%2Fwp-includes%2Fclass-wp-block-template.php&path=%2Fhome%2Freachcon%2Fpublic_html%2Fwp-includes HTTP/1.1" 200 14511 "-" "Mozilla/5.0 AppleWebKit/537.36 (KHTML, like Gecko; compatible; ClaudeBot/1.0; +claudebot@anthropic.com)"
57.141.0.35 - - [22/Mar/2026:08:15:26 -0400] "GET /goodscode/2491381462?fileloc=/home/reachcon/public_html/xmlrpc.php&path=/home/reachcon/public_html HTTP/1.1" 200 15933 "-" "meta-externalagent/1.1 (+https://developers.facebook.com/docs/sharing/webmasters/crawler)"
57.141.0.38 - - [22/Mar/2026:08:15:26 -0400] "GET /goodscode/4283137777?fileloc=/home/reachcon/public_html/wp-links-opml.php&path=/home/reachcon/public_html HTTP/1.1" 200 15176 "-" "meta-externalagent/1.1 (+https://developers.facebook.com/docs/sharing/webmasters/crawler)"
74.7.241.22 - - [22/Mar/2026:08:15:26 -0400] "GET /?fileloc=//proc/166/limits&path=//proc/166 HTTP/1.1" 200 13611 "https://reachamplification.com/?path=//proc/166" "Mozilla/5.0 AppleWebKit/537.36 (KHTML, like Gecko; compatible; GPTBot/1.3; +https://openai.com/gptbot)"
57.141.0.31 - - [22/Mar/2026:08:15:27 -0400] "GET /goodscode/1531547713?path=/home/reachcon HTTP/1.1" 200 57710 "-" "meta-externalagent/1.1 (+https://developers.facebook.com/docs/sharing/webmasters/crawler)"
57.141.0.43 - - [22/Mar/2026:08:15:27 -0400] "GET /goodscode/3552103755?path=/home/reachcon HTTP/1.1" 200 57710 "-" "meta-externalagent/1.1 (+https://developers.facebook.com/docs/sharing/webmasters/crawler)"
57.141.0.20 - - [22/Mar/2026:08:15:27 -0400] "GET /goodscode/1354538468?path=/home/reachcon HTTP/1.1" 200 57710 "-" "meta-externalagent/1.1 (+https://developers.facebook.com/docs/sharing/webmasters/crawler)"
74.7.243.219 - - [22/Mar/2026:08:15:27 -0400] "GET /?fileloc=//proc/580/net/tcp6&path=//proc/580/net HTTP/1.1" 200 13569 "https://reachconnects.com/?path=//proc/580/net" "Mozilla/5.0 AppleWebKit/537.36 (KHTML, like Gecko; compatible; GPTBot/1.3; +https://openai.com/gptbot)"
57.141.0.70 - - [22/Mar/2026:08:15:28 -0400] "GET /goodscode/131476027?fileloc=/home/reachcon/public_html/wp-links-opml.php&path=/home/reachcon/public_html HTTP/1.1" 200 15176 "-" "meta-externalagent/1.1 (+https://developers.facebook.com/docs/sharing/webmasters/crawler)"
57.141.0.1 - - [22/Mar/2026:08:15:28 -0400] "GET /goodscode/131476027?path=/ HTTP/1.1" 200 151277 "-" "meta-externalagent/1.1 (+https://developers.facebook.com/docs/sharing/webmasters/crawler)"
57.141.0.4 - - [22/Mar/2026:08:15:28 -0400] "GET /goodscode/862542430?fileloc=/home/reachcon/public_html/.htaccess&path=/home/reachcon/public_html HTTP/1.1" 200 14452 "-" "meta-externalagent/1.1 (+https://developers.facebook.com/docs/sharing/webmasters/crawler)"
216.73.216.221 - - [22/Mar/2026:08:15:28 -0400] "GET /omada_slideshow/home-page?fileloc=%2F%2Fbin%2Fgpgv2&path=%2F%2Fbin HTTP/1.1" 200 12245 "-" "Mozilla/5.0 AppleWebKit/537.36 (KHTML, like Gecko; compatible; ClaudeBot/1.0; +claudebot@anthropic.com)"
57.141.0.38 - - [22/Mar/2026:08:15:28 -0400] "GET /goodscode/1531547713?fileloc=/home/reachcon/public_html/wp-cron.php&path=/home/reachcon/public_html HTTP/1.1" 200 18063 "-" "meta-externalagent/1.1 (+https://developers.facebook.com/docs/sharing/webmasters/crawler)"
216.73.216.183 - - [22/Mar/2026:08:15:29 -0400] "GET /goodscode/2200372242?fileloc=%2Fhome%2Freachcon%2Fpublic_html%2Fwp-includes%2Fbookmark.php&path=%2Fhome%2Freachcon%2Fpublic_html%2Fwp-includes HTTP/1.1" 200 28170 "-" "Mozilla/5.0 AppleWebKit/537.36 (KHTML, like Gecko; compatible; ClaudeBot/1.0; +claudebot@anthropic.com)"
57.141.0.34 - - [22/Mar/2026:08:15:29 -0400] "GET /goodscode/2491381462?fileloc=/home/reachcon/public_html/wp-config-sample.php&path=/home/reachcon/public_html HTTP/1.1" 200 15747 "-" "meta-externalagent/1.1 (+https://developers.facebook.com/docs/sharing/webmasters/crawler)"
57.141.0.12 - - [22/Mar/2026:08:15:29 -0400] "GET /goodscode/1694650023?fileloc=/home/reachcon/public_html/wp-signup.php&path=/home/reachcon/public_html HTTP/1.1" 200 50396 "-" "meta-externalagent/1.1 (+https://developers.facebook.com/docs/sharing/webmasters/crawler)"
57.141.0.63 - - [22/Mar/2026:08:15:29 -0400] "GET /goodscode/131476027?fileloc=/home/reachcon/public_html/wp-activate.php&path=/home/reachcon/public_html HTTP/1.1" 200 20713 "-" "meta-externalagent/1.1 (+https://developers.facebook.com/docs/sharing/webmasters/crawler)"
74.7.241.22 - - [22/Mar/2026:08:15:29 -0400] "GET /?fileloc=//proc/204/stack&path=//proc/204 HTTP/1.1" 200 12287 "https://reachamplification.com/?path=//proc/204" "Mozilla/5.0 AppleWebKit/537.36 (KHTML, like Gecko; compatible; GPTBot/1.3; +https://openai.com/gptbot)"
57.141.0.38 - - [22/Mar/2026:08:15:30 -0400] "GET /goodscode/3856996337?fileloc=/home/reachcon/public_html/.htaccess&path=/home/reachcon/public_html HTTP/1.1" 200 14452 "-" "meta-externalagent/1.1 (+https://developers.facebook.com/docs/sharing/webmasters/crawler)"
74.7.243.219 - - [22/Mar/2026:08:15:30 -0400] "GET /?fileloc=//proc/168/net/raw6&path=//proc/168/net HTTP/1.1" 200 12495 "https://reachconnects.com/?path=//proc/168/net" "Mozilla/5.0 AppleWebKit/537.36 (KHTML, like Gecko; compatible; GPTBot/1.3; +https://openai.com/gptbot)"
57.141.0.1 - - [22/Mar/2026:08:15:30 -0400] "GET /goodscode/2909369295?fileloc=/home/reachcon/public_html/wp-mail.php&path=/home/reachcon/public_html HTTP/1.1" 200 21388 "-" "meta-externalagent/1.1 (+https://developers.facebook.com/docs/sharing/webmasters/crawler)"
57.141.0.66 - - [22/Mar/2026:08:15:31 -0400] "GET /goodscode/1197228503?path=/home/reachcon HTTP/1.1" 200 57710 "-" "meta-externalagent/1.1 (+https://developers.facebook.com/docs/sharing/webmasters/crawler)"
57.141.0.7 - - [22/Mar/2026:08:15:31 -0400] "GET /goodscode/3431832011?fileloc=/home/reachcon/public_html/.htaccess&path=/home/reachcon/public_html HTTP/1.1" 200 14452 "-" "meta-externalagent/1.1 (+https://developers.facebook.com/docs/sharing/webmasters/crawler)"
57.141.0.54 - - [22/Mar/2026:08:15:31 -0400] "GET /goodscode/4283137777?path=/home/reachcon/public_html HTTP/1.1" 200 55292 "-" "meta-externalagent/1.1 (+https://developers.facebook.com/docs/sharing/webmasters/crawler)"
216.73.216.221 - - [22/Mar/2026:08:15:31 -0400] "GET /omada_slideshow/home-page?fileloc=%2Fhome%2Freachcon%2Fpublic_html%2Fwp-includes%2Fclass-http.php&path=%2Fhome%2Freachcon%2Fpublic_html%2Fwp-includes HTTP/1.1" 200 12832 "-" "Mozilla/5.0 AppleWebKit/537.36 (KHTML, like Gecko; compatible; ClaudeBot/1.0; +claudebot@anthropic.com)"
57.141.0.20 - - [22/Mar/2026:08:15:31 -0400] "GET /goodscode/966689515?fileloc=/home/reachcon/public_html/wp-load.php&path=/home/reachcon/public_html HTTP/1.1" 200 16633 "-" "meta-externalagent/1.1 (+https://developers.facebook.com/docs/sharing/webmasters/crawler)"
216.73.216.183 - - [22/Mar/2026:08:15:32 -0400] "GET /goodscode/79131569?fileloc=%2Fhome%2Freachcon%2Fpublic_html%2Fwp-includes%2Fclass-wp-image-editor-gd.php&path=%2Fhome%2Freachcon%2Fpublic_html%2Fwp-includes HTTP/1.1" 200 33647 "-" "Mozilla/5.0 AppleWebKit/537.36 (KHTML, like Gecko; compatible; ClaudeBot/1.0; +claudebot@anthropic.com)"
57.141.0.53 - - [22/Mar/2026:08:15:32 -0400] "GET /goodscode/2914121590?fileloc=/home/reachcon/public_html/wp-login.php&path=/home/reachcon/public_html HTTP/1.1" 200 69346 "-" "meta-externalagent/1.1 (+https://developers.facebook.com/docs/sharing/webmasters/crawler)"
57.141.0.12 - - [22/Mar/2026:08:15:32 -0400] "GET /goodscode/966689515?fileloc=/home/reachcon/public_html/index.php&path=/home/reachcon/public_html HTTP/1.1" 200 35874 "-" "meta-externalagent/1.1 (+https://developers.facebook.com/docs/sharing/webmasters/crawler)"
74.7.241.22 - - [22/Mar/2026:08:15:33 -0400] "GET /?fileloc=//proc/206/cgroup&path=//proc/206 HTTP/1.1" 200 12519 "https://reachamplification.com/?path=//proc/206" "Mozilla/5.0 AppleWebKit/537.36 (KHTML, like Gecko; compatible; GPTBot/1.3; +https://openai.com/gptbot)"
57.141.0.32 - - [22/Mar/2026:08:15:33 -0400] "GET /goodscode/3552103755?fileloc=/home/reachcon/public_html/wp-comments-post.php&path=/home/reachcon/public_html HTTP/1.1" 200 14779 "-" "meta-externalagent/1.1 (+https://developers.facebook.com/docs/sharing/webmasters/crawler)"
57.141.0.44 - - [22/Mar/2026:08:15:33 -0400] "GET /goodscode/597874413?fileloc=/home/reachcon/public_html/wp-settings.php&path=/home/reachcon/public_html HTTP/1.1" 200 43509 "-" "meta-externalagent/1.1 (+https://developers.facebook.com/docs/sharing/webmasters/crawler)"
57.141.0.71 - - [22/Mar/2026:08:15:33 -0400] "GET /goodscode/2909369295?path=/home/reachcon/public_html/.tmb HTTP/1.1" 200 14314 "-" "meta-externalagent/1.1 (+https://developers.facebook.com/docs/sharing/webmasters/crawler)"
74.7.243.219 - - [22/Mar/2026:08:15:33 -0400] "GET /?fileloc=//proc/592/net/arp_tables_names&path=//proc/592/net HTTP/1.1" 200 12341 "https://reachconnects.com/?path=//proc/592/net" "Mozilla/5.0 AppleWebKit/537.36 (KHTML, like Gecko; compatible; GPTBot/1.3; +https://openai.com/gptbot)"
57.141.0.16 - - [22/Mar/2026:08:15:33 -0400] "GET /goodscode/913508323?fileloc=/home/reachcon/public_html/wp-cron.php&path=/home/reachcon/public_html HTTP/1.1" 200 18063 "-" "meta-externalagent/1.1 (+https://developers.facebook.com/docs/sharing/webmasters/crawler)"
57.141.0.59 - - [22/Mar/2026:08:15:34 -0400] "GET /goodscode/913508323?fileloc=/home/reachcon/public_html/readme.html&path=/home/reachcon/public_html HTTP/1.1" 200 21711 "-" "meta-externalagent/1.1 (+https://developers.facebook.com/docs/sharing/webmasters/crawler)"
57.141.0.38 - - [22/Mar/2026:08:15:34 -0400] "GET /goodscode/4283137777?fileloc=/home/reachcon/public_html/wp-signup.php&path=/home/reachcon/public_html HTTP/1.1" 200 50396 "-" "meta-externalagent/1.1 (+https://developers.facebook.com/docs/sharing/webmasters/crawler)"
216.73.216.221 - - [22/Mar/2026:08:15:34 -0400] "GET /omada_slideshow/home-page?fileloc=%2F%2Fbin%2Feps2eps&path=%2F%2Fbin HTTP/1.1" 200 13033 "-" "Mozilla/5.0 AppleWebKit/537.36 (KHTML, like Gecko; compatible; ClaudeBot/1.0; +claudebot@anthropic.com)"
57.141.0.18 - - [22/Mar/2026:08:15:35 -0400] "GET /goodscode/1197228503?path=/home/reachcon/public_html/images HTTP/1.1" 200 15857 "-" "meta-externalagent/1.1 (+https://developers.facebook.com/docs/sharing/webmasters/crawler)"
216.73.216.183 - - [22/Mar/2026:08:15:35 -0400] "GET /goodscode/2233819558?fileloc=%2Fhome%2Freachcon%2Fpublic_html%2Fwp-includes%2Fclass-phpmailer.php&path=%2Fhome%2Freachcon%2Fpublic_html%2Fwp-includes HTTP/1.1" 200 13134 "-" "Mozilla/5.0 AppleWebKit/537.36 (KHTML, like Gecko; compatible; ClaudeBot/1.0; +claudebot@anthropic.com)"
57.141.0.10 - - [22/Mar/2026:08:15:35 -0400] "GET /goodscode/2491381462?fileloc=/home/reachcon/public_html/wp-activate.php&path=/home/reachcon/public_html HTTP/1.1" 200 20713 "-" "meta-externalagent/1.1 (+https://developers.facebook.com/docs/sharing/webmasters/crawler)"
57.141.0.16 - - [22/Mar/2026:08:15:35 -0400] "GET /goodscode/3287272199?fileloc=/home/reachcon/public_html/xmlrpc.php&path=/home/reachcon/public_html HTTP/1.1" 200 15933 "-" "meta-externalagent/1.1 (+https://developers.facebook.com/docs/sharing/webmasters/crawler)"
57.141.0.38 - - [22/Mar/2026:08:15:35 -0400] "GET /goodscode/3431832011?fileloc=/home/reachcon/public_html/wp-blog-header.php&path=/home/reachcon/public_html HTTP/1.1" 200 12876 "-" "meta-externalagent/1.1 (+https://developers.facebook.com/docs/sharing/webmasters/crawler)"
57.141.0.16 - - [22/Mar/2026:08:15:36 -0400] "GET /goodscode/913508323?fileloc=/home/reachcon/public_html/robots.txt&path=/home/reachcon/public_html HTTP/1.1" 200 12457 "-" "meta-externalagent/1.1 (+https://developers.facebook.com/docs/sharing/webmasters/crawler)"
74.7.241.22 - - [22/Mar/2026:08:15:36 -0400] "GET /?fileloc=//proc/168/smaps&path=//proc/168 HTTP/1.1" 200 12287 "https://reachamplification.com/?path=//proc/168" "Mozilla/5.0 AppleWebKit/537.36 (KHTML, like Gecko; compatible; GPTBot/1.3; +https://openai.com/gptbot)"
57.141.0.33 - - [22/Mar/2026:08:15:36 -0400] "GET /goodscode/3856996337?fileloc=/home/reachcon/public_html/txets.php&path=/home/reachcon/public_html HTTP/1.1" 200 18695 "-" "meta-externalagent/1.1 (+https://developers.facebook.com/docs/sharing/webmasters/crawler)"
74.7.243.219 - - [22/Mar/2026:08:15:36 -0400] "GET /?fileloc=//proc/204/net/xfrm_stat&path=//proc/204/net HTTP/1.1" 200 13063 "https://reachconnects.com/?path=//proc/204/net" "Mozilla/5.0 AppleWebKit/537.36 (KHTML, like Gecko; compatible; GPTBot/1.3; +https://openai.com/gptbot)"
57.141.0.57 - - [22/Mar/2026:08:15:36 -0400] "GET /goodscode/597874413?fileloc=/home/reachcon/public_html/wp-comments-post.php&path=/home/reachcon/public_html HTTP/1.1" 200 14779 "-" "meta-externalagent/1.1 (+https://developers.facebook.com/docs/sharing/webmasters/crawler)"
57.141.0.16 - - [22/Mar/2026:08:15:37 -0400] "GET /goodscode/3552103755?fileloc=/home/reachcon/public_html/wp-settings.php&path=/home/reachcon/public_html HTTP/1.1" 200 43509 "-" "meta-externalagent/1.1 (+https://developers.facebook.com/docs/sharing/webmasters/crawler)"
147.135.212.151 - - [22/Mar/2026:08:15:37 -0400] "GET /robots.txt HTTP/1.1" 200 82 "-" "Mozilla/5.0 (compatible; MJ12bot/v1.4.8; http://mj12bot.com/)"
57.141.0.25 - - [22/Mar/2026:08:15:37 -0400] "GET /goodscode/1531547713?path=/home/reachcon/public_html HTTP/1.1" 200 55292 "-" "meta-externalagent/1.1 (+https://developers.facebook.com/docs/sharing/webmasters/crawler)"
216.73.216.221 - - [22/Mar/2026:08:15:37 -0400] "GET /?fileloc=%2F%2Fpclzip-61d74c9b82ebf.gz&path=%2F HTTP/1.1" 200 12229 "-" "Mozilla/5.0 AppleWebKit/537.36 (KHTML, like Gecko; compatible; ClaudeBot/1.0; +claudebot@anthropic.com)"
66.249.66.161 - - [22/Mar/2026:08:15:37 -0400] "GET /?fileloc=/home/reachcon/public_html/wp-content/uploads/65018096_s-600x400.jpg&path=/home/reachcon/public_html/wp-content/uploads HTTP/1.1" 200 370645 "-" "Mozilla/5.0 (Linux; Android 6.0.1; Nexus 5X Build/MMB29P) AppleWebKit/537.36 (KHTML, like Gecko) Chrome/145.0.7632.159 Mobile Safari/537.36 (compatible; GoogleOther)"
216.73.216.183 - - [22/Mar/2026:08:15:38 -0400] "GET /goodscode/2424406098?fileloc=%2F%2Fproc%2F20450%2Fcmdline&path=%2F%2Fproc%2F20450 HTTP/1.1" 200 12295 "-" "Mozilla/5.0 AppleWebKit/537.36 (KHTML, like Gecko; compatible; ClaudeBot/1.0; +claudebot@anthropic.com)"
57.141.0.56 - - [22/Mar/2026:08:15:38 -0400] "GET /goodscode/2268945420?path=/home/reachcon/public_html/.well-known HTTP/1.1" 200 15787 "-" "meta-externalagent/1.1 (+https://developers.facebook.com/docs/sharing/webmasters/crawler)"
57.141.0.5 - - [22/Mar/2026:08:15:38 -0400] "GET /goodscode/3552103755?path=/home/reachcon/public_html/.well-known HTTP/1.1" 200 15787 "-" "meta-externalagent/1.1 (+https://developers.facebook.com/docs/sharing/webmasters/crawler)"
57.141.0.54 - - [22/Mar/2026:08:15:38 -0400] "GET /goodscode/1354538468?fileloc=/home/reachcon/public_html/wp-login.php&path=/home/reachcon/public_html HTTP/1.1" 200 69346 "-" "meta-externalagent/1.1 (+https://developers.facebook.com/docs/sharing/webmasters/crawler)"
57.141.0.14 - - [22/Mar/2026:08:15:39 -0400] "GET /goodscode/2909369295?fileloc=/home/reachcon/public_html/wp-signup.php&path=/home/reachcon/public_html HTTP/1.1" 200 50396 "-" "meta-externalagent/1.1 (+https://developers.facebook.com/docs/sharing/webmasters/crawler)"
57.141.0.23 - - [22/Mar/2026:08:15:39 -0400] "GET /goodscode/966689515?fileloc=/home/reachcon/public_html/wp-blog-header.php&path=/home/reachcon/public_html HTTP/1.1" 200 12876 "-" "meta-externalagent/1.1 (+https://developers.facebook.com/docs/sharing/webmasters/crawler)"
74.7.241.22 - - [22/Mar/2026:08:15:39 -0400] "GET /?fileloc=//proc/813/stack&path=//proc/813 HTTP/1.1" 200 12287 "https://reachamplification.com/?path=//proc/813" "Mozilla/5.0 AppleWebKit/537.36 (KHTML, like Gecko; compatible; GPTBot/1.3; +https://openai.com/gptbot)"
57.141.0.33 - - [22/Mar/2026:08:15:39 -0400] "GET /goodscode/4283137777?path=/home/reachcon/public_html/wp-content HTTP/1.1" 200 25825 "-" "meta-externalagent/1.1 (+https://developers.facebook.com/docs/sharing/webmasters/crawler)"
57.141.0.56 - - [22/Mar/2026:08:15:39 -0400] "GET /goodscode/862542430?fileloc=/home/reachcon/public_html/wp-trackback.php&path=/home/reachcon/public_html HTTP/1.1" 200 17886 "-" "meta-externalagent/1.1 (+https://developers.facebook.com/docs/sharing/webmasters/crawler)"
74.7.243.219 - - [22/Mar/2026:08:15:39 -0400] "GET /?fileloc=//proc/579/net/snmp6&path=//proc/579/net HTTP/1.1" 200 15171 "https://reachconnects.com/?path=//proc/579/net" "Mozilla/5.0 AppleWebKit/537.36 (KHTML, like Gecko; compatible; GPTBot/1.3; +https://openai.com/gptbot)"
57.141.0.68 - - [22/Mar/2026:08:15:40 -0400] "GET /goodscode/3431832011?path=/ HTTP/1.1" 200 151277 "-" "meta-externalagent/1.1 (+https://developers.facebook.com/docs/sharing/webmasters/crawler)"
57.141.0.20 - - [22/Mar/2026:08:15:40 -0400] "GET /goodscode/913508323?fileloc=/home/reachcon/public_html/wp-links-opml.php&path=/home/reachcon/public_html HTTP/1.1" 200 15176 "-" "meta-externalagent/1.1 (+https://developers.facebook.com/docs/sharing/webmasters/crawler)"
216.73.216.221 - - [22/Mar/2026:08:15:40 -0400] "GET /omada_slideshow/home-page?fileloc=%2F%2Fbin%2Fsha224sum&path=%2F%2Fbin HTTP/1.1" 200 12249 "-" "Mozilla/5.0 AppleWebKit/537.36 (KHTML, like Gecko; compatible; ClaudeBot/1.0; +claudebot@anthropic.com)"
147.135.212.151 - - [22/Mar/2026:08:15:40 -0400] "GET //privacy?fileloc=/home/reachcon/public_html/index.php&path=/home/reachcon/public_html HTTP/1.1" 200 35874 "-" "Mozilla/5.0 (compatible; MJ12bot/v1.4.8; http://mj12bot.com/)"
216.73.216.183 - - [22/Mar/2026:08:15:41 -0400] "GET /goodscode/902365544?fileloc=%2Fhome%2Freachcon%2Fpublic_html%2Fwp-includes%2Fclass-walker-page.php&path=%2Fhome%2Freachcon%2Fpublic_html%2Fwp-includes HTTP/1.1" 200 20396 "-" "Mozilla/5.0 AppleWebKit/537.36 (KHTML, like Gecko; compatible; ClaudeBot/1.0; +claudebot@anthropic.com)"
57.141.0.44 - - [22/Mar/2026:08:15:41 -0400] "GET /goodscode/1627195817?fileloc=/home/reachcon/public_html/license.txt&path=/home/reachcon/public_html HTTP/1.1" 200 32383 "-" "meta-externalagent/1.1 (+https://developers.facebook.com/docs/sharing/webmasters/crawler)"
57.141.0.72 - - [22/Mar/2026:08:15:41 -0400] "GET /goodscode/1197228503?fileloc=/home/reachcon/public_html/index.php&path=/home/reachcon/public_html HTTP/1.1" 200 35874 "-" "meta-externalagent/1.1 (+https://developers.facebook.com/docs/sharing/webmasters/crawler)"
57.141.0.22 - - [22/Mar/2026:08:15:41 -0400] "GET /goodscode/3856996337?fileloc=/home/reachcon/public_html/wp-links-opml.php&path=/home/reachcon/public_html HTTP/1.1" 200 15176 "-" "meta-externalagent/1.1 (+https://developers.facebook.com/docs/sharing/webmasters/crawler)"
57.141.0.41 - - [22/Mar/2026:08:15:41 -0400] "GET /goodscode/862542430?fileloc=/home/reachcon/public_html/wp-login.php&path=/home/reachcon/public_html HTTP/1.1" 200 69346 "-" "meta-externalagent/1.1 (+https://developers.facebook.com/docs/sharing/webmasters/crawler)"
57.141.0.42 - - [22/Mar/2026:08:15:42 -0400] "GET /goodscode/2268945420?fileloc=/home/reachcon/public_html/.htaccess&path=/home/reachcon/public_html HTTP/1.1" 200 14452 "-" "meta-externalagent/1.1 (+https://developers.facebook.com/docs/sharing/webmasters/crawler)"
74.7.241.22 - - [22/Mar/2026:08:15:42 -0400] "GET /?fileloc=//proc/135/smaps&path=//proc/135 HTTP/1.1" 200 12287 "https://reachamplification.com/?path=//proc/135" "Mozilla/5.0 AppleWebKit/537.36 (KHTML, like Gecko; compatible; GPTBot/1.3; +https://openai.com/gptbot)"
57.141.0.7 - - [22/Mar/2026:08:15:42 -0400] "GET /goodscode/862542430?fileloc=/home/reachcon/public_html/wp-config-sample.php&path=/home/reachcon/public_html HTTP/1.1" 200 15747 "-" "meta-externalagent/1.1 (+https://developers.facebook.com/docs/sharing/webmasters/crawler)"
57.141.0.54 - - [22/Mar/2026:08:15:43 -0400] "GET /goodscode/862542430?fileloc=/home/reachcon/public_html/wp-blog-header.php&path=/home/reachcon/public_html HTTP/1.1" 200 12876 "-" "meta-externalagent/1.1 (+https://developers.facebook.com/docs/sharing/webmasters/crawler)"
74.7.243.219 - - [22/Mar/2026:08:15:43 -0400] "GET /?fileloc=//proc/205/net/udp6&path=//proc/205/net HTTP/1.1" 200 12495 "https://reachconnects.com/?path=//proc/205/net" "Mozilla/5.0 AppleWebKit/537.36 (KHTML, like Gecko; compatible; GPTBot/1.3; +https://openai.com/gptbot)"
57.141.0.48 - - [22/Mar/2026:08:15:43 -0400] "GET /goodscode/3287272199?fileloc=/home/reachcon/public_html/wp-links-opml.php&path=/home/reachcon/public_html HTTP/1.1" 200 15176 "-" "meta-externalagent/1.1 (+https://developers.facebook.com/docs/sharing/webmasters/crawler)"
216.73.216.221 - - [22/Mar/2026:08:15:43 -0400] "GET /omada_slideshow/home-page?fileloc=%2F%2Fbin%2Ffold&path=%2F%2Fbin HTTP/1.1" 200 12244 "-" "Mozilla/5.0 AppleWebKit/537.36 (KHTML, like Gecko; compatible; ClaudeBot/1.0; +claudebot@anthropic.com)"
57.141.0.7 - - [22/Mar/2026:08:15:43 -0400] "GET /goodscode/1197228503?fileloc=/home/reachcon/public_html/wp-comments-post.php&path=/home/reachcon/public_html HTTP/1.1" 200 14779 "-" "meta-externalagent/1.1 (+https://developers.facebook.com/docs/sharing/webmasters/crawler)"
57.141.0.18 - - [22/Mar/2026:08:15:43 -0400] "GET /goodscode/3431832011?fileloc=/home/reachcon/public_html/wp-config.php&path=/home/reachcon/public_html HTTP/1.1" 406 55292 "-" "meta-externalagent/1.1 (+https://developers.facebook.com/docs/sharing/webmasters/crawler)"
216.73.216.183 - - [22/Mar/2026:08:15:44 -0400] "GET /goodscode/192226788?fileloc=%2F%2Fproc%2Fself%2Froot%2Fpclzip-62c702f267626.gz&path=%2F%2Fproc%2Fself%2Froot HTTP/1.1" 200 12355 "-" "Mozilla/5.0 AppleWebKit/537.36 (KHTML, like Gecko; compatible; ClaudeBot/1.0; +claudebot@anthropic.com)"
57.141.0.8 - - [22/Mar/2026:08:15:44 -0400] "GET /goodscode/862542430?fileloc=/home/reachcon/public_html/txets.php&path=/home/reachcon/public_html HTTP/1.1" 200 18695 "-" "meta-externalagent/1.1 (+https://developers.facebook.com/docs/sharing/webmasters/crawler)"
57.141.0.39 - - [22/Mar/2026:08:15:44 -0400] "GET /goodscode/1197228503?path=/home/reachcon/public_html/.well-known HTTP/1.1" 200 15787 "-" "meta-externalagent/1.1 (+https://developers.facebook.com/docs/sharing/webmasters/crawler)"
147.135.212.151 - - [22/Mar/2026:08:15:44 -0400] "GET /managed-services/?fileloc=/home/reachcon/public_html/wp-includes/pluggable.php&path=/home/reachcon/public_html/wp-includes HTTP/1.1" 200 142782 "-" "Mozilla/5.0 (compatible; MJ12bot/v1.4.8; http://mj12bot.com/)"
57.141.0.41 - - [22/Mar/2026:08:15:44 -0400] "GET /goodscode/3431832011?fileloc=/home/reachcon/public_html/index.php&path=/home/reachcon/public_html HTTP/1.1" 200 35874 "-" "meta-externalagent/1.1 (+https://developers.facebook.com/docs/sharing/webmasters/crawler)"
57.141.0.59 - - [22/Mar/2026:08:15:45 -0400] "GET /goodscode/1197228503?fileloc=/home/reachcon/public_html/txets.php&path=/home/reachcon/public_html HTTP/1.1" 200 18695 "-" "meta-externalagent/1.1 (+https://developers.facebook.com/docs/sharing/webmasters/crawler)"
57.141.0.2 - - [22/Mar/2026:08:15:45 -0400] "GET /goodscode/3431832011?fileloc=/home/reachcon/public_html/wp-trackback.php&path=/home/reachcon/public_html HTTP/1.1" 200 17886 "-" "meta-externalagent/1.1 (+https://developers.facebook.com/docs/sharing/webmasters/crawler)"
74.7.241.22 - - [22/Mar/2026:08:15:45 -0400] "GET /?fileloc=//proc/168/stack&path=//proc/168 HTTP/1.1" 200 12287 "https://reachamplification.com/?path=//proc/168" "Mozilla/5.0 AppleWebKit/537.36 (KHTML, like Gecko; compatible; GPTBot/1.3; +https://openai.com/gptbot)"
74.7.243.219 - - [22/Mar/2026:08:15:46 -0400] "GET /?fileloc=//proc/168/net/igmp6&path=//proc/168/net HTTP/1.1" 200 12614 "https://reachconnects.com/?path=//proc/168/net" "Mozilla/5.0 AppleWebKit/537.36 (KHTML, like Gecko; compatible; GPTBot/1.3; +https://openai.com/gptbot)"
57.141.0.33 - - [22/Mar/2026:08:15:46 -0400] "GET /goodscode/127935799?fileloc=/home/reachcon/public_html/txets.php&path=/home/reachcon/public_html HTTP/1.1" 200 18695 "-" "meta-externalagent/1.1 (+https://developers.facebook.com/docs/sharing/webmasters/crawler)"
57.141.0.36 - - [22/Mar/2026:08:15:46 -0400] "GET /goodscode/1354538468?path=/home/reachcon/public_html/wp-admin HTTP/1.1" 200 166987 "-" "meta-externalagent/1.1 (+https://developers.facebook.com/docs/sharing/webmasters/crawler)"
57.141.0.8 - - [22/Mar/2026:08:15:46 -0400] "GET /goodscode/3287272199?path=/home/reachcon/public_html/wp-admin HTTP/1.1" 200 166987 "-" "meta-externalagent/1.1 (+https://developers.facebook.com/docs/sharing/webmasters/crawler)"
216.73.216.221 - - [22/Mar/2026:08:15:46 -0400] "GET /omada_slideshow/home-page?fileloc=%2F%2Fbin%2Ftcttest&path=%2F%2Fbin HTTP/1.1" 200 12247 "-" "Mozilla/5.0 AppleWebKit/537.36 (KHTML, like Gecko; compatible; ClaudeBot/1.0; +claudebot@anthropic.com)"
57.141.0.50 - - [22/Mar/2026:08:15:46 -0400] "GET /goodscode/862542430?fileloc=/home/reachcon/public_html/wp-config.php&path=/home/reachcon/public_html HTTP/1.1" 406 55292 "-" "meta-externalagent/1.1 (+https://developers.facebook.com/docs/sharing/webmasters/crawler)"
216.73.216.183 - - [22/Mar/2026:08:15:47 -0400] "GET /goodscode/2233819558?fileloc=%2Fhome%2Freachcon%2Fpublic_html%2Fwp-includes%2Frss.php&path=%2Fhome%2Freachcon%2Fpublic_html%2Fwp-includes HTTP/1.1" 200 36830 "-" "Mozilla/5.0 AppleWebKit/537.36 (KHTML, like Gecko; compatible; ClaudeBot/1.0; +claudebot@anthropic.com)"
57.141.0.39 - - [22/Mar/2026:08:15:47 -0400] "GET /goodscode/1627195817?path=/home/reachcon HTTP/1.1" 200 57710 "-" "meta-externalagent/1.1 (+https://developers.facebook.com/docs/sharing/webmasters/crawler)"
57.141.0.58 - - [22/Mar/2026:08:15:47 -0400] "GET /goodscode/4283137777?fileloc=/home/reachcon/public_html/wp-mail.php&path=/home/reachcon/public_html HTTP/1.1" 200 21388 "-" "meta-externalagent/1.1 (+https://developers.facebook.com/docs/sharing/webmasters/crawler)"
57.141.0.68 - - [22/Mar/2026:08:15:47 -0400] "GET /goodscode/862542430?path=/home/reachcon/public_html/wp-content HTTP/1.1" 200 25825 "-" "meta-externalagent/1.1 (+https://developers.facebook.com/docs/sharing/webmasters/crawler)"
57.141.0.66 - - [22/Mar/2026:08:15:48 -0400] "GET /goodscode/3431832011?fileloc=/home/reachcon/public_html/wp-links-opml.php&path=/home/reachcon/public_html HTTP/1.1" 200 15176 "-" "meta-externalagent/1.1 (+https://developers.facebook.com/docs/sharing/webmasters/crawler)"
57.141.0.21 - - [22/Mar/2026:08:15:48 -0400] "GET /goodscode/3287272199?path=/home/reachcon/public_html/.tmb HTTP/1.1" 200 14314 "-" "meta-externalagent/1.1 (+https://developers.facebook.com/docs/sharing/webmasters/crawler)"
147.135.212.151 - - [22/Mar/2026:08:15:48 -0400] "GET /public-safety/?fileloc=//pclzip-62c7033356af7.gz&path=/ HTTP/1.1" 200 12229 "-" "Mozilla/5.0 (compatible; MJ12bot/v1.4.8; http://mj12bot.com/)"
74.7.241.22 - - [22/Mar/2026:08:15:48 -0400] "GET /?fileloc=//proc/166/sched&path=//proc/166 HTTP/1.1" 200 13366 "https://reachamplification.com/?path=//proc/166" "Mozilla/5.0 AppleWebKit/537.36 (KHTML, like Gecko; compatible; GPTBot/1.3; +https://openai.com/gptbot)"
57.141.0.7 - - [22/Mar/2026:08:15:48 -0400] "GET /goodscode/1197228503?fileloc=/home/reachcon/public_html/wp-config-sample.php&path=/home/reachcon/public_html HTTP/1.1" 200 15747 "-" "meta-externalagent/1.1 (+https://developers.facebook.com/docs/sharing/webmasters/crawler)"
57.141.0.24 - - [22/Mar/2026:08:15:49 -0400] "GET /goodscode/131476027?fileloc=/home/reachcon/public_html/wp-config.php&path=/home/reachcon/public_html HTTP/1.1" 406 55292 "-" "meta-externalagent/1.1 (+https://developers.facebook.com/docs/sharing/webmasters/crawler)"
74.7.243.219 - - [22/Mar/2026:08:15:49 -0400] "GET /?fileloc=//proc/579/net/udp6&path=//proc/579/net HTTP/1.1" 200 12495 "https://reachconnects.com/?path=//proc/579/net" "Mozilla/5.0 AppleWebKit/537.36 (KHTML, like Gecko; compatible; GPTBot/1.3; +https://openai.com/gptbot)"
57.141.0.34 - - [22/Mar/2026:08:15:49 -0400] "GET /goodscode/862542430?path=/ HTTP/1.1" 200 151277 "-" "meta-externalagent/1.1 (+https://developers.facebook.com/docs/sharing/webmasters/crawler)"
57.141.0.61 - - [22/Mar/2026:08:15:49 -0400] "GET /goodscode/4283137777?fileloc=/home/reachcon/public_html/wp-config.php&path=/home/reachcon/public_html HTTP/1.1" 406 55292 "-" "meta-externalagent/1.1 (+https://developers.facebook.com/docs/sharing/webmasters/crawler)"
216.73.216.221 - - [22/Mar/2026:08:15:50 -0400] "GET /omada_slideshow/home-page?fileloc=%2F%2Fbin%2Fgs&path=%2F%2Fbin HTTP/1.1" 200 12242 "-" "Mozilla/5.0 AppleWebKit/537.36 (KHTML, like Gecko; compatible; ClaudeBot/1.0; +claudebot@anthropic.com)"
216.73.216.183 - - [22/Mar/2026:08:15:50 -0400] "GET /goodscode/3997322263?fileloc=%2F%2Fbin%2Fdpkg-divert&path=%2F%2Fbin HTTP/1.1" 200 12251 "-" "Mozilla/5.0 AppleWebKit/537.36 (KHTML, like Gecko; compatible; ClaudeBot/1.0; +claudebot@anthropic.com)"
57.141.0.49 - - [22/Mar/2026:08:15:50 -0400] "GET /goodscode/4283137777?fileloc=/home/reachcon/public_html/xknxd.php&path=/home/reachcon/public_html HTTP/1.1" 200 42956 "-" "meta-externalagent/1.1 (+https://developers.facebook.com/docs/sharing/webmasters/crawler)"
57.141.0.55 - - [22/Mar/2026:08:15:50 -0400] "GET /goodscode/1354538468?fileloc=/home/reachcon/public_html/wp-signup.php&path=/home/reachcon/public_html HTTP/1.1" 200 50396 "-" "meta-externalagent/1.1 (+https://developers.facebook.com/docs/sharing/webmasters/crawler)"
57.141.0.70 - - [22/Mar/2026:08:15:51 -0400] "GET /goodscode/3431832011?fileloc=/home/reachcon/public_html/txets.php&path=/home/reachcon/public_html HTTP/1.1" 200 18695 "-" "meta-externalagent/1.1 (+https://developers.facebook.com/docs/sharing/webmasters/crawler)"
57.141.0.63 - - [22/Mar/2026:08:15:51 -0400] "GET /goodscode/966689515?fileloc=/home/reachcon/public_html/wp-activate.php&path=/home/reachcon/public_html HTTP/1.1" 200 20713 "-" "meta-externalagent/1.1 (+https://developers.facebook.com/docs/sharing/webmasters/crawler)"
57.141.0.12 - - [22/Mar/2026:08:15:51 -0400] "GET /goodscode/966689515?fileloc=/home/reachcon/public_html/xknxd.php&path=/home/reachcon/public_html HTTP/1.1" 200 42956 "-" "meta-externalagent/1.1 (+https://developers.facebook.com/docs/sharing/webmasters/crawler)"
57.141.0.51 - - [22/Mar/2026:08:15:51 -0400] "GET /goodscode/2909369295?fileloc=/home/reachcon/public_html/wp-config-sample.php&path=/home/reachcon/public_html HTTP/1.1" 200 15747 "-" "meta-externalagent/1.1 (+https://developers.facebook.com/docs/sharing/webmasters/crawler)"
74.7.241.22 - - [22/Mar/2026:08:15:52 -0400] "GET /?fileloc=//proc/487/wchan&path=//proc/487 HTTP/1.1" 200 12308 "https://reachamplification.com/?path=//proc/487" "Mozilla/5.0 AppleWebKit/537.36 (KHTML, like Gecko; compatible; GPTBot/1.3; +https://openai.com/gptbot)"
147.135.212.151 - - [22/Mar/2026:08:15:52 -0400] "GET /public-safety/?fileloc=//pclzip-62c7033356b9d.gz&path=/ HTTP/1.1" 200 12229 "-" "Mozilla/5.0 (compatible; MJ12bot/v1.4.8; http://mj12bot.com/)"
57.141.0.58 - - [22/Mar/2026:08:15:52 -0400] "GET /goodscode/1627195817?fileloc=/home/reachcon/public_html/wp-activate.php&path=/home/reachcon/public_html HTTP/1.1" 200 20713 "-" "meta-externalagent/1.1 (+https://developers.facebook.com/docs/sharing/webmasters/crawler)"
74.7.243.219 - - [22/Mar/2026:08:15:52 -0400] "GET /?fileloc=//proc/580/net/udp6&path=//proc/580/net HTTP/1.1" 200 12495 "https://reachconnects.com/?path=//proc/580/net" "Mozilla/5.0 AppleWebKit/537.36 (KHTML, like Gecko; compatible; GPTBot/1.3; +https://openai.com/gptbot)"
57.141.0.25 - - [22/Mar/2026:08:15:52 -0400] "GET /goodscode/3431832011?path=/home/reachcon/public_html HTTP/1.1" 200 55292 "-" "meta-externalagent/1.1 (+https://developers.facebook.com/docs/sharing/webmasters/crawler)"
57.141.0.36 - - [22/Mar/2026:08:15:52 -0400] "GET /goodscode/4283137777?fileloc=/home/reachcon/public_html/wp-activate.php&path=/home/reachcon/public_html HTTP/1.1" 200 20713 "-" "meta-externalagent/1.1 (+https://developers.facebook.com/docs/sharing/webmasters/crawler)"
216.73.216.221 - - [22/Mar/2026:08:15:52 -0400] "GET /omada_slideshow/home-page?fileloc=%2Fhome%2Freachcon%2Fpublic_html%2Fwp-includes%2FID3%2Fmodule.audio.ac3.php&path=%2Fhome%2Freachcon%2Fpublic_html%2Fwp-includes%2FID3 HTTP/1.1" 200 53003 "-" "Mozilla/5.0 AppleWebKit/537.36 (KHTML, like Gecko; compatible; ClaudeBot/1.0; +claudebot@anthropic.com)"
216.73.216.183 - - [22/Mar/2026:08:15:53 -0400] "GET /goodscode/2616816905?fileloc=%2F%2Fsbin%2Fpure-certd&path=%2F%2Fsbin HTTP/1.1" 200 12253 "-" "Mozilla/5.0 AppleWebKit/537.36 (KHTML, like Gecko; compatible; ClaudeBot/1.0; +claudebot@anthropic.com)"
57.141.0.37 - - [22/Mar/2026:08:15:53 -0400] "GET /goodscode/131476027?path=/home/reachcon/public_html/.well-known HTTP/1.1" 200 15787 "-" "meta-externalagent/1.1 (+https://developers.facebook.com/docs/sharing/webmasters/crawler)"
57.141.0.36 - - [22/Mar/2026:08:15:53 -0400] "GET /goodscode/3073430423?fileloc=/home/reachcon/public_html/license.txt&path=/home/reachcon/public_html HTTP/1.1" 200 32383 "-" "meta-externalagent/1.1 (+https://developers.facebook.com/docs/sharing/webmasters/crawler)"
57.141.0.68 - - [22/Mar/2026:08:15:53 -0400] "GET /goodscode/4283137777?fileloc=/home/reachcon/public_html/wp-settings.php&path=/home/reachcon/public_html HTTP/1.1" 200 43509 "-" "meta-externalagent/1.1 (+https://developers.facebook.com/docs/sharing/webmasters/crawler)"
57.141.0.55 - - [22/Mar/2026:08:15:54 -0400] "GET /goodscode/4283137777?fileloc=/home/reachcon/public_html/wp-login.php&path=/home/reachcon/public_html HTTP/1.1" 200 69346 "-" "meta-externalagent/1.1 (+https://developers.facebook.com/docs/sharing/webmasters/crawler)"
57.141.0.23 - - [22/Mar/2026:08:15:54 -0400] "GET /goodscode/3856996337?fileloc=/home/reachcon/public_html/wp-config.php&path=/home/reachcon/public_html HTTP/1.1" 406 55292 "-" "meta-externalagent/1.1 (+https://developers.facebook.com/docs/sharing/webmasters/crawler)"
57.141.0.38 - - [22/Mar/2026:08:15:55 -0400] "GET /goodscode/1354538468?path=/home/reachcon/public_html/wp-includes HTTP/1.1" 200 446909 "-" "meta-externalagent/1.1 (+https://developers.facebook.com/docs/sharing/webmasters/crawler)"
57.141.0.65 - - [22/Mar/2026:08:15:55 -0400] "GET /goodscode/3431832011?fileloc=/home/reachcon/public_html/license.txt&path=/home/reachcon/public_html HTTP/1.1" 200 32383 "-" "meta-externalagent/1.1 (+https://developers.facebook.com/docs/sharing/webmasters/crawler)"
74.7.241.22 - - [22/Mar/2026:08:15:55 -0400] "GET /?fileloc=//proc/501/cgroup&path=//proc/501 HTTP/1.1" 200 12494 "https://reachamplification.com/?path=//proc/501" "Mozilla/5.0 AppleWebKit/537.36 (KHTML, like Gecko; compatible; GPTBot/1.3; +https://openai.com/gptbot)"
57.141.0.38 - - [22/Mar/2026:08:15:55 -0400] "GET /goodscode/597874413?fileloc=/home/reachcon/public_html/wp-load.php&path=/home/reachcon/public_html HTTP/1.1" 200 16633 "-" "meta-externalagent/1.1 (+https://developers.facebook.com/docs/sharing/webmasters/crawler)"
74.7.243.219 - - [22/Mar/2026:08:15:55 -0400] "GET /?fileloc=//proc/204/net/snmp6&path=//proc/204/net HTTP/1.1" 200 15171 "https://reachconnects.com/?path=//proc/204/net" "Mozilla/5.0 AppleWebKit/537.36 (KHTML, like Gecko; compatible; GPTBot/1.3; +https://openai.com/gptbot)"
57.141.0.70 - - [22/Mar/2026:08:15:55 -0400] "GET /goodscode/3431832011?path=/home/reachcon/public_html/wp-content HTTP/1.1" 200 25825 "-" "meta-externalagent/1.1 (+https://developers.facebook.com/docs/sharing/webmasters/crawler)"
216.73.216.221 - - [22/Mar/2026:08:15:55 -0400] "GET /omada_slideshow/home-page?fileloc=%2F%2Fbin%2Fshar&path=%2F%2Fbin HTTP/1.1" 200 12244 "-" "Mozilla/5.0 AppleWebKit/537.36 (KHTML, like Gecko; compatible; ClaudeBot/1.0; +claudebot@anthropic.com)"
216.73.216.183 - - [22/Mar/2026:08:15:56 -0400] "GET /goodscode/562585028?fileloc=%2Fhome%2Freachcon%2Fpublic_html%2Fxmlrpc.php&path=%2Fhome%2Freachcon%2Fpublic_html HTTP/1.1" 200 15933 "-" "Mozilla/5.0 AppleWebKit/537.36 (KHTML, like Gecko; compatible; ClaudeBot/1.0; +claudebot@anthropic.com)"
147.135.212.151 - - [22/Mar/2026:08:15:56 -0400] "GET /public-safety/?fileloc=/home/reachcon/.wp-toolkit-identifier&path=/home/reachcon HTTP/1.1" 200 13000 "-" "Mozilla/5.0 (compatible; MJ12bot/v1.4.8; http://mj12bot.com/)"
57.141.0.28 - - [22/Mar/2026:08:15:56 -0400] "GET /goodscode/862542430?fileloc=/home/reachcon/public_html/wp-signup.php&path=/home/reachcon/public_html HTTP/1.1" 200 50396 "-" "meta-externalagent/1.1 (+https://developers.facebook.com/docs/sharing/webmasters/crawler)"
57.141.0.24 - - [22/Mar/2026:08:15:56 -0400] "GET /goodscode/1197228503?fileloc=/home/reachcon/public_html/readme.html&path=/home/reachcon/public_html HTTP/1.1" 200 21711 "-" "meta-externalagent/1.1 (+https://developers.facebook.com/docs/sharing/webmasters/crawler)"
