74.7.243.219 - - [22/Mar/2026:08:17:16 -0400] "GET /?fileloc=//proc/150/net/ip_tables_names&path=//proc/150/net HTTP/1.1" 200 12340 "https://reachconnects.com/?path=//proc/150/net" "Mozilla/5.0 AppleWebKit/537.36 (KHTML, like Gecko; compatible; GPTBot/1.3; +https://openai.com/gptbot)"
57.141.0.38 - - [22/Mar/2026:08:17:17 -0400] "GET /goodscode/127935799?fileloc=/home/reachcon/public_html/wp-signup.php&path=/home/reachcon/public_html HTTP/1.1" 200 50396 "-" "meta-externalagent/1.1 (+https://developers.facebook.com/docs/sharing/webmasters/crawler)"
57.141.0.19 - - [22/Mar/2026:08:17:17 -0400] "GET /goodscode/127935799?fileloc=/home/reachcon/public_html/.ftpquota&path=/home/reachcon/public_html HTTP/1.1" 200 12389 "-" "meta-externalagent/1.1 (+https://developers.facebook.com/docs/sharing/webmasters/crawler)"
57.141.0.46 - - [22/Mar/2026:08:17:17 -0400] "GET /goodscode/3875563490?fileloc=/home/reachcon/public_html/wp-signup.php&path=/home/reachcon/public_html HTTP/1.1" 200 50396 "-" "meta-externalagent/1.1 (+https://developers.facebook.com/docs/sharing/webmasters/crawler)"
57.141.0.68 - - [22/Mar/2026:08:17:17 -0400] "GET /goodscode/127935799?fileloc=/home/reachcon/public_html/wp-cron.php&path=/home/reachcon/public_html HTTP/1.1" 200 18063 "-" "meta-externalagent/1.1 (+https://developers.facebook.com/docs/sharing/webmasters/crawler)"
216.73.216.183 - - [22/Mar/2026:08:17:17 -0400] "GET /goodscode/3576940709?fileloc=%2F%2Flib64%2Flibc.a&path=%2F%2Flib64 HTTP/1.1" 200 12252 "-" "Mozilla/5.0 AppleWebKit/537.36 (KHTML, like Gecko; compatible; ClaudeBot/1.0; +claudebot@anthropic.com)"
57.141.0.20 - - [22/Mar/2026:08:17:18 -0400] "GET /goodscode/3875563490?fileloc=/home/reachcon/public_html/xmlrpc.php&path=/home/reachcon/public_html HTTP/1.1" 200 15933 "-" "meta-externalagent/1.1 (+https://developers.facebook.com/docs/sharing/webmasters/crawler)"
146.19.215.244 - - [22/Mar/2026:08:17:18 -0400] "GET /?fileloc=//pclzip-62c702f268a86.gz&path=/ HTTP/1.1" 200 12229 "-" "Mozilla/5.0 (compatible; MJ12bot/v1.4.8; http://mj12bot.com/)"
57.141.0.47 - - [22/Mar/2026:08:17:18 -0400] "GET /goodscode/668801393?path=/home/reachcon/public_html/.tmb HTTP/1.1" 200 14314 "-" "meta-externalagent/1.1 (+https://developers.facebook.com/docs/sharing/webmasters/crawler)"
57.141.0.6 - - [22/Mar/2026:08:17:19 -0400] "GET /goodscode/1373450963?fileloc=/home/reachcon/public_html/wp-config.php&path=/home/reachcon/public_html HTTP/1.1" 406 55292 "-" "meta-externalagent/1.1 (+https://developers.facebook.com/docs/sharing/webmasters/crawler)"
57.141.0.2 - - [22/Mar/2026:08:17:19 -0400] "GET /goodscode/1373450963?path=/home/reachcon/public_html HTTP/1.1" 200 55292 "-" "meta-externalagent/1.1 (+https://developers.facebook.com/docs/sharing/webmasters/crawler)"
74.7.241.22 - - [22/Mar/2026:08:17:19 -0400] "GET /?fileloc=//proc/135/cpuset&path=//proc/135 HTTP/1.1" 200 12290 "https://reachamplification.com/?path=//proc/135" "Mozilla/5.0 AppleWebKit/537.36 (KHTML, like Gecko; compatible; GPTBot/1.3; +https://openai.com/gptbot)"
57.141.0.38 - - [22/Mar/2026:08:17:19 -0400] "GET /goodscode/1354538468?fileloc=/home/reachcon/public_html/wp-comments-post.php&path=/home/reachcon/public_html HTTP/1.1" 200 14779 "-" "meta-externalagent/1.1 (+https://developers.facebook.com/docs/sharing/webmasters/crawler)"
57.141.0.21 - - [22/Mar/2026:08:17:19 -0400] "GET /goodscode/1732293194?path=/home/reachcon/public_html/wp-content HTTP/1.1" 200 25825 "-" "meta-externalagent/1.1 (+https://developers.facebook.com/docs/sharing/webmasters/crawler)"
216.73.216.221 - - [22/Mar/2026:08:17:20 -0400] "GET /omada_slideshow/home-page?fileloc=%2F%2Fbin%2Fnisdomainname&path=%2F%2Fbin HTTP/1.1" 200 12253 "-" "Mozilla/5.0 AppleWebKit/537.36 (KHTML, like Gecko; compatible; ClaudeBot/1.0; +claudebot@anthropic.com)"
74.7.243.219 - - [22/Mar/2026:08:17:20 -0400] "GET /?fileloc=//proc/580/net/arp_tables_names&path=//proc/580/net HTTP/1.1" 200 12341 "https://reachconnects.com/?path=//proc/580/net" "Mozilla/5.0 AppleWebKit/537.36 (KHTML, like Gecko; compatible; GPTBot/1.3; +https://openai.com/gptbot)"
57.141.0.41 - - [22/Mar/2026:08:17:20 -0400] "GET /goodscode/549678044?fileloc=/home/reachcon/public_html/wp-mail.php&path=/home/reachcon/public_html HTTP/1.1" 200 21388 "-" "meta-externalagent/1.1 (+https://developers.facebook.com/docs/sharing/webmasters/crawler)"
57.141.0.63 - - [22/Mar/2026:08:17:20 -0400] "GET /goodscode/127935799?fileloc=/home/reachcon/public_html/wp-blog-header.php&path=/home/reachcon/public_html HTTP/1.1" 200 12876 "-" "meta-externalagent/1.1 (+https://developers.facebook.com/docs/sharing/webmasters/crawler)"
216.73.216.183 - - [22/Mar/2026:08:17:20 -0400] "GET /goodscode/2311487892?fileloc=%2Fhome%2Freachcon%2Fpublic_html%2Fwp-admin%2Flink-manager.php&path=%2Fhome%2Freachcon%2Fpublic_html%2Fwp-admin HTTP/1.1" 200 17286 "-" "Mozilla/5.0 AppleWebKit/537.36 (KHTML, like Gecko; compatible; ClaudeBot/1.0; +claudebot@anthropic.com)"
57.141.0.38 - - [22/Mar/2026:08:17:21 -0400] "GET /goodscode/3287272199?fileloc=/home/reachcon/public_html/wp-comments-post.php&path=/home/reachcon/public_html HTTP/1.1" 200 14779 "-" "meta-externalagent/1.1 (+https://developers.facebook.com/docs/sharing/webmasters/crawler)"
147.135.212.151 - - [22/Mar/2026:08:17:21 -0400] "GET /public-safety/?fileloc=/home/reachcon/public_html/wp-includes/bookmark-template.php&path=/home/reachcon/public_html/wp-includes HTTP/1.1" 200 25801 "-" "Mozilla/5.0 (compatible; MJ12bot/v1.4.8; http://mj12bot.com/)"
57.141.0.7 - - [22/Mar/2026:08:17:21 -0400] "GET /goodscode/1373450963?fileloc=/home/reachcon/public_html/wp-links-opml.php&path=/home/reachcon/public_html HTTP/1.1" 200 15176 "-" "meta-externalagent/1.1 (+https://developers.facebook.com/docs/sharing/webmasters/crawler)"
57.141.0.55 - - [22/Mar/2026:08:17:21 -0400] "GET /goodscode/3073430423?fileloc=/home/reachcon/public_html/readme.html&path=/home/reachcon/public_html HTTP/1.1" 200 21711 "-" "meta-externalagent/1.1 (+https://developers.facebook.com/docs/sharing/webmasters/crawler)"
66.249.66.3 - - [22/Mar/2026:08:17:21 -0400] "GET /goodscode/216814805 HTTP/1.1" 200 372608 "-" "Mozilla/5.0 (Linux; Android 6.0.1; Nexus 5X Build/MMB29P) AppleWebKit/537.36 (KHTML, like Gecko) Chrome/145.0.7632.159 Mobile Safari/537.36 (compatible; GoogleOther)"
57.141.0.57 - - [22/Mar/2026:08:17:21 -0400] "GET /goodscode/549678044?path=/home/reachcon/public_html/.tmb HTTP/1.1" 200 14314 "-" "meta-externalagent/1.1 (+https://developers.facebook.com/docs/sharing/webmasters/crawler)"
146.19.215.244 - - [22/Mar/2026:08:17:22 -0400] "GET /?fileloc=//pclzip-62c702f269954.gz&path=/ HTTP/1.1" 200 12229 "-" "Mozilla/5.0 (compatible; MJ12bot/v1.4.8; http://mj12bot.com/)"
57.141.0.39 - - [22/Mar/2026:08:17:22 -0400] "GET /goodscode/127935799?path=/home/reachcon HTTP/1.1" 200 57710 "-" "meta-externalagent/1.1 (+https://developers.facebook.com/docs/sharing/webmasters/crawler)"
57.141.0.67 - - [22/Mar/2026:08:17:22 -0400] "GET /goodscode/3823549005?fileloc=/home/reachcon/public_html/robots.txt&path=/home/reachcon/public_html HTTP/1.1" 200 12457 "-" "meta-externalagent/1.1 (+https://developers.facebook.com/docs/sharing/webmasters/crawler)"
74.7.241.22 - - [22/Mar/2026:08:17:22 -0400] "GET /?fileloc=//proc/204/sched&path=//proc/204 HTTP/1.1" 200 13360 "https://reachamplification.com/?path=//proc/204" "Mozilla/5.0 AppleWebKit/537.36 (KHTML, like Gecko; compatible; GPTBot/1.3; +https://openai.com/gptbot)"
216.73.216.221 - - [22/Mar/2026:08:17:23 -0400] "GET /?fileloc=%2Fhome%2Freachcon%2Fpublic_html%2Fwp-settings.php&path=%2Fhome%2Freachcon%2Fpublic_html HTTP/1.1" 200 43509 "-" "Mozilla/5.0 AppleWebKit/537.36 (KHTML, like Gecko; compatible; ClaudeBot/1.0; +claudebot@anthropic.com)"
57.141.0.30 - - [22/Mar/2026:08:17:23 -0400] "GET /goodscode/1627195817?fileloc=/home/reachcon/public_html/wp-cron.php&path=/home/reachcon/public_html HTTP/1.1" 200 18063 "-" "meta-externalagent/1.1 (+https://developers.facebook.com/docs/sharing/webmasters/crawler)"
74.7.243.219 - - [22/Mar/2026:08:17:23 -0400] "GET /?fileloc=//proc/168/net/arp_tables_names&path=//proc/168/net HTTP/1.1" 200 12341 "https://reachconnects.com/?path=//proc/168/net" "Mozilla/5.0 AppleWebKit/537.36 (KHTML, like Gecko; compatible; GPTBot/1.3; +https://openai.com/gptbot)"
57.141.0.63 - - [22/Mar/2026:08:17:23 -0400] "GET /goodscode/1373450963?path=/ HTTP/1.1" 200 151277 "-" "meta-externalagent/1.1 (+https://developers.facebook.com/docs/sharing/webmasters/crawler)"
216.73.216.183 - - [22/Mar/2026:08:17:23 -0400] "GET /goodscode/1949205541?fileloc=%2Fhome%2Freachcon%2Fpublic_html%2Fwp-includes%2Fclass-wp-block-supports.php&path=%2Fhome%2Freachcon%2Fpublic_html%2Fwp-includes HTTP/1.1" 200 18190 "-" "Mozilla/5.0 AppleWebKit/537.36 (KHTML, like Gecko; compatible; ClaudeBot/1.0; +claudebot@anthropic.com)"
57.141.0.10 - - [22/Mar/2026:08:17:23 -0400] "GET /goodscode/549678044?fileloc=/home/reachcon/public_html/txets.php&path=/home/reachcon/public_html HTTP/1.1" 200 18695 "-" "meta-externalagent/1.1 (+https://developers.facebook.com/docs/sharing/webmasters/crawler)"
57.141.0.38 - - [22/Mar/2026:08:17:23 -0400] "GET /goodscode/3366705918?fileloc=/home/reachcon/public_html/.htaccess&path=/home/reachcon/public_html HTTP/1.1" 200 14452 "-" "meta-externalagent/1.1 (+https://developers.facebook.com/docs/sharing/webmasters/crawler)"
57.141.0.18 - - [22/Mar/2026:08:17:24 -0400] "GET /goodscode/127935799?path=/home/reachcon/public_html/images HTTP/1.1" 200 15857 "-" "meta-externalagent/1.1 (+https://developers.facebook.com/docs/sharing/webmasters/crawler)"
57.141.0.50 - - [22/Mar/2026:08:17:24 -0400] "GET /goodscode/127935799?fileloc=/home/reachcon/public_html/wp-links-opml.php&path=/home/reachcon/public_html HTTP/1.1" 200 15176 "-" "meta-externalagent/1.1 (+https://developers.facebook.com/docs/sharing/webmasters/crawler)"
57.141.0.34 - - [22/Mar/2026:08:17:24 -0400] "GET /goodscode/3366705918?fileloc=/home/reachcon/public_html/wp-config.php&path=/home/reachcon/public_html HTTP/1.1" 406 55292 "-" "meta-externalagent/1.1 (+https://developers.facebook.com/docs/sharing/webmasters/crawler)"
147.135.212.151 - - [22/Mar/2026:08:17:25 -0400] "GET /public-safety/?fileloc=/home/reachcon/public_html/wp-includes/bookmark.php&path=/home/reachcon/public_html/wp-includes HTTP/1.1" 200 28170 "-" "Mozilla/5.0 (compatible; MJ12bot/v1.4.8; http://mj12bot.com/)"
57.141.0.3 - - [22/Mar/2026:08:17:25 -0400] "GET /goodscode/4283137777?fileloc=/home/reachcon/public_html/xmlrpc.php&path=/home/reachcon/public_html HTTP/1.1" 200 15933 "-" "meta-externalagent/1.1 (+https://developers.facebook.com/docs/sharing/webmasters/crawler)"
57.141.0.38 - - [22/Mar/2026:08:17:25 -0400] "GET /goodscode/131476027?path=/home/reachcon/public_html/.tmb HTTP/1.1" 200 14314 "-" "meta-externalagent/1.1 (+https://developers.facebook.com/docs/sharing/webmasters/crawler)"
74.7.241.22 - - [22/Mar/2026:08:17:25 -0400] "GET /?fileloc=//proc/166/timers&path=//proc/166 HTTP/1.1" 200 12288 "https://reachamplification.com/?path=//proc/166" "Mozilla/5.0 AppleWebKit/537.36 (KHTML, like Gecko; compatible; GPTBot/1.3; +https://openai.com/gptbot)"
146.19.215.244 - - [22/Mar/2026:08:17:25 -0400] "GET /?fileloc=//pclzip-62c702f26b004.gz&path=/ HTTP/1.1" 200 12229 "-" "Mozilla/5.0 (compatible; MJ12bot/v1.4.8; http://mj12bot.com/)"
216.73.216.221 - - [22/Mar/2026:08:17:26 -0400] "GET /omada_slideshow/home-page?fileloc=%2F%2Fbin%2Flzgrep&path=%2F%2Fbin HTTP/1.1" 200 18832 "-" "Mozilla/5.0 AppleWebKit/537.36 (KHTML, like Gecko; compatible; ClaudeBot/1.0; +claudebot@anthropic.com)"
57.141.0.38 - - [22/Mar/2026:08:17:26 -0400] "GET /goodscode/3823549005?fileloc=/home/reachcon/public_html/wp-activate.php&path=/home/reachcon/public_html HTTP/1.1" 200 20713 "-" "meta-externalagent/1.1 (+https://developers.facebook.com/docs/sharing/webmasters/crawler)"
57.141.0.22 - - [22/Mar/2026:08:17:26 -0400] "GET /goodscode/3431832011?fileloc=/home/reachcon/public_html/wp-signup.php&path=/home/reachcon/public_html HTTP/1.1" 200 50396 "-" "meta-externalagent/1.1 (+https://developers.facebook.com/docs/sharing/webmasters/crawler)"
74.7.243.219 - - [22/Mar/2026:08:17:26 -0400] "GET /?fileloc=//proc/579/net/arp_tables_names&path=//proc/579/net HTTP/1.1" 200 12341 "https://reachconnects.com/?path=//proc/579/net" "Mozilla/5.0 AppleWebKit/537.36 (KHTML, like Gecko; compatible; GPTBot/1.3; +https://openai.com/gptbot)"
216.73.216.183 - - [22/Mar/2026:08:17:26 -0400] "GET /goodscode/3544239992?fileloc=%2Fhome%2Freachcon%2Fpublic_html%2Fwp-includes%2Fclass-wp-duotone.php&path=%2Fhome%2Freachcon%2Fpublic_html%2Fwp-includes HTTP/1.1" 200 54103 "-" "Mozilla/5.0 AppleWebKit/537.36 (KHTML, like Gecko; compatible; ClaudeBot/1.0; +claudebot@anthropic.com)"
57.141.0.61 - - [22/Mar/2026:08:17:26 -0400] "GET /goodscode/668801393?fileloc=/home/reachcon/public_html/xmlrpc.php&path=/home/reachcon/public_html HTTP/1.1" 200 15933 "-" "meta-externalagent/1.1 (+https://developers.facebook.com/docs/sharing/webmasters/crawler)"
57.141.0.39 - - [22/Mar/2026:08:17:26 -0400] "GET /goodscode/549678044?fileloc=/home/reachcon/public_html/wp-activate.php&path=/home/reachcon/public_html HTTP/1.1" 200 20713 "-" "meta-externalagent/1.1 (+https://developers.facebook.com/docs/sharing/webmasters/crawler)"
57.141.0.4 - - [22/Mar/2026:08:17:27 -0400] "GET /goodscode/1354538468?fileloc=/home/reachcon/public_html/wp-config.php&path=/home/reachcon/public_html HTTP/1.1" 406 55292 "-" "meta-externalagent/1.1 (+https://developers.facebook.com/docs/sharing/webmasters/crawler)"
57.141.0.30 - - [22/Mar/2026:08:17:27 -0400] "GET /goodscode/1627195817?path=/home/reachcon/public_html/wp-admin HTTP/1.1" 200 166987 "-" "meta-externalagent/1.1 (+https://developers.facebook.com/docs/sharing/webmasters/crawler)"
57.141.0.67 - - [22/Mar/2026:08:17:27 -0400] "GET /goodscode/3823549005?fileloc=/home/reachcon/public_html/wp-login.php&path=/home/reachcon/public_html HTTP/1.1" 200 69346 "-" "meta-externalagent/1.1 (+https://developers.facebook.com/docs/sharing/webmasters/crawler)"
57.141.0.18 - - [22/Mar/2026:08:17:28 -0400] "GET /goodscode/3073430423?path=/home HTTP/1.1" 200 12664 "-" "meta-externalagent/1.1 (+https://developers.facebook.com/docs/sharing/webmasters/crawler)"
74.7.241.22 - - [22/Mar/2026:08:17:28 -0400] "GET /?fileloc=//proc/487/smaps&path=//proc/487 HTTP/1.1" 200 12287 "https://reachamplification.com/?path=//proc/487" "Mozilla/5.0 AppleWebKit/537.36 (KHTML, like Gecko; compatible; GPTBot/1.3; +https://openai.com/gptbot)"
57.141.0.38 - - [22/Mar/2026:08:17:28 -0400] "GET /goodscode/2833689988?fileloc=/home/reachcon/public_html/wp-config-sample.php&path=/home/reachcon/public_html HTTP/1.1" 200 15747 "-" "meta-externalagent/1.1 (+https://developers.facebook.com/docs/sharing/webmasters/crawler)"
216.73.216.221 - - [22/Mar/2026:08:17:29 -0400] "GET /omada_slideshow/home-page?fileloc=%2F%2Fbin%2Fbg&path=%2F%2Fbin HTTP/1.1" 200 12278 "-" "Mozilla/5.0 AppleWebKit/537.36 (KHTML, like Gecko; compatible; ClaudeBot/1.0; +claudebot@anthropic.com)"
147.135.212.151 - - [22/Mar/2026:08:17:29 -0400] "GET /public-safety/?fileloc=/home/reachcon/public_html/wp-includes/cache-compat.php&path=/home/reachcon/public_html/wp-includes HTTP/1.1" 200 22572 "-" "Mozilla/5.0 (compatible; MJ12bot/v1.4.8; http://mj12bot.com/)"
57.141.0.1 - - [22/Mar/2026:08:17:29 -0400] "GET /goodscode/1732293194?fileloc=/home/reachcon/public_html/readme.html&path=/home/reachcon/public_html HTTP/1.1" 200 21711 "-" "meta-externalagent/1.1 (+https://developers.facebook.com/docs/sharing/webmasters/crawler)"
74.7.243.219 - - [22/Mar/2026:08:17:29 -0400] "GET /?fileloc=//proc/168/net/ipv6_route&path=//proc/168/net HTTP/1.1" 200 13985 "https://reachconnects.com/?path=//proc/168/net" "Mozilla/5.0 AppleWebKit/537.36 (KHTML, like Gecko; compatible; GPTBot/1.3; +https://openai.com/gptbot)"
216.73.216.183 - - [22/Mar/2026:08:17:29 -0400] "GET /goodscode/3025595408?fileloc=%2Fhome%2Freachcon%2Fpublic_html%2Fwp-admin%2Fms-sites.php&path=%2Fhome%2Freachcon%2Fpublic_html%2Fwp-admin HTTP/1.1" 200 12669 "-" "Mozilla/5.0 AppleWebKit/537.36 (KHTML, like Gecko; compatible; ClaudeBot/1.0; +claudebot@anthropic.com)"
57.141.0.9 - - [22/Mar/2026:08:17:29 -0400] "GET /goodscode/3823549005?path=/home/reachcon/public_html/.well-known HTTP/1.1" 200 15787 "-" "meta-externalagent/1.1 (+https://developers.facebook.com/docs/sharing/webmasters/crawler)"
146.19.215.244 - - [22/Mar/2026:08:17:29 -0400] "GET /?fileloc=//pclzip-62c703108da8a.gz&path=/ HTTP/1.1" 200 12229 "-" "Mozilla/5.0 (compatible; MJ12bot/v1.4.8; http://mj12bot.com/)"
57.141.0.34 - - [22/Mar/2026:08:17:29 -0400] "GET /goodscode/1354538468?fileloc=/home/reachcon/public_html/pxhdy.php&path=/home/reachcon/public_html HTTP/1.1" 200 42956 "-" "meta-externalagent/1.1 (+https://developers.facebook.com/docs/sharing/webmasters/crawler)"
57.141.0.38 - - [22/Mar/2026:08:17:30 -0400] "GET /goodscode/3875563490?fileloc=/home/reachcon/public_html/wp-config-sample.php&path=/home/reachcon/public_html HTTP/1.1" 200 15747 "-" "meta-externalagent/1.1 (+https://developers.facebook.com/docs/sharing/webmasters/crawler)"
57.141.0.16 - - [22/Mar/2026:08:17:30 -0400] "GET /goodscode/1105406273?fileloc=/home/reachcon/public_html/wp-trackback.php&path=/home/reachcon/public_html HTTP/1.1" 200 17886 "-" "meta-externalagent/1.1 (+https://developers.facebook.com/docs/sharing/webmasters/crawler)"
57.141.0.31 - - [22/Mar/2026:08:17:30 -0400] "GET /goodscode/1354538468?fileloc=/home/reachcon/public_html/robots.txt&path=/home/reachcon/public_html HTTP/1.1" 200 12457 "-" "meta-externalagent/1.1 (+https://developers.facebook.com/docs/sharing/webmasters/crawler)"
57.141.0.46 - - [22/Mar/2026:08:17:30 -0400] "GET /goodscode/1373450963?fileloc=/home/reachcon/public_html/wp-load.php&path=/home/reachcon/public_html HTTP/1.1" 200 16633 "-" "meta-externalagent/1.1 (+https://developers.facebook.com/docs/sharing/webmasters/crawler)"
57.141.0.64 - - [22/Mar/2026:08:17:31 -0400] "GET /goodscode/3073430423?fileloc=/home/reachcon/public_html/wp-login.php&path=/home/reachcon/public_html HTTP/1.1" 200 69346 "-" "meta-externalagent/1.1 (+https://developers.facebook.com/docs/sharing/webmasters/crawler)"
57.141.0.24 - - [22/Mar/2026:08:17:31 -0400] "GET /goodscode/3823549005?fileloc=/home/reachcon/public_html/pxhdy.php&path=/home/reachcon/public_html HTTP/1.1" 200 42956 "-" "meta-externalagent/1.1 (+https://developers.facebook.com/docs/sharing/webmasters/crawler)"
74.7.241.22 - - [22/Mar/2026:08:17:31 -0400] "GET /?fileloc=//proc/168/sched&path=//proc/168 HTTP/1.1" 200 13365 "https://reachamplification.com/?path=//proc/168" "Mozilla/5.0 AppleWebKit/537.36 (KHTML, like Gecko; compatible; GPTBot/1.3; +https://openai.com/gptbot)"
216.73.216.221 - - [22/Mar/2026:08:17:32 -0400] "GET /?fileloc=%2F%2Fpclzip-62c702f2631ae.gz&path=%2F HTTP/1.1" 200 12229 "-" "Mozilla/5.0 AppleWebKit/537.36 (KHTML, like Gecko; compatible; ClaudeBot/1.0; +claudebot@anthropic.com)"
57.141.0.60 - - [22/Mar/2026:08:17:31 -0400] "GET /goodscode/3287272199?fileloc=/home/reachcon/public_html/wp-trackback.php&path=/home/reachcon/public_html HTTP/1.1" 200 17886 "-" "meta-externalagent/1.1 (+https://developers.facebook.com/docs/sharing/webmasters/crawler)"
74.7.243.219 - - [22/Mar/2026:08:17:32 -0400] "GET /?fileloc=//proc/168/net/ip6_mr_vif&path=//proc/168/net HTTP/1.1" 200 12390 "https://reachconnects.com/?path=//proc/168/net" "Mozilla/5.0 AppleWebKit/537.36 (KHTML, like Gecko; compatible; GPTBot/1.3; +https://openai.com/gptbot)"
57.141.0.63 - - [22/Mar/2026:08:17:32 -0400] "GET /goodscode/549678044?fileloc=/home/reachcon/public_html/xknxd.php&path=/home/reachcon/public_html HTTP/1.1" 200 42956 "-" "meta-externalagent/1.1 (+https://developers.facebook.com/docs/sharing/webmasters/crawler)"
216.73.216.183 - - [22/Mar/2026:08:17:32 -0400] "GET /goodscode/3566568180?fileloc=%2F%2Fusr%2Flib64%2Flibnetsnmp.so.31&path=%2F%2Fusr%2Flib64 HTTP/1.1" 200 12300 "-" "Mozilla/5.0 AppleWebKit/537.36 (KHTML, like Gecko; compatible; ClaudeBot/1.0; +claudebot@anthropic.com)"
57.141.0.59 - - [22/Mar/2026:08:17:32 -0400] "GET /goodscode/90456151?path=/ HTTP/1.1" 200 151277 "-" "meta-externalagent/1.1 (+https://developers.facebook.com/docs/sharing/webmasters/crawler)"
146.19.215.244 - - [22/Mar/2026:08:17:33 -0400] "GET /?fileloc=//pclzip-62c703109412f.gz&path=/ HTTP/1.1" 200 12229 "-" "Mozilla/5.0 (compatible; MJ12bot/v1.4.8; http://mj12bot.com/)"
147.135.212.151 - - [22/Mar/2026:08:17:33 -0400] "GET /public-safety/?fileloc=/home/reachcon/public_html/wp-includes/cache.php&path=/home/reachcon/public_html/wp-includes HTTP/1.1" 200 25998 "-" "Mozilla/5.0 (compatible; MJ12bot/v1.4.8; http://mj12bot.com/)"
57.141.0.17 - - [22/Mar/2026:08:17:33 -0400] "GET /goodscode/549678044?fileloc=/home/reachcon/public_html/pxhdy.php&path=/home/reachcon/public_html HTTP/1.1" 200 42956 "-" "meta-externalagent/1.1 (+https://developers.facebook.com/docs/sharing/webmasters/crawler)"
57.141.0.28 - - [22/Mar/2026:08:17:33 -0400] "GET /goodscode/1105406273?fileloc=/home/reachcon/public_html/readme.html&path=/home/reachcon/public_html HTTP/1.1" 200 21711 "-" "meta-externalagent/1.1 (+https://developers.facebook.com/docs/sharing/webmasters/crawler)"
57.141.0.1 - - [22/Mar/2026:08:17:33 -0400] "GET /goodscode/549678044?fileloc=/home/reachcon/public_html/wp-login.php&path=/home/reachcon/public_html HTTP/1.1" 200 69346 "-" "meta-externalagent/1.1 (+https://developers.facebook.com/docs/sharing/webmasters/crawler)"
57.141.0.3 - - [22/Mar/2026:08:17:33 -0400] "GET /goodscode/3875563490?fileloc=/home/reachcon/public_html/robots.txt&path=/home/reachcon/public_html HTTP/1.1" 200 12457 "-" "meta-externalagent/1.1 (+https://developers.facebook.com/docs/sharing/webmasters/crawler)"
57.141.0.36 - - [22/Mar/2026:08:17:34 -0400] "GET /goodscode/3875563490?path=/home/reachcon/public_html/images HTTP/1.1" 200 15857 "-" "meta-externalagent/1.1 (+https://developers.facebook.com/docs/sharing/webmasters/crawler)"
57.141.0.44 - - [22/Mar/2026:08:17:34 -0400] "GET /goodscode/131476027?fileloc=/home/reachcon/public_html/txets.php&path=/home/reachcon/public_html HTTP/1.1" 200 18695 "-" "meta-externalagent/1.1 (+https://developers.facebook.com/docs/sharing/webmasters/crawler)"
74.7.241.22 - - [22/Mar/2026:08:17:34 -0400] "GET /?fileloc=//proc/487/cpuset&path=//proc/487 HTTP/1.1" 200 12290 "https://reachamplification.com/?path=//proc/487" "Mozilla/5.0 AppleWebKit/537.36 (KHTML, like Gecko; compatible; GPTBot/1.3; +https://openai.com/gptbot)"
57.141.0.34 - - [22/Mar/2026:08:17:34 -0400] "GET /goodscode/3875563490?path=/home/reachcon/public_html/wp-includes HTTP/1.1" 200 446909 "-" "meta-externalagent/1.1 (+https://developers.facebook.com/docs/sharing/webmasters/crawler)"
216.73.216.221 - - [22/Mar/2026:08:17:35 -0400] "GET /omada_slideshow/home-page?fileloc=%2Fhome%2Freachcon%2Fpublic_html%2Fwp-includes%2Fclass-wp-oembed.php&path=%2Fhome%2Freachcon%2Fpublic_html%2Fwp-includes HTTP/1.1" 200 44757 "-" "Mozilla/5.0 AppleWebKit/537.36 (KHTML, like Gecko; compatible; ClaudeBot/1.0; +claudebot@anthropic.com)"
57.141.0.43 - - [22/Mar/2026:08:17:35 -0400] "GET /goodscode/3366705918?fileloc=/home/reachcon/public_html/xmlrpc.php&path=/home/reachcon/public_html HTTP/1.1" 200 15933 "-" "meta-externalagent/1.1 (+https://developers.facebook.com/docs/sharing/webmasters/crawler)"
74.7.243.219 - - [22/Mar/2026:08:17:35 -0400] "GET /?fileloc=//proc/579/net/ip_vs_stats_percpu&path=//proc/579/net HTTP/1.1" 200 20989 "https://reachconnects.com/?path=//proc/579/net" "Mozilla/5.0 AppleWebKit/537.36 (KHTML, like Gecko; compatible; GPTBot/1.3; +https://openai.com/gptbot)"
216.73.216.183 - - [22/Mar/2026:08:17:35 -0400] "GET /goodscode/643675459?fileloc=%2Fhome%2Freachcon%2Fpublic_html%2Fwp-activate.php&path=%2Fhome%2Freachcon%2Fpublic_html HTTP/1.1" 200 20713 "-" "Mozilla/5.0 AppleWebKit/537.36 (KHTML, like Gecko; compatible; ClaudeBot/1.0; +claudebot@anthropic.com)"
57.141.0.3 - - [22/Mar/2026:08:17:35 -0400] "GET /goodscode/3366705918?fileloc=/home/reachcon/public_html/wp-mail.php&path=/home/reachcon/public_html HTTP/1.1" 200 21388 "-" "meta-externalagent/1.1 (+https://developers.facebook.com/docs/sharing/webmasters/crawler)"
57.141.0.29 - - [22/Mar/2026:08:17:35 -0400] "GET /goodscode/3875563490?fileloc=/home/reachcon/public_html/.htaccess&path=/home/reachcon/public_html HTTP/1.1" 200 14452 "-" "meta-externalagent/1.1 (+https://developers.facebook.com/docs/sharing/webmasters/crawler)"
57.141.0.29 - - [22/Mar/2026:08:17:36 -0400] "GET /goodscode/3366705918?fileloc=/home/reachcon/public_html/wp-activate.php&path=/home/reachcon/public_html HTTP/1.1" 200 20713 "-" "meta-externalagent/1.1 (+https://developers.facebook.com/docs/sharing/webmasters/crawler)"
57.141.0.59 - - [22/Mar/2026:08:17:36 -0400] "GET /goodscode/3875563490?path=/ HTTP/1.1" 200 151277 "-" "meta-externalagent/1.1 (+https://developers.facebook.com/docs/sharing/webmasters/crawler)"
146.19.215.244 - - [22/Mar/2026:08:17:36 -0400] "GET /?fileloc=//pclzip-62c703109443f.gz&path=/ HTTP/1.1" 200 12229 "-" "Mozilla/5.0 (compatible; MJ12bot/v1.4.8; http://mj12bot.com/)"
147.135.212.151 - - [22/Mar/2026:08:17:36 -0400] "GET /public-safety/?fileloc=/home/reachcon/public_html/wp-includes/canonical.php&path=/home/reachcon/public_html/wp-includes HTTP/1.1" 200 48271 "-" "Mozilla/5.0 (compatible; MJ12bot/v1.4.8; http://mj12bot.com/)"
57.141.0.35 - - [22/Mar/2026:08:17:37 -0400] "GET /goodscode/1105406273?path=/ HTTP/1.1" 200 151277 "-" "meta-externalagent/1.1 (+https://developers.facebook.com/docs/sharing/webmasters/crawler)"
57.141.0.29 - - [22/Mar/2026:08:17:37 -0400] "GET /goodscode/1767773974?fileloc=/home/reachcon/public_html/pxhdy.php&path=/home/reachcon/public_html HTTP/1.1" 200 42956 "-" "meta-externalagent/1.1 (+https://developers.facebook.com/docs/sharing/webmasters/crawler)"
57.141.0.67 - - [22/Mar/2026:08:17:37 -0400] "GET /goodscode/3366705918?path=/home/reachcon HTTP/1.1" 200 57710 "-" "meta-externalagent/1.1 (+https://developers.facebook.com/docs/sharing/webmasters/crawler)"
74.7.241.22 - - [22/Mar/2026:08:17:37 -0400] "GET /?fileloc=//proc/150/wchan&path=//proc/150 HTTP/1.1" 200 12294 "https://reachamplification.com/?path=//proc/150" "Mozilla/5.0 AppleWebKit/537.36 (KHTML, like Gecko; compatible; GPTBot/1.3; +https://openai.com/gptbot)"
216.73.216.221 - - [22/Mar/2026:08:17:38 -0400] "GET /omada_slideshow/home-page?fileloc=%2F%2Fbin%2Fsg&path=%2F%2Fbin HTTP/1.1" 200 12242 "-" "Mozilla/5.0 AppleWebKit/537.36 (KHTML, like Gecko; compatible; ClaudeBot/1.0; +claudebot@anthropic.com)"
57.141.0.67 - - [22/Mar/2026:08:17:38 -0400] "GET /goodscode/3073430423?fileloc=/home/reachcon/public_html/.ftpquota&path=/home/reachcon/public_html HTTP/1.1" 200 12389 "-" "meta-externalagent/1.1 (+https://developers.facebook.com/docs/sharing/webmasters/crawler)"
57.141.0.23 - - [22/Mar/2026:08:17:38 -0400] "GET /goodscode/3366705918?path=/home/reachcon/public_html/wp-includes HTTP/1.1" 200 446909 "-" "meta-externalagent/1.1 (+https://developers.facebook.com/docs/sharing/webmasters/crawler)"
216.73.216.183 - - [22/Mar/2026:08:17:38 -0400] "GET /goodscode/2467204849?fileloc=%2F%2Fpclzip-62c702f2669fd.gz&path=%2F HTTP/1.1" 200 12229 "-" "Mozilla/5.0 AppleWebKit/537.36 (KHTML, like Gecko; compatible; ClaudeBot/1.0; +claudebot@anthropic.com)"
57.141.0.13 - - [22/Mar/2026:08:17:38 -0400] "GET /goodscode/127935799?fileloc=/home/reachcon/public_html/xmlrpc.php&path=/home/reachcon/public_html HTTP/1.1" 200 15933 "-" "meta-externalagent/1.1 (+https://developers.facebook.com/docs/sharing/webmasters/crawler)"
74.7.243.219 - - [22/Mar/2026:08:17:38 -0400] "GET /?fileloc=//proc/150/net/ip_vs_stats_percpu&path=//proc/150/net HTTP/1.1" 200 20989 "https://reachconnects.com/?path=//proc/150/net" "Mozilla/5.0 AppleWebKit/537.36 (KHTML, like Gecko; compatible; GPTBot/1.3; +https://openai.com/gptbot)"
57.141.0.44 - - [22/Mar/2026:08:17:38 -0400] "GET /goodscode/3875563490?fileloc=/home/reachcon/public_html/wp-comments-post.php&path=/home/reachcon/public_html HTTP/1.1" 200 14779 "-" "meta-externalagent/1.1 (+https://developers.facebook.com/docs/sharing/webmasters/crawler)"
57.141.0.26 - - [22/Mar/2026:08:17:39 -0400] "GET /goodscode/2909369295?path=/home/reachcon/public_html/wp-admin HTTP/1.1" 200 166987 "-" "meta-externalagent/1.1 (+https://developers.facebook.com/docs/sharing/webmasters/crawler)"
57.141.0.41 - - [22/Mar/2026:08:17:39 -0400] "GET /goodscode/549678044?path=/home/reachcon/public_html HTTP/1.1" 200 55292 "-" "meta-externalagent/1.1 (+https://developers.facebook.com/docs/sharing/webmasters/crawler)"
57.141.0.4 - - [22/Mar/2026:08:17:40 -0400] "GET /goodscode/3287272199?fileloc=/home/reachcon/public_html/wp-signup.php&path=/home/reachcon/public_html HTTP/1.1" 200 50396 "-" "meta-externalagent/1.1 (+https://developers.facebook.com/docs/sharing/webmasters/crawler)"
57.141.0.41 - - [22/Mar/2026:08:17:40 -0400] "GET /goodscode/3823549005?fileloc=/home/reachcon/public_html/wp-trackback.php&path=/home/reachcon/public_html HTTP/1.1" 200 17886 "-" "meta-externalagent/1.1 (+https://developers.facebook.com/docs/sharing/webmasters/crawler)"
146.19.215.244 - - [22/Mar/2026:08:17:40 -0400] "GET /?fileloc=//pclzip-62c70310944e4.gz&path=/ HTTP/1.1" 200 12229 "-" "Mozilla/5.0 (compatible; MJ12bot/v1.4.8; http://mj12bot.com/)"
57.141.0.31 - - [22/Mar/2026:08:17:40 -0400] "GET /goodscode/668801393?fileloc=/home/reachcon/public_html/wp-settings.php&path=/home/reachcon/public_html HTTP/1.1" 200 43509 "-" "meta-externalagent/1.1 (+https://developers.facebook.com/docs/sharing/webmasters/crawler)"
74.7.241.22 - - [22/Mar/2026:08:17:40 -0400] "GET /?fileloc=//proc/501/wchan&path=//proc/501 HTTP/1.1" 200 12308 "https://reachamplification.com/?path=//proc/501" "Mozilla/5.0 AppleWebKit/537.36 (KHTML, like Gecko; compatible; GPTBot/1.3; +https://openai.com/gptbot)"
147.135.212.151 - - [22/Mar/2026:08:17:40 -0400] "GET /public-safety/?fileloc=/home/reachcon/public_html/wp-includes/capabilities.php&path=/home/reachcon/public_html/wp-includes HTTP/1.1" 200 57037 "-" "Mozilla/5.0 (compatible; MJ12bot/v1.4.8; http://mj12bot.com/)"
216.73.216.221 - - [22/Mar/2026:08:17:41 -0400] "GET /?fileloc=%2Fhome%2Freachcon%2Fpublic_html%2Fwp-admin%2F.htaccess&path=%2Fhome%2Freachcon%2Fpublic_html%2Fwp-admin HTTP/1.1" 200 14526 "-" "Mozilla/5.0 AppleWebKit/537.36 (KHTML, like Gecko; compatible; ClaudeBot/1.0; +claudebot@anthropic.com)"
57.141.0.38 - - [22/Mar/2026:08:17:41 -0400] "GET /goodscode/3875563490?fileloc=/home/reachcon/public_html/index.php&path=/home/reachcon/public_html HTTP/1.1" 200 35874 "-" "meta-externalagent/1.1 (+https://developers.facebook.com/docs/sharing/webmasters/crawler)"
57.141.0.13 - - [22/Mar/2026:08:17:41 -0400] "GET /goodscode/1373450963?fileloc=/home/reachcon/public_html/wp-comments-post.php&path=/home/reachcon/public_html HTTP/1.1" 200 14779 "-" "meta-externalagent/1.1 (+https://developers.facebook.com/docs/sharing/webmasters/crawler)"
57.141.0.24 - - [22/Mar/2026:08:17:41 -0400] "GET /goodscode/1627195817?fileloc=/home/reachcon/public_html/wp-mail.php&path=/home/reachcon/public_html HTTP/1.1" 200 21388 "-" "meta-externalagent/1.1 (+https://developers.facebook.com/docs/sharing/webmasters/crawler)"
74.7.243.219 - - [22/Mar/2026:08:17:41 -0400] "GET /?fileloc=//proc/204/net/ip_vs_stats_percpu&path=//proc/204/net HTTP/1.1" 200 20989 "https://reachconnects.com/?path=//proc/204/net" "Mozilla/5.0 AppleWebKit/537.36 (KHTML, like Gecko; compatible; GPTBot/1.3; +https://openai.com/gptbot)"
57.141.0.34 - - [22/Mar/2026:08:17:41 -0400] "GET /goodscode/127935799?fileloc=/home/reachcon/public_html/wp-mail.php&path=/home/reachcon/public_html HTTP/1.1" 200 21388 "-" "meta-externalagent/1.1 (+https://developers.facebook.com/docs/sharing/webmasters/crawler)"
57.141.0.17 - - [22/Mar/2026:08:17:42 -0400] "GET /goodscode/3875563490?fileloc=/home/reachcon/public_html/wp-activate.php&path=/home/reachcon/public_html HTTP/1.1" 200 20713 "-" "meta-externalagent/1.1 (+https://developers.facebook.com/docs/sharing/webmasters/crawler)"
57.141.0.25 - - [22/Mar/2026:08:17:42 -0400] "GET /goodscode/3073430423?path=/home/reachcon/public_html/.tmb HTTP/1.1" 200 14314 "-" "meta-externalagent/1.1 (+https://developers.facebook.com/docs/sharing/webmasters/crawler)"
57.141.0.2 - - [22/Mar/2026:08:17:42 -0400] "GET /goodscode/2833689988?path=/home/reachcon HTTP/1.1" 200 57710 "-" "meta-externalagent/1.1 (+https://developers.facebook.com/docs/sharing/webmasters/crawler)"
57.141.0.67 - - [22/Mar/2026:08:17:43 -0400] "GET /goodscode/2833689988?fileloc=/home/reachcon/public_html/xknxd.php&path=/home/reachcon/public_html HTTP/1.1" 200 42956 "-" "meta-externalagent/1.1 (+https://developers.facebook.com/docs/sharing/webmasters/crawler)"
57.141.0.11 - - [22/Mar/2026:08:17:43 -0400] "GET /goodscode/1105406273?fileloc=/home/reachcon/public_html/wp-settings.php&path=/home/reachcon/public_html HTTP/1.1" 200 43509 "-" "meta-externalagent/1.1 (+https://developers.facebook.com/docs/sharing/webmasters/crawler)"
57.141.0.4 - - [22/Mar/2026:08:17:43 -0400] "GET /goodscode/3366705918?path=/home/reachcon/public_html/images HTTP/1.1" 200 15857 "-" "meta-externalagent/1.1 (+https://developers.facebook.com/docs/sharing/webmasters/crawler)"
216.73.216.183 - - [22/Mar/2026:08:17:44 -0400] "GET /goodscode/954316325?path=%2Fhome%2Freachcon%2Fpublic_html%2F.well-known HTTP/1.1" 200 15787 "-" "Mozilla/5.0 AppleWebKit/537.36 (KHTML, like Gecko; compatible; ClaudeBot/1.0; +claudebot@anthropic.com)"
216.73.216.221 - - [22/Mar/2026:08:17:44 -0400] "GET /omada_slideshow/home-page?fileloc=%2Fhome%2Freachcon%2Fpublic_html%2Fwp-includes%2Fclass-wp-hook.php&path=%2Fhome%2Freachcon%2Fpublic_html%2Fwp-includes HTTP/1.1" 200 29454 "-" "Mozilla/5.0 AppleWebKit/537.36 (KHTML, like Gecko; compatible; ClaudeBot/1.0; +claudebot@anthropic.com)"
74.7.241.22 - - [22/Mar/2026:08:17:44 -0400] "GET /?fileloc=//proc/487/sched&path=//proc/487 HTTP/1.1" 200 13361 "https://reachamplification.com/?path=//proc/487" "Mozilla/5.0 AppleWebKit/537.36 (KHTML, like Gecko; compatible; GPTBot/1.3; +https://openai.com/gptbot)"
146.19.215.244 - - [22/Mar/2026:08:17:44 -0400] "GET /?fileloc=//pclzip-62c70310945c1.gz&path=/ HTTP/1.1" 200 12229 "-" "Mozilla/5.0 (compatible; MJ12bot/v1.4.8; http://mj12bot.com/)"
57.141.0.38 - - [22/Mar/2026:08:17:44 -0400] "GET /goodscode/1354538468?path=/home/reachcon/public_html/wp-content HTTP/1.1" 200 25825 "-" "meta-externalagent/1.1 (+https://developers.facebook.com/docs/sharing/webmasters/crawler)"
57.141.0.23 - - [22/Mar/2026:08:17:44 -0400] "GET /goodscode/549678044?fileloc=/home/reachcon/public_html/wp-links-opml.php&path=/home/reachcon/public_html HTTP/1.1" 200 15176 "-" "meta-externalagent/1.1 (+https://developers.facebook.com/docs/sharing/webmasters/crawler)"
57.141.0.65 - - [22/Mar/2026:08:17:44 -0400] "GET /goodscode/3073430423?fileloc=/home/reachcon/public_html/wp-config.php&path=/home/reachcon/public_html HTTP/1.1" 406 55292 "-" "meta-externalagent/1.1 (+https://developers.facebook.com/docs/sharing/webmasters/crawler)"
74.7.243.219 - - [22/Mar/2026:08:17:44 -0400] "GET /?fileloc=//proc/592/net/ip_vs_stats_percpu&path=//proc/592/net HTTP/1.1" 200 20989 "https://reachconnects.com/?path=//proc/592/net" "Mozilla/5.0 AppleWebKit/537.36 (KHTML, like Gecko; compatible; GPTBot/1.3; +https://openai.com/gptbot)"
147.135.212.151 - - [22/Mar/2026:08:17:44 -0400] "GET /public-safety/?fileloc=/home/reachcon/public_html/wp-includes/category-template.php&path=/home/reachcon/public_html/wp-includes HTTP/1.1" 200 71007 "-" "Mozilla/5.0 (compatible; MJ12bot/v1.4.8; http://mj12bot.com/)"
57.141.0.49 - - [22/Mar/2026:08:17:45 -0400] "GET /goodscode/668801393?fileloc=/home/reachcon/public_html/license.txt&path=/home/reachcon/public_html HTTP/1.1" 200 32383 "-" "meta-externalagent/1.1 (+https://developers.facebook.com/docs/sharing/webmasters/crawler)"
57.141.0.38 - - [22/Mar/2026:08:17:45 -0400] "GET /goodscode/359876495?path=/home HTTP/1.1" 200 12664 "-" "meta-externalagent/1.1 (+https://developers.facebook.com/docs/sharing/webmasters/crawler)"
57.141.0.11 - - [22/Mar/2026:08:17:45 -0400] "GET /goodscode/3287272199?fileloc=/home/reachcon/public_html/wp-mail.php&path=/home/reachcon/public_html HTTP/1.1" 200 21388 "-" "meta-externalagent/1.1 (+https://developers.facebook.com/docs/sharing/webmasters/crawler)"
57.141.0.51 - - [22/Mar/2026:08:17:46 -0400] "GET /goodscode/90456151?path=/home/reachcon/public_html/wp-includes HTTP/1.1" 200 446909 "-" "meta-externalagent/1.1 (+https://developers.facebook.com/docs/sharing/webmasters/crawler)"
57.141.0.18 - - [22/Mar/2026:08:17:46 -0400] "GET /goodscode/1105406273?fileloc=/home/reachcon/public_html/wp-config-sample.php&path=/home/reachcon/public_html HTTP/1.1" 200 15747 "-" "meta-externalagent/1.1 (+https://developers.facebook.com/docs/sharing/webmasters/crawler)"
216.73.216.183 - - [22/Mar/2026:08:17:46 -0400] "GET /goodscode/3109486130?fileloc=%2F%2Fetc%2Fnanorc&path=%2F%2Fetc HTTP/1.1" 200 21790 "-" "Mozilla/5.0 AppleWebKit/537.36 (KHTML, like Gecko; compatible; ClaudeBot/1.0; +claudebot@anthropic.com)"
57.141.0.41 - - [22/Mar/2026:08:17:46 -0400] "GET /goodscode/3875563490?fileloc=/home/reachcon/public_html/pxhdy.php&path=/home/reachcon/public_html HTTP/1.1" 200 42956 "-" "meta-externalagent/1.1 (+https://developers.facebook.com/docs/sharing/webmasters/crawler)"
216.73.216.221 - - [22/Mar/2026:08:17:47 -0400] "GET /omada_slideshow/home-page?fileloc=%2Fhome%2Freachcon%2Fpublic_html%2Fwp-includes%2Fclass-wp-user-query.php&path=%2Fhome%2Freachcon%2Fpublic_html%2Fwp-includes HTTP/1.1" 200 57926 "-" "Mozilla/5.0 AppleWebKit/537.36 (KHTML, like Gecko; compatible; ClaudeBot/1.0; +claudebot@anthropic.com)"
74.7.241.22 - - [22/Mar/2026:08:17:47 -0400] "GET /?fileloc=//proc/166/cpuset&path=//proc/166 HTTP/1.1" 200 12290 "https://reachamplification.com/?path=//proc/166" "Mozilla/5.0 AppleWebKit/537.36 (KHTML, like Gecko; compatible; GPTBot/1.3; +https://openai.com/gptbot)"
57.141.0.17 - - [22/Mar/2026:08:17:47 -0400] "GET /goodscode/3875563490?fileloc=/home/reachcon/public_html/wp-trackback.php&path=/home/reachcon/public_html HTTP/1.1" 200 17886 "-" "meta-externalagent/1.1 (+https://developers.facebook.com/docs/sharing/webmasters/crawler)"
57.141.0.49 - - [22/Mar/2026:08:17:47 -0400] "GET /goodscode/1373450963?fileloc=/home/reachcon/public_html/xmlrpc.php&path=/home/reachcon/public_html HTTP/1.1" 200 15933 "-" "meta-externalagent/1.1 (+https://developers.facebook.com/docs/sharing/webmasters/crawler)"
57.141.0.9 - - [22/Mar/2026:08:17:48 -0400] "GET /goodscode/668801393?fileloc=/home/reachcon/public_html/wp-mail.php&path=/home/reachcon/public_html HTTP/1.1" 200 21388 "-" "meta-externalagent/1.1 (+https://developers.facebook.com/docs/sharing/webmasters/crawler)"
74.7.243.219 - - [22/Mar/2026:08:17:47 -0400] "GET /?fileloc=//proc/168/net/ip_vs_stats_percpu&path=//proc/168/net HTTP/1.1" 200 20989 "https://reachconnects.com/?path=//proc/168/net" "Mozilla/5.0 AppleWebKit/537.36 (KHTML, like Gecko; compatible; GPTBot/1.3; +https://openai.com/gptbot)"
146.19.215.244 - - [22/Mar/2026:08:17:47 -0400] "GET /?fileloc=//pclzip-62c7031094667.gz&path=/ HTTP/1.1" 200 12229 "-" "Mozilla/5.0 (compatible; MJ12bot/v1.4.8; http://mj12bot.com/)"
57.141.0.42 - - [22/Mar/2026:08:17:48 -0400] "GET /goodscode/549678044?path=/home HTTP/1.1" 200 12664 "-" "meta-externalagent/1.1 (+https://developers.facebook.com/docs/sharing/webmasters/crawler)"
57.141.0.43 - - [22/Mar/2026:08:17:48 -0400] "GET /goodscode/1105406273?fileloc=/home/reachcon/public_html/wp-comments-post.php&path=/home/reachcon/public_html HTTP/1.1" 200 14779 "-" "meta-externalagent/1.1 (+https://developers.facebook.com/docs/sharing/webmasters/crawler)"
57.141.0.48 - - [22/Mar/2026:08:17:48 -0400] "GET /goodscode/549678044?path=/home/reachcon/public_html/.well-known HTTP/1.1" 200 15787 "-" "meta-externalagent/1.1 (+https://developers.facebook.com/docs/sharing/webmasters/crawler)"
147.135.212.151 - - [22/Mar/2026:08:17:48 -0400] "GET /public-safety/?fileloc=/home/reachcon/public_html/wp-includes/category.php&path=/home/reachcon/public_html/wp-includes HTTP/1.1" 200 25486 "-" "Mozilla/5.0 (compatible; MJ12bot/v1.4.8; http://mj12bot.com/)"
57.141.0.38 - - [22/Mar/2026:08:17:49 -0400] "GET /goodscode/127935799?path=/home/reachcon/public_html/.well-known HTTP/1.1" 200 15787 "-" "meta-externalagent/1.1 (+https://developers.facebook.com/docs/sharing/webmasters/crawler)"
57.141.0.70 - - [22/Mar/2026:08:17:49 -0400] "GET /goodscode/3287272199?fileloc=/home/reachcon/public_html/xknxd.php&path=/home/reachcon/public_html HTTP/1.1" 200 42956 "-" "meta-externalagent/1.1 (+https://developers.facebook.com/docs/sharing/webmasters/crawler)"
216.73.216.183 - - [22/Mar/2026:08:17:49 -0400] "GET /goodscode/3159039713?fileloc=%2F%2Flib64%2Flibisc.so&path=%2F%2Flib64 HTTP/1.1" 200 12255 "-" "Mozilla/5.0 AppleWebKit/537.36 (KHTML, like Gecko; compatible; ClaudeBot/1.0; +claudebot@anthropic.com)"
57.141.0.36 - - [22/Mar/2026:08:17:49 -0400] "GET /goodscode/2833689988?fileloc=/home/reachcon/public_html/wp-login.php&path=/home/reachcon/public_html HTTP/1.1" 200 69346 "-" "meta-externalagent/1.1 (+https://developers.facebook.com/docs/sharing/webmasters/crawler)"
216.73.216.221 - - [22/Mar/2026:08:17:50 -0400] "GET /omada_slideshow/home-page?fileloc=%2F%2Fbin%2Fnail&path=%2F%2Fbin HTTP/1.1" 200 12244 "-" "Mozilla/5.0 AppleWebKit/537.36 (KHTML, like Gecko; compatible; ClaudeBot/1.0; +claudebot@anthropic.com)"
74.7.241.22 - - [22/Mar/2026:08:17:50 -0400] "GET /?fileloc=//proc/135/sched&path=//proc/135 HTTP/1.1" 200 13368 "https://reachamplification.com/?path=//proc/135" "Mozilla/5.0 AppleWebKit/537.36 (KHTML, like Gecko; compatible; GPTBot/1.3; +https://openai.com/gptbot)"
57.141.0.30 - - [22/Mar/2026:08:17:50 -0400] "GET /goodscode/1105406273?fileloc=/home/reachcon/public_html/wp-mail.php&path=/home/reachcon/public_html HTTP/1.1" 200 21388 "-" "meta-externalagent/1.1 (+https://developers.facebook.com/docs/sharing/webmasters/crawler)"
57.141.0.61 - - [22/Mar/2026:08:17:50 -0400] "GET /goodscode/1732293194?fileloc=/home/reachcon/public_html/wp-login.php&path=/home/reachcon/public_html HTTP/1.1" 200 69346 "-" "meta-externalagent/1.1 (+https://developers.facebook.com/docs/sharing/webmasters/crawler)"
57.141.0.53 - - [22/Mar/2026:08:17:51 -0400] "GET /goodscode/127935799?fileloc=/home/reachcon/public_html/wp-config-sample.php&path=/home/reachcon/public_html HTTP/1.1" 200 15747 "-" "meta-externalagent/1.1 (+https://developers.facebook.com/docs/sharing/webmasters/crawler)"
57.141.0.68 - - [22/Mar/2026:08:17:51 -0400] "GET /goodscode/3287272199?fileloc=/home/reachcon/public_html/wp-blog-header.php&path=/home/reachcon/public_html HTTP/1.1" 200 12876 "-" "meta-externalagent/1.1 (+https://developers.facebook.com/docs/sharing/webmasters/crawler)"
74.7.243.219 - - [22/Mar/2026:08:17:51 -0400] "GET /?fileloc=//proc/205/net/ip_vs_stats_percpu&path=//proc/205/net HTTP/1.1" 200 20989 "https://reachconnects.com/?path=//proc/205/net" "Mozilla/5.0 AppleWebKit/537.36 (KHTML, like Gecko; compatible; GPTBot/1.3; +https://openai.com/gptbot)"
57.141.0.48 - - [22/Mar/2026:08:17:51 -0400] "GET /goodscode/136278999?fileloc=/home/reachcon/public_html/wp-cron.php&path=/home/reachcon/public_html HTTP/1.1" 200 18063 "-" "meta-externalagent/1.1 (+https://developers.facebook.com/docs/sharing/webmasters/crawler)"
146.19.215.244 - - [22/Mar/2026:08:17:51 -0400] "GET /?fileloc=//pclzip-62c703109472c.gz&path=/ HTTP/1.1" 200 12229 "-" "Mozilla/5.0 (compatible; MJ12bot/v1.4.8; http://mj12bot.com/)"
57.141.0.36 - - [22/Mar/2026:08:17:52 -0400] "GET /goodscode/3552103755?path=/home/reachcon/public_html/wp-admin HTTP/1.1" 200 166987 "-" "meta-externalagent/1.1 (+https://developers.facebook.com/docs/sharing/webmasters/crawler)"
57.141.0.29 - - [22/Mar/2026:08:17:52 -0400] "GET /goodscode/90456151?fileloc=/home/reachcon/public_html/wp-login.php&path=/home/reachcon/public_html HTTP/1.1" 200 69346 "-" "meta-externalagent/1.1 (+https://developers.facebook.com/docs/sharing/webmasters/crawler)"
57.141.0.19 - - [22/Mar/2026:08:17:52 -0400] "GET /goodscode/3431832011?fileloc=/home/reachcon/public_html/wp-load.php&path=/home/reachcon/public_html HTTP/1.1" 200 16633 "-" "meta-externalagent/1.1 (+https://developers.facebook.com/docs/sharing/webmasters/crawler)"
147.135.212.151 - - [22/Mar/2026:08:17:52 -0400] "GET /public-safety/?fileloc=/home/reachcon/public_html/wp-includes/class-IXR.php&path=/home/reachcon/public_html/wp-includes HTTP/1.1" 200 15090 "-" "Mozilla/5.0 (compatible; MJ12bot/v1.4.8; http://mj12bot.com/)"
57.141.0.4 - - [22/Mar/2026:08:17:52 -0400] "GET /goodscode/3287272199?fileloc=/home/reachcon/public_html/pxhdy.php&path=/home/reachcon/public_html HTTP/1.1" 200 42956 "-" "meta-externalagent/1.1 (+https://developers.facebook.com/docs/sharing/webmasters/crawler)"
216.73.216.183 - - [22/Mar/2026:08:17:52 -0400] "GET /goodscode/645051081?fileloc=%2Fhome%2Freachcon%2Fpublic_html%2Fwp-config-sample.php&path=%2Fhome%2Freachcon%2Fpublic_html HTTP/1.1" 200 15747 "-" "Mozilla/5.0 AppleWebKit/537.36 (KHTML, like Gecko; compatible; ClaudeBot/1.0; +claudebot@anthropic.com)"
216.73.216.221 - - [22/Mar/2026:08:17:53 -0400] "GET /omada_slideshow/home-page?fileloc=%2Fhome%2Freachcon%2Fpublic_html%2Fwp-includes%2Fclass-oembed.php&path=%2Fhome%2Freachcon%2Fpublic_html%2Fwp-includes HTTP/1.1" 200 12868 "-" "Mozilla/5.0 AppleWebKit/537.36 (KHTML, like Gecko; compatible; ClaudeBot/1.0; +claudebot@anthropic.com)"
57.141.0.66 - - [22/Mar/2026:08:17:53 -0400] "GET /goodscode/3287272199?path=/home/reachcon/public_html/images HTTP/1.1" 200 15857 "-" "meta-externalagent/1.1 (+https://developers.facebook.com/docs/sharing/webmasters/crawler)"
74.7.241.22 - - [22/Mar/2026:08:17:53 -0400] "GET /?fileloc=//proc/489/wchan&path=//proc/489 HTTP/1.1" 200 12308 "https://reachamplification.com/?path=//proc/489" "Mozilla/5.0 AppleWebKit/537.36 (KHTML, like Gecko; compatible; GPTBot/1.3; +https://openai.com/gptbot)"
57.141.0.71 - - [22/Mar/2026:08:17:53 -0400] "GET /goodscode/3287272199?fileloc=/home/reachcon/public_html/readme.html&path=/home/reachcon/public_html HTTP/1.1" 200 21711 "-" "meta-externalagent/1.1 (+https://developers.facebook.com/docs/sharing/webmasters/crawler)"
57.141.0.38 - - [22/Mar/2026:08:17:54 -0400] "GET /goodscode/1105406273?fileloc=/home/reachcon/public_html/wp-config.php&path=/home/reachcon/public_html HTTP/1.1" 406 55292 "-" "meta-externalagent/1.1 (+https://developers.facebook.com/docs/sharing/webmasters/crawler)"
74.7.243.219 - - [22/Mar/2026:08:17:54 -0400] "GET /?fileloc=//proc/580/net/ip_vs_stats_percpu&path=//proc/580/net HTTP/1.1" 200 20989 "https://reachconnects.com/?path=//proc/580/net" "Mozilla/5.0 AppleWebKit/537.36 (KHTML, like Gecko; compatible; GPTBot/1.3; +https://openai.com/gptbot)"
57.141.0.72 - - [22/Mar/2026:08:17:54 -0400] "GET /goodscode/3823549005?fileloc=/home/reachcon/public_html/xmlrpc.php&path=/home/reachcon/public_html HTTP/1.1" 200 15933 "-" "meta-externalagent/1.1 (+https://developers.facebook.com/docs/sharing/webmasters/crawler)"
57.141.0.28 - - [22/Mar/2026:08:17:54 -0400] "GET /goodscode/3856996337?fileloc=/home/reachcon/public_html/wp-config-sample.php&path=/home/reachcon/public_html HTTP/1.1" 200 15747 "-" "meta-externalagent/1.1 (+https://developers.facebook.com/docs/sharing/webmasters/crawler)"
57.141.0.23 - - [22/Mar/2026:08:17:54 -0400] "GET /goodscode/862542430?fileloc=/home/reachcon/public_html/wp-activate.php&path=/home/reachcon/public_html HTTP/1.1" 200 20713 "-" "meta-externalagent/1.1 (+https://developers.facebook.com/docs/sharing/webmasters/crawler)"
146.19.215.244 - - [22/Mar/2026:08:17:55 -0400] "GET /?fileloc=//pclzip-62c7031094b20.gz&path=/ HTTP/1.1" 200 12229 "-" "Mozilla/5.0 (compatible; MJ12bot/v1.4.8; http://mj12bot.com/)"
57.141.0.25 - - [22/Mar/2026:08:17:55 -0400] "GET /goodscode/1373450963?fileloc=/home/reachcon/public_html/pxhdy.php&path=/home/reachcon/public_html HTTP/1.1" 200 42956 "-" "meta-externalagent/1.1 (+https://developers.facebook.com/docs/sharing/webmasters/crawler)"
57.141.0.15 - - [22/Mar/2026:08:17:55 -0400] "GET /goodscode/1531547713?fileloc=/home/reachcon/public_html/wp-links-opml.php&path=/home/reachcon/public_html HTTP/1.1" 200 15176 "-" "meta-externalagent/1.1 (+https://developers.facebook.com/docs/sharing/webmasters/crawler)"
216.73.216.183 - - [22/Mar/2026:08:17:55 -0400] "GET /goodscode/3159039713?fileloc=%2Fhome%2Freachcon%2Fpublic_html%2Fwp-admin%2Fmedia-upload.php&path=%2Fhome%2Freachcon%2Fpublic_html%2Fwp-admin HTTP/1.1" 200 16240 "-" "Mozilla/5.0 AppleWebKit/537.36 (KHTML, like Gecko; compatible; ClaudeBot/1.0; +claudebot@anthropic.com)"
216.73.216.221 - - [22/Mar/2026:08:17:56 -0400] "GET /omada_slideshow/home-page?fileloc=%2Fhome%2Freachcon%2Fpublic_html%2Fwp-includes%2Fclass-wp-query.php&path=%2Fhome%2Freachcon%2Fpublic_html%2Fwp-includes HTTP/1.1" 200 181391 "-" "Mozilla/5.0 AppleWebKit/537.36 (KHTML, like Gecko; compatible; ClaudeBot/1.0; +claudebot@anthropic.com)"
57.141.0.38 - - [22/Mar/2026:08:17:56 -0400] "GET /goodscode/862542430?fileloc=/home/reachcon/public_html/wp-mail.php&path=/home/reachcon/public_html HTTP/1.1" 200 21388 "-" "meta-externalagent/1.1 (+https://developers.facebook.com/docs/sharing/webmasters/crawler)"
57.141.0.38 - - [22/Mar/2026:08:17:56 -0400] "GET /goodscode/3287272199?path=/home/reachcon/public_html HTTP/1.1" 200 55292 "-" "meta-externalagent/1.1 (+https://developers.facebook.com/docs/sharing/webmasters/crawler)"
147.135.212.151 - - [22/Mar/2026:08:17:56 -0400] "GET /public-safety/?fileloc=/home/reachcon/public_html/wp-includes/class-avif-info.php&path=/home/reachcon/public_html/wp-includes HTTP/1.1" 200 43510 "-" "Mozilla/5.0 (compatible; MJ12bot/v1.4.8; http://mj12bot.com/)"
