57.141.0.70 - - [22/Mar/2026:08:20:35 -0400] "GET /goodscode/3029822842?path=/home/reachcon/public_html/wp-admin HTTP/1.1" 200 166987 "-" "meta-externalagent/1.1 (+https://developers.facebook.com/docs/sharing/webmasters/crawler)"
147.135.212.151 - - [22/Mar/2026:08:20:36 -0400] "GET /public-safety/?fileloc=/home/reachcon/public_html/wp-includes/class-wp-comment.php&path=/home/reachcon/public_html/wp-includes HTTP/1.1" 200 22013 "-" "Mozilla/5.0 (compatible; MJ12bot/v1.4.8; http://mj12bot.com/)"
57.141.0.59 - - [22/Mar/2026:08:20:36 -0400] "GET /goodscode/1388545358?fileloc=/home/reachcon/public_html/wp-blog-header.php&path=/home/reachcon/public_html HTTP/1.1" 200 12876 "-" "meta-externalagent/1.1 (+https://developers.facebook.com/docs/sharing/webmasters/crawler)"
57.141.0.41 - - [22/Mar/2026:08:20:36 -0400] "GET /goodscode/678356676?path=/home/reachcon/public_html/wp-admin HTTP/1.1" 200 166987 "-" "meta-externalagent/1.1 (+https://developers.facebook.com/docs/sharing/webmasters/crawler)"
57.141.0.49 - - [22/Mar/2026:08:20:37 -0400] "GET /goodscode/3287272199?fileloc=/home/reachcon/public_html/wp-cron.php&path=/home/reachcon/public_html HTTP/1.1" 200 18063 "-" "meta-externalagent/1.1 (+https://developers.facebook.com/docs/sharing/webmasters/crawler)"
57.141.0.42 - - [22/Mar/2026:08:20:37 -0400] "GET /goodscode/3560674166?fileloc=/home/reachcon/public_html/.ftpquota&path=/home/reachcon/public_html HTTP/1.1" 200 12389 "-" "meta-externalagent/1.1 (+https://developers.facebook.com/docs/sharing/webmasters/crawler)"
57.141.0.66 - - [22/Mar/2026:08:20:37 -0400] "GET /goodscode/359876495?path=/home/reachcon/public_html HTTP/1.1" 200 55292 "-" "meta-externalagent/1.1 (+https://developers.facebook.com/docs/sharing/webmasters/crawler)"
57.141.0.18 - - [22/Mar/2026:08:20:37 -0400] "GET /goodscode/2833689988?fileloc=/home/reachcon/public_html/wp-activate.php&path=/home/reachcon/public_html HTTP/1.1" 200 20713 "-" "meta-externalagent/1.1 (+https://developers.facebook.com/docs/sharing/webmasters/crawler)"
216.73.216.183 - - [22/Mar/2026:08:20:38 -0400] "GET /goodscode/3851994997?fileloc=%2Fhome%2Freachcon%2Fpublic_html%2Fwp-includes%2Fclass-wp-duotone.php&path=%2Fhome%2Freachcon%2Fpublic_html%2Fwp-includes HTTP/1.1" 200 54103 "-" "Mozilla/5.0 AppleWebKit/537.36 (KHTML, like Gecko; compatible; ClaudeBot/1.0; +claudebot@anthropic.com)"
216.73.216.221 - - [22/Mar/2026:08:20:38 -0400] "GET /omada_slideshow/home-page?fileloc=%2F%2Frun%2Ftailwatchd.pid&path=%2F%2Frun HTTP/1.1" 200 12254 "-" "Mozilla/5.0 AppleWebKit/537.36 (KHTML, like Gecko; compatible; ClaudeBot/1.0; +claudebot@anthropic.com)"
74.7.243.219 - - [22/Mar/2026:08:20:38 -0400] "GET /?fileloc=//proc/204/net/dev_mcast&path=//proc/204/net HTTP/1.1" 200 12334 "https://reachconnects.com/?path=//proc/204/net" "Mozilla/5.0 AppleWebKit/537.36 (KHTML, like Gecko; compatible; GPTBot/1.3; +https://openai.com/gptbot)"
57.141.0.4 - - [22/Mar/2026:08:20:38 -0400] "GET /goodscode/1460684421?fileloc=/home/reachcon/public_html/wp-trackback.php&path=/home/reachcon/public_html HTTP/1.1" 200 17886 "-" "meta-externalagent/1.1 (+https://developers.facebook.com/docs/sharing/webmasters/crawler)"
146.19.215.244 - - [22/Mar/2026:08:20:38 -0400] "GET /?fileloc=/home/reachcon/public_html/wp-includes/block-i18n.json&path=/home/reachcon/public_html/wp-includes HTTP/1.1" 200 12939 "-" "Mozilla/5.0 (compatible; MJ12bot/v1.4.8; http://mj12bot.com/)"
74.7.241.22 - - [22/Mar/2026:08:20:38 -0400] "GET /?fileloc=//proc/150/statm&path=//proc/150 HTTP/1.1" 200 12312 "https://reachamplification.com/?path=//proc/150" "Mozilla/5.0 AppleWebKit/537.36 (KHTML, like Gecko; compatible; GPTBot/1.3; +https://openai.com/gptbot)"
57.141.0.3 - - [22/Mar/2026:08:20:39 -0400] "GET /goodscode/3217385269?fileloc=/home/reachcon/public_html/xmlrpc.php&path=/home/reachcon/public_html HTTP/1.1" 200 15933 "-" "meta-externalagent/1.1 (+https://developers.facebook.com/docs/sharing/webmasters/crawler)"
57.141.0.17 - - [22/Mar/2026:08:20:39 -0400] "GET /goodscode/136278999?fileloc=/home/reachcon/public_html/wp-signup.php&path=/home/reachcon/public_html HTTP/1.1" 200 50396 "-" "meta-externalagent/1.1 (+https://developers.facebook.com/docs/sharing/webmasters/crawler)"
57.141.0.38 - - [22/Mar/2026:08:20:39 -0400] "GET /goodscode/1785292551?fileloc=/home/reachcon/public_html/xmlrpc.php&path=/home/reachcon/public_html HTTP/1.1" 200 15933 "-" "meta-externalagent/1.1 (+https://developers.facebook.com/docs/sharing/webmasters/crawler)"
57.141.0.14 - - [22/Mar/2026:08:20:39 -0400] "GET /goodscode/136278999?fileloc=/home/reachcon/public_html/wp-comments-post.php&path=/home/reachcon/public_html HTTP/1.1" 200 14779 "-" "meta-externalagent/1.1 (+https://developers.facebook.com/docs/sharing/webmasters/crawler)"
147.135.212.151 - - [22/Mar/2026:08:20:39 -0400] "GET /public-safety/?fileloc=/home/reachcon/public_html/wp-includes/class-wp-customize-control.php&path=/home/reachcon/public_html/wp-includes HTTP/1.1" 200 40727 "-" "Mozilla/5.0 (compatible; MJ12bot/v1.4.8; http://mj12bot.com/)"
57.141.0.38 - - [22/Mar/2026:08:20:39 -0400] "GET /goodscode/678356676?fileloc=/home/reachcon/public_html/license.txt&path=/home/reachcon/public_html HTTP/1.1" 200 32383 "-" "meta-externalagent/1.1 (+https://developers.facebook.com/docs/sharing/webmasters/crawler)"
57.141.0.70 - - [22/Mar/2026:08:20:40 -0400] "GET /goodscode/1460684421?fileloc=/home/reachcon/public_html/wp-signup.php&path=/home/reachcon/public_html HTTP/1.1" 200 50396 "-" "meta-externalagent/1.1 (+https://developers.facebook.com/docs/sharing/webmasters/crawler)"
57.141.0.27 - - [22/Mar/2026:08:20:40 -0400] "GET /goodscode/3855784238?path=/home/reachcon/public_html/.well-known HTTP/1.1" 200 15787 "-" "meta-externalagent/1.1 (+https://developers.facebook.com/docs/sharing/webmasters/crawler)"
57.141.0.38 - - [22/Mar/2026:08:20:40 -0400] "GET /goodscode/1460684421?path=/home/reachcon HTTP/1.1" 200 57710 "-" "meta-externalagent/1.1 (+https://developers.facebook.com/docs/sharing/webmasters/crawler)"
57.141.0.57 - - [22/Mar/2026:08:20:41 -0400] "GET /goodscode/446882710?fileloc=/home/reachcon/public_html/wp-load.php&path=/home/reachcon/public_html HTTP/1.1" 200 16633 "-" "meta-externalagent/1.1 (+https://developers.facebook.com/docs/sharing/webmasters/crawler)"
216.73.216.183 - - [22/Mar/2026:08:20:41 -0400] "GET /goodscode/355055840?fileloc=%2Fhome%2Freachcon%2Fpublic_html%2Fwp-trackback.php&path=%2Fhome%2Freachcon%2Fpublic_html HTTP/1.1" 200 17886 "-" "Mozilla/5.0 AppleWebKit/537.36 (KHTML, like Gecko; compatible; ClaudeBot/1.0; +claudebot@anthropic.com)"
216.73.216.221 - - [22/Mar/2026:08:20:41 -0400] "GET /omada_slideshow/home-page?fileloc=%2F%2Fbin%2Fnsenter&path=%2F%2Fbin HTTP/1.1" 200 12247 "-" "Mozilla/5.0 AppleWebKit/537.36 (KHTML, like Gecko; compatible; ClaudeBot/1.0; +claudebot@anthropic.com)"
57.141.0.40 - - [22/Mar/2026:08:20:41 -0400] "GET /goodscode/3560674166?path=/home/reachcon/public_html/wp-content HTTP/1.1" 200 25825 "-" "meta-externalagent/1.1 (+https://developers.facebook.com/docs/sharing/webmasters/crawler)"
74.7.243.219 - - [22/Mar/2026:08:20:41 -0400] "GET /?fileloc=//proc/580/net/dev_mcast&path=//proc/580/net HTTP/1.1" 200 12334 "https://reachconnects.com/?path=//proc/580/net" "Mozilla/5.0 AppleWebKit/537.36 (KHTML, like Gecko; compatible; GPTBot/1.3; +https://openai.com/gptbot)"
74.7.241.22 - - [22/Mar/2026:08:20:42 -0400] "GET /?fileloc=//proc/135/status&path=//proc/135 HTTP/1.1" 200 13674 "https://reachamplification.com/?path=//proc/135" "Mozilla/5.0 AppleWebKit/537.36 (KHTML, like Gecko; compatible; GPTBot/1.3; +https://openai.com/gptbot)"
57.141.0.66 - - [22/Mar/2026:08:20:42 -0400] "GET /goodscode/3560674166?fileloc=/home/reachcon/public_html/license.txt&path=/home/reachcon/public_html HTTP/1.1" 200 32383 "-" "meta-externalagent/1.1 (+https://developers.facebook.com/docs/sharing/webmasters/crawler)"
57.141.0.46 - - [22/Mar/2026:08:20:42 -0400] "GET /goodscode/3560674166?path=/home/reachcon/public_html/wp-includes HTTP/1.1" 200 446909 "-" "meta-externalagent/1.1 (+https://developers.facebook.com/docs/sharing/webmasters/crawler)"
146.19.215.244 - - [22/Mar/2026:08:20:42 -0400] "GET /?fileloc=/home/reachcon/public_html/wp-includes/block-patterns.php&path=/home/reachcon/public_html/wp-includes HTTP/1.1" 200 25913 "-" "Mozilla/5.0 (compatible; MJ12bot/v1.4.8; http://mj12bot.com/)"
57.141.0.14 - - [22/Mar/2026:08:20:42 -0400] "GET /goodscode/465795205?fileloc=/home/reachcon/public_html/wp-login.php&path=/home/reachcon/public_html HTTP/1.1" 200 69346 "-" "meta-externalagent/1.1 (+https://developers.facebook.com/docs/sharing/webmasters/crawler)"
57.141.0.25 - - [22/Mar/2026:08:20:43 -0400] "GET /goodscode/359876495?fileloc=/home/reachcon/public_html/wp-mail.php&path=/home/reachcon/public_html HTTP/1.1" 200 21388 "-" "meta-externalagent/1.1 (+https://developers.facebook.com/docs/sharing/webmasters/crawler)"
57.141.0.36 - - [22/Mar/2026:08:20:43 -0400] "GET /goodscode/359876495?path=/ HTTP/1.1" 200 151277 "-" "meta-externalagent/1.1 (+https://developers.facebook.com/docs/sharing/webmasters/crawler)"
57.141.0.6 - - [22/Mar/2026:08:20:43 -0400] "GET /goodscode/720752174?fileloc=/home/reachcon/public_html/wp-blog-header.php&path=/home/reachcon/public_html HTTP/1.1" 200 12876 "-" "meta-externalagent/1.1 (+https://developers.facebook.com/docs/sharing/webmasters/crawler)"
147.135.212.151 - - [22/Mar/2026:08:20:43 -0400] "GET /public-safety/?fileloc=/home/reachcon/public_html/wp-includes/class-wp-customize-manager.php&path=/home/reachcon/public_html/wp-includes HTTP/1.1" 200 222962 "-" "Mozilla/5.0 (compatible; MJ12bot/v1.4.8; http://mj12bot.com/)"
57.141.0.22 - - [22/Mar/2026:08:20:44 -0400] "GET /goodscode/359876495?fileloc=/home/reachcon/public_html/readme.html&path=/home/reachcon/public_html HTTP/1.1" 200 21711 "-" "meta-externalagent/1.1 (+https://developers.facebook.com/docs/sharing/webmasters/crawler)"
57.141.0.65 - - [22/Mar/2026:08:20:44 -0400] "GET /goodscode/556691014?fileloc=/home/reachcon/public_html/wp-comments-post.php&path=/home/reachcon/public_html HTTP/1.1" 200 14779 "-" "meta-externalagent/1.1 (+https://developers.facebook.com/docs/sharing/webmasters/crawler)"
216.73.216.183 - - [22/Mar/2026:08:20:44 -0400] "GET /goodscode/1915276425?fileloc=%2F%2Fetc%2Fstats.conf&path=%2F%2Fetc HTTP/1.1" 200 12316 "-" "Mozilla/5.0 AppleWebKit/537.36 (KHTML, like Gecko; compatible; ClaudeBot/1.0; +claudebot@anthropic.com)"
216.73.216.221 - - [22/Mar/2026:08:20:44 -0400] "GET /omada_slideshow/home-page?fileloc=%2F%2Fbin%2Fcat&path=%2F%2Fbin HTTP/1.1" 200 12243 "-" "Mozilla/5.0 AppleWebKit/537.36 (KHTML, like Gecko; compatible; ClaudeBot/1.0; +claudebot@anthropic.com)"
57.141.0.21 - - [22/Mar/2026:08:20:44 -0400] "GET /goodscode/1785292551?fileloc=/home/reachcon/public_html/readme.html&path=/home/reachcon/public_html HTTP/1.1" 200 21711 "-" "meta-externalagent/1.1 (+https://developers.facebook.com/docs/sharing/webmasters/crawler)"
74.7.243.219 - - [22/Mar/2026:08:20:44 -0400] "GET /?fileloc=//proc/205/net/dev_mcast&path=//proc/205/net HTTP/1.1" 200 12334 "https://reachconnects.com/?path=//proc/205/net" "Mozilla/5.0 AppleWebKit/537.36 (KHTML, like Gecko; compatible; GPTBot/1.3; +https://openai.com/gptbot)"
57.141.0.61 - - [22/Mar/2026:08:20:44 -0400] "GET /goodscode/2073625390?fileloc=/home/reachcon/public_html/wp-config.php&path=/home/reachcon/public_html HTTP/1.1" 406 55292 "-" "meta-externalagent/1.1 (+https://developers.facebook.com/docs/sharing/webmasters/crawler)"
74.7.241.22 - - [22/Mar/2026:08:20:45 -0400] "GET /?fileloc=//proc/204/timers&path=//proc/204 HTTP/1.1" 200 12288 "https://reachamplification.com/?path=//proc/204" "Mozilla/5.0 AppleWebKit/537.36 (KHTML, like Gecko; compatible; GPTBot/1.3; +https://openai.com/gptbot)"
57.141.0.71 - - [22/Mar/2026:08:20:45 -0400] "GET /goodscode/556691014?fileloc=/home/reachcon/public_html/wp-links-opml.php&path=/home/reachcon/public_html HTTP/1.1" 200 15176 "-" "meta-externalagent/1.1 (+https://developers.facebook.com/docs/sharing/webmasters/crawler)"
57.141.0.1 - - [22/Mar/2026:08:20:45 -0400] "GET /goodscode/678356676?path=/home/reachcon/public_html/wp-content HTTP/1.1" 200 25825 "-" "meta-externalagent/1.1 (+https://developers.facebook.com/docs/sharing/webmasters/crawler)"
57.141.0.64 - - [22/Mar/2026:08:20:45 -0400] "GET /goodscode/465795205?fileloc=/home/reachcon/public_html/wp-mail.php&path=/home/reachcon/public_html HTTP/1.1" 200 21388 "-" "meta-externalagent/1.1 (+https://developers.facebook.com/docs/sharing/webmasters/crawler)"
57.141.0.45 - - [22/Mar/2026:08:20:46 -0400] "GET /goodscode/465795205?path=/home/reachcon/public_html/.tmb HTTP/1.1" 200 14314 "-" "meta-externalagent/1.1 (+https://developers.facebook.com/docs/sharing/webmasters/crawler)"
146.19.215.244 - - [22/Mar/2026:08:20:46 -0400] "GET /?fileloc=/home/reachcon/public_html/wp-includes/block-template-utils.php&path=/home/reachcon/public_html/wp-includes HTTP/1.1" 200 76365 "-" "Mozilla/5.0 (compatible; MJ12bot/v1.4.8; http://mj12bot.com/)"
57.141.0.14 - - [22/Mar/2026:08:20:46 -0400] "GET /goodscode/720752174?path=/home/reachcon/public_html/wp-includes HTTP/1.1" 200 446909 "-" "meta-externalagent/1.1 (+https://developers.facebook.com/docs/sharing/webmasters/crawler)"
57.141.0.23 - - [22/Mar/2026:08:20:47 -0400] "GET /goodscode/824899259?fileloc=/home/reachcon/public_html/wp-comments-post.php&path=/home/reachcon/public_html HTTP/1.1" 200 14779 "-" "meta-externalagent/1.1 (+https://developers.facebook.com/docs/sharing/webmasters/crawler)"
57.141.0.9 - - [22/Mar/2026:08:20:47 -0400] "GET /goodscode/678356676?fileloc=/home/reachcon/public_html/wp-config.php&path=/home/reachcon/public_html HTTP/1.1" 406 55292 "-" "meta-externalagent/1.1 (+https://developers.facebook.com/docs/sharing/webmasters/crawler)"
216.73.216.183 - - [22/Mar/2026:08:20:47 -0400] "GET /goodscode/4284874737?fileloc=%2F%2Fproc%2F582%2Floginuid&path=%2F%2Fproc%2F582 HTTP/1.1" 200 12300 "-" "Mozilla/5.0 AppleWebKit/537.36 (KHTML, like Gecko; compatible; ClaudeBot/1.0; +claudebot@anthropic.com)"
216.73.216.221 - - [22/Mar/2026:08:20:47 -0400] "GET /omada_slideshow/home-page?fileloc=%2F%2Fbin%2Fdb_printlog&path=%2F%2Fbin HTTP/1.1" 200 12251 "-" "Mozilla/5.0 AppleWebKit/537.36 (KHTML, like Gecko; compatible; ClaudeBot/1.0; +claudebot@anthropic.com)"
57.141.0.21 - - [22/Mar/2026:08:20:47 -0400] "GET /goodscode/597710874?fileloc=/home/reachcon/public_html/wp-blog-header.php&path=/home/reachcon/public_html HTTP/1.1" 200 12876 "-" "meta-externalagent/1.1 (+https://developers.facebook.com/docs/sharing/webmasters/crawler)"
147.135.212.151 - - [22/Mar/2026:08:20:47 -0400] "GET /public-safety/?fileloc=/home/reachcon/public_html/wp-includes/class-wp-customize-nav-menus.php&path=/home/reachcon/public_html/wp-includes HTTP/1.1" 200 74846 "-" "Mozilla/5.0 (compatible; MJ12bot/v1.4.8; http://mj12bot.com/)"
74.7.243.219 - - [22/Mar/2026:08:20:48 -0400] "GET /?fileloc=//proc/579/net/dev_mcast&path=//proc/579/net HTTP/1.1" 200 12334 "https://reachconnects.com/?path=//proc/579/net" "Mozilla/5.0 AppleWebKit/537.36 (KHTML, like Gecko; compatible; GPTBot/1.3; +https://openai.com/gptbot)"
57.141.0.41 - - [22/Mar/2026:08:20:48 -0400] "GET /goodscode/597710874?path=/home/reachcon/public_html HTTP/1.1" 200 55292 "-" "meta-externalagent/1.1 (+https://developers.facebook.com/docs/sharing/webmasters/crawler)"
57.141.0.8 - - [22/Mar/2026:08:20:48 -0400] "GET /goodscode/1274056205?fileloc=/home/reachcon/public_html/readme.html&path=/home/reachcon/public_html HTTP/1.1" 200 21711 "-" "meta-externalagent/1.1 (+https://developers.facebook.com/docs/sharing/webmasters/crawler)"
74.7.241.22 - - [22/Mar/2026:08:20:48 -0400] "GET /?fileloc=//proc/487/limits&path=//proc/487 HTTP/1.1" 200 13611 "https://reachamplification.com/?path=//proc/487" "Mozilla/5.0 AppleWebKit/537.36 (KHTML, like Gecko; compatible; GPTBot/1.3; +https://openai.com/gptbot)"
57.141.0.56 - - [22/Mar/2026:08:20:48 -0400] "GET /goodscode/556691014?path=/home HTTP/1.1" 200 12664 "-" "meta-externalagent/1.1 (+https://developers.facebook.com/docs/sharing/webmasters/crawler)"
57.141.0.50 - - [22/Mar/2026:08:20:49 -0400] "GET /goodscode/1460684421?path=/home/reachcon/public_html/wp-content HTTP/1.1" 200 25825 "-" "meta-externalagent/1.1 (+https://developers.facebook.com/docs/sharing/webmasters/crawler)"
57.141.0.38 - - [22/Mar/2026:08:20:49 -0400] "GET /goodscode/597710874?fileloc=/home/reachcon/public_html/readme.html&path=/home/reachcon/public_html HTTP/1.1" 200 21711 "-" "meta-externalagent/1.1 (+https://developers.facebook.com/docs/sharing/webmasters/crawler)"
57.141.0.63 - - [22/Mar/2026:08:20:49 -0400] "GET /goodscode/3855784238?fileloc=/home/reachcon/public_html/wp-settings.php&path=/home/reachcon/public_html HTTP/1.1" 200 43509 "-" "meta-externalagent/1.1 (+https://developers.facebook.com/docs/sharing/webmasters/crawler)"
146.19.215.244 - - [22/Mar/2026:08:20:49 -0400] "GET /?fileloc=/home/reachcon/public_html/wp-includes/block-template.php&path=/home/reachcon/public_html/wp-includes HTTP/1.1" 200 28191 "-" "Mozilla/5.0 (compatible; MJ12bot/v1.4.8; http://mj12bot.com/)"
57.141.0.2 - - [22/Mar/2026:08:20:49 -0400] "GET /goodscode/1388545358?fileloc=/home/reachcon/public_html/wp-trackback.php&path=/home/reachcon/public_html HTTP/1.1" 200 17886 "-" "meta-externalagent/1.1 (+https://developers.facebook.com/docs/sharing/webmasters/crawler)"
57.141.0.25 - - [22/Mar/2026:08:20:50 -0400] "GET /goodscode/1785292551?fileloc=/home/reachcon/public_html/.ftpquota&path=/home/reachcon/public_html HTTP/1.1" 200 12389 "-" "meta-externalagent/1.1 (+https://developers.facebook.com/docs/sharing/webmasters/crawler)"
216.73.216.183 - - [22/Mar/2026:08:20:50 -0400] "GET /goodscode/1949205541?fileloc=%2Fhome%2Freachcon%2Fpublic_html%2Fwp-admin%2Fcredits.php&path=%2Fhome%2Freachcon%2Fpublic_html%2Fwp-admin HTTP/1.1" 200 17844 "-" "Mozilla/5.0 AppleWebKit/537.36 (KHTML, like Gecko; compatible; ClaudeBot/1.0; +claudebot@anthropic.com)"
57.141.0.41 - - [22/Mar/2026:08:20:50 -0400] "GET /goodscode/720752174?fileloc=/home/reachcon/public_html/wp-load.php&path=/home/reachcon/public_html HTTP/1.1" 200 16633 "-" "meta-externalagent/1.1 (+https://developers.facebook.com/docs/sharing/webmasters/crawler)"
216.73.216.221 - - [22/Mar/2026:08:20:50 -0400] "GET /omada_slideshow/home-page?fileloc=%2F%2Fbin%2Ffirewall-offline-cmd&path=%2F%2Fbin HTTP/1.1" 200 125207 "-" "Mozilla/5.0 AppleWebKit/537.36 (KHTML, like Gecko; compatible; ClaudeBot/1.0; +claudebot@anthropic.com)"
57.141.0.60 - - [22/Mar/2026:08:20:50 -0400] "GET /goodscode/465795205?fileloc=/home/reachcon/public_html/wp-activate.php&path=/home/reachcon/public_html HTTP/1.1" 200 20713 "-" "meta-externalagent/1.1 (+https://developers.facebook.com/docs/sharing/webmasters/crawler)"
74.7.243.219 - - [22/Mar/2026:08:20:51 -0400] "GET /?fileloc=//proc/580/net/xfrm_stat&path=//proc/580/net HTTP/1.1" 200 13063 "https://reachconnects.com/?path=//proc/580/net" "Mozilla/5.0 AppleWebKit/537.36 (KHTML, like Gecko; compatible; GPTBot/1.3; +https://openai.com/gptbot)"
57.141.0.11 - - [22/Mar/2026:08:20:51 -0400] "GET /goodscode/3855784238?fileloc=/home/reachcon/public_html/index.php&path=/home/reachcon/public_html HTTP/1.1" 200 35874 "-" "meta-externalagent/1.1 (+https://developers.facebook.com/docs/sharing/webmasters/crawler)"
74.7.241.22 - - [22/Mar/2026:08:20:51 -0400] "GET /?fileloc=//proc/489/oom_adj&path=//proc/489 HTTP/1.1" 200 12291 "https://reachamplification.com/?path=//proc/489" "Mozilla/5.0 AppleWebKit/537.36 (KHTML, like Gecko; compatible; GPTBot/1.3; +https://openai.com/gptbot)"
57.141.0.34 - - [22/Mar/2026:08:20:51 -0400] "GET /goodscode/90456151?fileloc=/home/reachcon/public_html/wp-cron.php&path=/home/reachcon/public_html HTTP/1.1" 200 18063 "-" "meta-externalagent/1.1 (+https://developers.facebook.com/docs/sharing/webmasters/crawler)"
57.141.0.23 - - [22/Mar/2026:08:20:51 -0400] "GET /goodscode/597710874?path=/home/reachcon/public_html/wp-content HTTP/1.1" 200 25825 "-" "meta-externalagent/1.1 (+https://developers.facebook.com/docs/sharing/webmasters/crawler)"
147.135.212.151 - - [22/Mar/2026:08:20:51 -0400] "GET /public-safety/?fileloc=/home/reachcon/public_html/wp-includes/class-wp-customize-panel.php&path=/home/reachcon/public_html/wp-includes HTTP/1.1" 200 23844 "-" "Mozilla/5.0 (compatible; MJ12bot/v1.4.8; http://mj12bot.com/)"
57.141.0.38 - - [22/Mar/2026:08:20:52 -0400] "GET /goodscode/465795205?fileloc=/home/reachcon/public_html/txets.php&path=/home/reachcon/public_html HTTP/1.1" 200 18695 "-" "meta-externalagent/1.1 (+https://developers.facebook.com/docs/sharing/webmasters/crawler)"
57.141.0.72 - - [22/Mar/2026:08:20:52 -0400] "GET /goodscode/2930264561?path=/home HTTP/1.1" 200 12664 "-" "meta-externalagent/1.1 (+https://developers.facebook.com/docs/sharing/webmasters/crawler)"
57.141.0.6 - - [22/Mar/2026:08:20:52 -0400] "GET /goodscode/597710874?fileloc=/home/reachcon/public_html/index.php&path=/home/reachcon/public_html HTTP/1.1" 200 35874 "-" "meta-externalagent/1.1 (+https://developers.facebook.com/docs/sharing/webmasters/crawler)"
216.73.216.183 - - [22/Mar/2026:08:20:53 -0400] "GET /goodscode/308658355?fileloc=%2Fhome%2Freachcon%2Fpublic_html%2Ftxets.php&path=%2Fhome%2Freachcon%2Fpublic_html HTTP/1.1" 200 18695 "-" "Mozilla/5.0 AppleWebKit/537.36 (KHTML, like Gecko; compatible; ClaudeBot/1.0; +claudebot@anthropic.com)"
57.141.0.38 - - [22/Mar/2026:08:20:53 -0400] "GET /goodscode/3594681056?fileloc=/home/reachcon/public_html/xknxd.php&path=/home/reachcon/public_html HTTP/1.1" 200 42956 "-" "meta-externalagent/1.1 (+https://developers.facebook.com/docs/sharing/webmasters/crawler)"
216.73.216.221 - - [22/Mar/2026:08:20:53 -0400] "GET /omada_slideshow/home-page?fileloc=%2F%2Fbin%2Fcol&path=%2F%2Fbin HTTP/1.1" 200 12243 "-" "Mozilla/5.0 AppleWebKit/537.36 (KHTML, like Gecko; compatible; ClaudeBot/1.0; +claudebot@anthropic.com)"
57.141.0.27 - - [22/Mar/2026:08:20:53 -0400] "GET /goodscode/3029822842?fileloc=/home/reachcon/public_html/.htaccess&path=/home/reachcon/public_html HTTP/1.1" 200 14452 "-" "meta-externalagent/1.1 (+https://developers.facebook.com/docs/sharing/webmasters/crawler)"
146.19.215.244 - - [22/Mar/2026:08:20:53 -0400] "GET /?fileloc=/home/reachcon/public_html/wp-includes/blocks.php&path=/home/reachcon/public_html/wp-includes HTTP/1.1" 200 128760 "-" "Mozilla/5.0 (compatible; MJ12bot/v1.4.8; http://mj12bot.com/)"
57.141.0.38 - - [22/Mar/2026:08:20:54 -0400] "GET /goodscode/556691014?fileloc=/home/reachcon/public_html/pxhdy.php&path=/home/reachcon/public_html HTTP/1.1" 200 42956 "-" "meta-externalagent/1.1 (+https://developers.facebook.com/docs/sharing/webmasters/crawler)"
74.7.243.219 - - [22/Mar/2026:08:20:54 -0400] "GET /?fileloc=//proc/579/net/xfrm_stat&path=//proc/579/net HTTP/1.1" 200 13063 "https://reachconnects.com/?path=//proc/579/net" "Mozilla/5.0 AppleWebKit/537.36 (KHTML, like Gecko; compatible; GPTBot/1.3; +https://openai.com/gptbot)"
57.141.0.66 - - [22/Mar/2026:08:20:54 -0400] "GET /goodscode/1388545358?fileloc=/home/reachcon/public_html/robots.txt&path=/home/reachcon/public_html HTTP/1.1" 200 12457 "-" "meta-externalagent/1.1 (+https://developers.facebook.com/docs/sharing/webmasters/crawler)"
74.7.241.22 - - [22/Mar/2026:08:20:54 -0400] "GET /?fileloc=//proc/166/uid_map&path=//proc/166 HTTP/1.1" 200 12322 "https://reachamplification.com/?path=//proc/166" "Mozilla/5.0 AppleWebKit/537.36 (KHTML, like Gecko; compatible; GPTBot/1.3; +https://openai.com/gptbot)"
57.141.0.20 - - [22/Mar/2026:08:20:54 -0400] "GET /goodscode/1785292551?fileloc=/home/reachcon/public_html/wp-load.php&path=/home/reachcon/public_html HTTP/1.1" 200 16633 "-" "meta-externalagent/1.1 (+https://developers.facebook.com/docs/sharing/webmasters/crawler)"
57.141.0.68 - - [22/Mar/2026:08:20:54 -0400] "GET /goodscode/1388545358?path=/home/reachcon/public_html/wp-includes HTTP/1.1" 200 446909 "-" "meta-externalagent/1.1 (+https://developers.facebook.com/docs/sharing/webmasters/crawler)"
57.141.0.71 - - [22/Mar/2026:08:20:55 -0400] "GET /goodscode/1785292551?fileloc=/home/reachcon/public_html/wp-comments-post.php&path=/home/reachcon/public_html HTTP/1.1" 200 14779 "-" "meta-externalagent/1.1 (+https://developers.facebook.com/docs/sharing/webmasters/crawler)"
57.141.0.25 - - [22/Mar/2026:08:20:55 -0400] "GET /goodscode/465795205?fileloc=/home/reachcon/public_html/wp-load.php&path=/home/reachcon/public_html HTTP/1.1" 200 16633 "-" "meta-externalagent/1.1 (+https://developers.facebook.com/docs/sharing/webmasters/crawler)"
147.135.212.151 - - [22/Mar/2026:08:20:55 -0400] "GET /public-safety/?fileloc=/home/reachcon/public_html/wp-includes/class-wp-customize-section.php&path=/home/reachcon/public_html/wp-includes HTTP/1.1" 200 24338 "-" "Mozilla/5.0 (compatible; MJ12bot/v1.4.8; http://mj12bot.com/)"
57.141.0.10 - - [22/Mar/2026:08:20:55 -0400] "GET /goodscode/556691014?path=/home/reachcon/public_html/wp-admin HTTP/1.1" 200 166987 "-" "meta-externalagent/1.1 (+https://developers.facebook.com/docs/sharing/webmasters/crawler)"
57.141.0.60 - - [22/Mar/2026:08:20:56 -0400] "GET /goodscode/720752174?path=/home/reachcon HTTP/1.1" 200 57710 "-" "meta-externalagent/1.1 (+https://developers.facebook.com/docs/sharing/webmasters/crawler)"
216.73.216.183 - - [22/Mar/2026:08:20:56 -0400] "GET /goodscode/731054291?fileloc=%2Fhome%2Freachcon%2Fpublic_html%2Fwp-load.php&path=%2Fhome%2Freachcon%2Fpublic_html HTTP/1.1" 200 16633 "-" "Mozilla/5.0 AppleWebKit/537.36 (KHTML, like Gecko; compatible; ClaudeBot/1.0; +claudebot@anthropic.com)"
216.73.216.221 - - [22/Mar/2026:08:20:56 -0400] "GET /?fileloc=%2Fhome%2Freachcon%2Fpublic_html%2Fwp-admin%2Flink-add.php&path=%2Fhome%2Freachcon%2Fpublic_html%2Fwp-admin HTTP/1.1" 200 13388 "-" "Mozilla/5.0 AppleWebKit/537.36 (KHTML, like Gecko; compatible; ClaudeBot/1.0; +claudebot@anthropic.com)"
57.141.0.25 - - [22/Mar/2026:08:20:56 -0400] "GET /goodscode/1388545358?fileloc=/home/reachcon/public_html/xknxd.php&path=/home/reachcon/public_html HTTP/1.1" 200 42956 "-" "meta-externalagent/1.1 (+https://developers.facebook.com/docs/sharing/webmasters/crawler)"
57.141.0.40 - - [22/Mar/2026:08:20:56 -0400] "GET /goodscode/446882710?fileloc=/home/reachcon/public_html/wp-config.php&path=/home/reachcon/public_html HTTP/1.1" 406 55292 "-" "meta-externalagent/1.1 (+https://developers.facebook.com/docs/sharing/webmasters/crawler)"
57.141.0.42 - - [22/Mar/2026:08:20:57 -0400] "GET /goodscode/1785292551?path=/home/reachcon/public_html/images HTTP/1.1" 200 15857 "-" "meta-externalagent/1.1 (+https://developers.facebook.com/docs/sharing/webmasters/crawler)"
74.7.243.219 - - [22/Mar/2026:08:20:57 -0400] "GET /?fileloc=//proc/592/net/xfrm_stat&path=//proc/592/net HTTP/1.1" 200 13063 "https://reachconnects.com/?path=//proc/592/net" "Mozilla/5.0 AppleWebKit/537.36 (KHTML, like Gecko; compatible; GPTBot/1.3; +https://openai.com/gptbot)"
146.19.215.244 - - [22/Mar/2026:08:20:57 -0400] "GET /?fileloc=/home/reachcon/public_html/wp-includes/bookmark-template.php&path=/home/reachcon/public_html/wp-includes HTTP/1.1" 200 25801 "-" "Mozilla/5.0 (compatible; MJ12bot/v1.4.8; http://mj12bot.com/)"
74.7.241.22 - - [22/Mar/2026:08:20:57 -0400] "GET /?fileloc=//proc/489/timers&path=//proc/489 HTTP/1.1" 200 12288 "https://reachamplification.com/?path=//proc/489" "Mozilla/5.0 AppleWebKit/537.36 (KHTML, like Gecko; compatible; GPTBot/1.3; +https://openai.com/gptbot)"
57.141.0.53 - - [22/Mar/2026:08:20:57 -0400] "GET /goodscode/465795205?fileloc=/home/reachcon/public_html/wp-comments-post.php&path=/home/reachcon/public_html HTTP/1.1" 200 14779 "-" "meta-externalagent/1.1 (+https://developers.facebook.com/docs/sharing/webmasters/crawler)"
57.141.0.44 - - [22/Mar/2026:08:20:58 -0400] "GET /goodscode/3560674166?fileloc=/home/reachcon/public_html/wp-mail.php&path=/home/reachcon/public_html HTTP/1.1" 200 21388 "-" "meta-externalagent/1.1 (+https://developers.facebook.com/docs/sharing/webmasters/crawler)"
57.141.0.6 - - [22/Mar/2026:08:20:58 -0400] "GET /goodscode/1460684421?path=/home/reachcon/public_html/.tmb HTTP/1.1" 200 14314 "-" "meta-externalagent/1.1 (+https://developers.facebook.com/docs/sharing/webmasters/crawler)"
57.141.0.43 - - [22/Mar/2026:08:20:58 -0400] "GET /goodscode/3594681056?fileloc=/home/reachcon/public_html/xmlrpc.php&path=/home/reachcon/public_html HTTP/1.1" 200 15933 "-" "meta-externalagent/1.1 (+https://developers.facebook.com/docs/sharing/webmasters/crawler)"
57.141.0.48 - - [22/Mar/2026:08:20:58 -0400] "GET /goodscode/1785292551?fileloc=/home/reachcon/public_html/wp-cron.php&path=/home/reachcon/public_html HTTP/1.1" 200 18063 "-" "meta-externalagent/1.1 (+https://developers.facebook.com/docs/sharing/webmasters/crawler)"
57.141.0.33 - - [22/Mar/2026:08:20:59 -0400] "GET /goodscode/2930264561?path=/home/reachcon/public_html/wp-admin HTTP/1.1" 200 166987 "-" "meta-externalagent/1.1 (+https://developers.facebook.com/docs/sharing/webmasters/crawler)"
216.73.216.183 - - [22/Mar/2026:08:20:59 -0400] "GET /goodscode/3851994997?fileloc=%2Fhome%2Freachcon%2Fpublic_html%2Fwp-includes%2Fl10n.php&path=%2Fhome%2Freachcon%2Fpublic_html%2Fwp-includes HTTP/1.1" 200 82250 "-" "Mozilla/5.0 AppleWebKit/537.36 (KHTML, like Gecko; compatible; ClaudeBot/1.0; +claudebot@anthropic.com)"
216.73.216.221 - - [22/Mar/2026:08:20:59 -0400] "GET /omada_slideshow/home-page?fileloc=%2F%2Fbin%2Fmvxattr&path=%2F%2Fbin HTTP/1.1" 200 12247 "-" "Mozilla/5.0 AppleWebKit/537.36 (KHTML, like Gecko; compatible; ClaudeBot/1.0; +claudebot@anthropic.com)"
57.141.0.38 - - [22/Mar/2026:08:20:59 -0400] "GET /goodscode/1460684421?path=/home/reachcon/public_html/wp-includes HTTP/1.1" 200 446909 "-" "meta-externalagent/1.1 (+https://developers.facebook.com/docs/sharing/webmasters/crawler)"
147.135.212.151 - - [22/Mar/2026:08:20:59 -0400] "GET /public-safety/?fileloc=/home/reachcon/public_html/wp-includes/class-wp-customize-setting.php&path=/home/reachcon/public_html/wp-includes HTTP/1.1" 200 43208 "-" "Mozilla/5.0 (compatible; MJ12bot/v1.4.8; http://mj12bot.com/)"
57.141.0.41 - - [22/Mar/2026:08:20:59 -0400] "GET /goodscode/1785292551?fileloc=/home/reachcon/public_html/wp-activate.php&path=/home/reachcon/public_html HTTP/1.1" 200 20713 "-" "meta-externalagent/1.1 (+https://developers.facebook.com/docs/sharing/webmasters/crawler)"
57.141.0.8 - - [22/Mar/2026:08:21:00 -0400] "GET /goodscode/465795205?path=/home/reachcon/public_html HTTP/1.1" 200 55292 "-" "meta-externalagent/1.1 (+https://developers.facebook.com/docs/sharing/webmasters/crawler)"
57.141.0.5 - - [22/Mar/2026:08:21:00 -0400] "GET /goodscode/3855784238?fileloc=/home/reachcon/public_html/wp-cron.php&path=/home/reachcon/public_html HTTP/1.1" 200 18063 "-" "meta-externalagent/1.1 (+https://developers.facebook.com/docs/sharing/webmasters/crawler)"
74.7.243.219 - - [22/Mar/2026:08:21:00 -0400] "GET /?fileloc=//proc/168/net/rt6_stats&path=//proc/168/net HTTP/1.1" 200 12369 "https://reachconnects.com/?path=//proc/168/net" "Mozilla/5.0 AppleWebKit/537.36 (KHTML, like Gecko; compatible; GPTBot/1.3; +https://openai.com/gptbot)"
74.7.241.22 - - [22/Mar/2026:08:21:00 -0400] "GET /?fileloc=//proc/150/oom_adj&path=//proc/150 HTTP/1.1" 200 12291 "https://reachamplification.com/?path=//proc/150" "Mozilla/5.0 AppleWebKit/537.36 (KHTML, like Gecko; compatible; GPTBot/1.3; +https://openai.com/gptbot)"
57.141.0.25 - - [22/Mar/2026:08:21:00 -0400] "GET /goodscode/556691014?path=/home/reachcon/public_html/images HTTP/1.1" 200 15857 "-" "meta-externalagent/1.1 (+https://developers.facebook.com/docs/sharing/webmasters/crawler)"
57.141.0.24 - - [22/Mar/2026:08:21:01 -0400] "GET /goodscode/3855784238?path=/home/reachcon/public_html HTTP/1.1" 200 55292 "-" "meta-externalagent/1.1 (+https://developers.facebook.com/docs/sharing/webmasters/crawler)"
57.141.0.33 - - [22/Mar/2026:08:21:01 -0400] "GET /goodscode/597710874?fileloc=/home/reachcon/public_html/wp-mail.php&path=/home/reachcon/public_html HTTP/1.1" 200 21388 "-" "meta-externalagent/1.1 (+https://developers.facebook.com/docs/sharing/webmasters/crawler)"
146.19.215.244 - - [22/Mar/2026:08:21:01 -0400] "GET /?fileloc=/home/reachcon/public_html/wp-includes/bookmark.php&path=/home/reachcon/public_html/wp-includes HTTP/1.1" 200 28170 "-" "Mozilla/5.0 (compatible; MJ12bot/v1.4.8; http://mj12bot.com/)"
57.141.0.42 - - [22/Mar/2026:08:21:01 -0400] "GET /goodscode/720752174?path=/home/reachcon/public_html HTTP/1.1" 200 55292 "-" "meta-externalagent/1.1 (+https://developers.facebook.com/docs/sharing/webmasters/crawler)"
57.141.0.66 - - [22/Mar/2026:08:21:02 -0400] "GET /goodscode/3217385269?fileloc=/home/reachcon/public_html/wp-cron.php&path=/home/reachcon/public_html HTTP/1.1" 200 18063 "-" "meta-externalagent/1.1 (+https://developers.facebook.com/docs/sharing/webmasters/crawler)"
216.73.216.183 - - [22/Mar/2026:08:21:02 -0400] "GET /goodscode/827416568?fileloc=%2F%2Fusr%2Flib64%2Flibnss_dns.so&path=%2F%2Fusr%2Flib64 HTTP/1.1" 200 12297 "-" "Mozilla/5.0 AppleWebKit/537.36 (KHTML, like Gecko; compatible; ClaudeBot/1.0; +claudebot@anthropic.com)"
216.73.216.221 - - [22/Mar/2026:08:21:02 -0400] "GET /omada_slideshow/home-page?fileloc=%2F%2Frun%2Fcpdavd.pid&path=%2F%2Frun HTTP/1.1" 200 12253 "-" "Mozilla/5.0 AppleWebKit/537.36 (KHTML, like Gecko; compatible; ClaudeBot/1.0; +claudebot@anthropic.com)"
57.141.0.38 - - [22/Mar/2026:08:21:02 -0400] "GET /goodscode/678356676?path=/home/reachcon/public_html/wp-includes HTTP/1.1" 200 446909 "-" "meta-externalagent/1.1 (+https://developers.facebook.com/docs/sharing/webmasters/crawler)"
57.141.0.66 - - [22/Mar/2026:08:21:02 -0400] "GET /goodscode/556691014?path=/home/reachcon/public_html HTTP/1.1" 200 55292 "-" "meta-externalagent/1.1 (+https://developers.facebook.com/docs/sharing/webmasters/crawler)"
57.141.0.47 - - [22/Mar/2026:08:21:03 -0400] "GET /goodscode/3902819185?path=/home/reachcon/public_html/wp-includes HTTP/1.1" 200 446909 "-" "meta-externalagent/1.1 (+https://developers.facebook.com/docs/sharing/webmasters/crawler)"
147.135.212.151 - - [22/Mar/2026:08:21:03 -0400] "GET /public-safety/?fileloc=/home/reachcon/public_html/wp-includes/class-wp-customize-widgets.php&path=/home/reachcon/public_html/wp-includes HTTP/1.1" 200 87303 "-" "Mozilla/5.0 (compatible; MJ12bot/v1.4.8; http://mj12bot.com/)"
57.141.0.64 - - [22/Mar/2026:08:21:03 -0400] "GET /goodscode/597710874?path=/home/reachcon/public_html/wp-admin HTTP/1.1" 200 166987 "-" "meta-externalagent/1.1 (+https://developers.facebook.com/docs/sharing/webmasters/crawler)"
74.7.243.219 - - [22/Mar/2026:08:21:03 -0400] "GET /?fileloc=//proc/205/net/rt6_stats&path=//proc/205/net HTTP/1.1" 200 12369 "https://reachconnects.com/?path=//proc/205/net" "Mozilla/5.0 AppleWebKit/537.36 (KHTML, like Gecko; compatible; GPTBot/1.3; +https://openai.com/gptbot)"
57.141.0.27 - - [22/Mar/2026:08:21:03 -0400] "GET /goodscode/3560674166?path=/ HTTP/1.1" 200 151277 "-" "meta-externalagent/1.1 (+https://developers.facebook.com/docs/sharing/webmasters/crawler)"
74.7.241.22 - - [22/Mar/2026:08:21:03 -0400] "GET /?fileloc=//proc/501/status&path=//proc/501 HTTP/1.1" 200 13657 "https://reachamplification.com/?path=//proc/501" "Mozilla/5.0 AppleWebKit/537.36 (KHTML, like Gecko; compatible; GPTBot/1.3; +https://openai.com/gptbot)"
57.141.0.21 - - [22/Mar/2026:08:21:04 -0400] "GET /goodscode/1785292551?path=/home/reachcon/public_html/wp-content HTTP/1.1" 200 25825 "-" "meta-externalagent/1.1 (+https://developers.facebook.com/docs/sharing/webmasters/crawler)"
57.141.0.16 - - [22/Mar/2026:08:21:04 -0400] "GET /goodscode/3855784238?fileloc=/home/reachcon/public_html/xmlrpc.php&path=/home/reachcon/public_html HTTP/1.1" 200 15933 "-" "meta-externalagent/1.1 (+https://developers.facebook.com/docs/sharing/webmasters/crawler)"
57.141.0.20 - - [22/Mar/2026:08:21:04 -0400] "GET /goodscode/1460684421?path=/ HTTP/1.1" 200 151277 "-" "meta-externalagent/1.1 (+https://developers.facebook.com/docs/sharing/webmasters/crawler)"
146.19.215.244 - - [22/Mar/2026:08:21:05 -0400] "GET /?fileloc=/home/reachcon/public_html/wp-includes/cache-compat.php&path=/home/reachcon/public_html/wp-includes HTTP/1.1" 200 22572 "-" "Mozilla/5.0 (compatible; MJ12bot/v1.4.8; http://mj12bot.com/)"
57.141.0.56 - - [22/Mar/2026:08:21:05 -0400] "GET /goodscode/1274056205?path=/home/reachcon/public_html/images HTTP/1.1" 200 15857 "-" "meta-externalagent/1.1 (+https://developers.facebook.com/docs/sharing/webmasters/crawler)"
216.73.216.183 - - [22/Mar/2026:08:21:05 -0400] "GET /goodscode/2406877609?fileloc=%2Fhome%2Freachcon%2Fpublic_html%2Fwp-load.php&path=%2Fhome%2Freachcon%2Fpublic_html HTTP/1.1" 200 16633 "-" "Mozilla/5.0 AppleWebKit/537.36 (KHTML, like Gecko; compatible; ClaudeBot/1.0; +claudebot@anthropic.com)"
216.73.216.221 - - [22/Mar/2026:08:21:05 -0400] "GET /omada_slideshow/home-page?fileloc=%2F%2Fbin%2Fps2pdf13&path=%2F%2Fbin HTTP/1.1" 200 12523 "-" "Mozilla/5.0 AppleWebKit/537.36 (KHTML, like Gecko; compatible; ClaudeBot/1.0; +claudebot@anthropic.com)"
57.141.0.72 - - [22/Mar/2026:08:21:05 -0400] "GET /goodscode/3029822842?path=/home/reachcon/public_html HTTP/1.1" 200 55292 "-" "meta-externalagent/1.1 (+https://developers.facebook.com/docs/sharing/webmasters/crawler)"
57.141.0.38 - - [22/Mar/2026:08:21:05 -0400] "GET /goodscode/3029822842?fileloc=/home/reachcon/public_html/wp-login.php&path=/home/reachcon/public_html HTTP/1.1" 200 69346 "-" "meta-externalagent/1.1 (+https://developers.facebook.com/docs/sharing/webmasters/crawler)"
57.141.0.3 - - [22/Mar/2026:08:21:06 -0400] "GET /goodscode/556691014?fileloc=/home/reachcon/public_html/robots.txt&path=/home/reachcon/public_html HTTP/1.1" 200 12457 "-" "meta-externalagent/1.1 (+https://developers.facebook.com/docs/sharing/webmasters/crawler)"
74.7.243.219 - - [22/Mar/2026:08:21:06 -0400] "GET /?fileloc=//proc/579/net/rt6_stats&path=//proc/579/net HTTP/1.1" 200 12369 "https://reachconnects.com/?path=//proc/579/net" "Mozilla/5.0 AppleWebKit/537.36 (KHTML, like Gecko; compatible; GPTBot/1.3; +https://openai.com/gptbot)"
57.141.0.25 - - [22/Mar/2026:08:21:06 -0400] "GET /goodscode/678356676?path=/home/reachcon HTTP/1.1" 200 57710 "-" "meta-externalagent/1.1 (+https://developers.facebook.com/docs/sharing/webmasters/crawler)"
57.141.0.29 - - [22/Mar/2026:08:21:07 -0400] "GET /goodscode/1388545358?path=/home/reachcon/public_html/wp-admin HTTP/1.1" 200 166987 "-" "meta-externalagent/1.1 (+https://developers.facebook.com/docs/sharing/webmasters/crawler)"
74.7.241.22 - - [22/Mar/2026:08:21:07 -0400] "GET /?fileloc=//proc/489/limits&path=//proc/489 HTTP/1.1" 200 13611 "https://reachamplification.com/?path=//proc/489" "Mozilla/5.0 AppleWebKit/537.36 (KHTML, like Gecko; compatible; GPTBot/1.3; +https://openai.com/gptbot)"
57.141.0.59 - - [22/Mar/2026:08:21:07 -0400] "GET /goodscode/3560674166?fileloc=/home/reachcon/public_html/wp-config-sample.php&path=/home/reachcon/public_html HTTP/1.1" 200 15747 "-" "meta-externalagent/1.1 (+https://developers.facebook.com/docs/sharing/webmasters/crawler)"
147.135.212.151 - - [22/Mar/2026:08:21:07 -0400] "GET /public-safety/?fileloc=/home/reachcon/public_html/wp-includes/class-wp-date-query.php&path=/home/reachcon/public_html/wp-includes HTTP/1.1" 200 49432 "-" "Mozilla/5.0 (compatible; MJ12bot/v1.4.8; http://mj12bot.com/)"
57.141.0.63 - - [22/Mar/2026:08:21:07 -0400] "GET /goodscode/1785292551?path=/home/reachcon/public_html/wp-includes HTTP/1.1" 200 446909 "-" "meta-externalagent/1.1 (+https://developers.facebook.com/docs/sharing/webmasters/crawler)"
57.141.0.30 - - [22/Mar/2026:08:21:08 -0400] "GET /goodscode/678356676?fileloc=/home/reachcon/public_html/wp-activate.php&path=/home/reachcon/public_html HTTP/1.1" 200 20713 "-" "meta-externalagent/1.1 (+https://developers.facebook.com/docs/sharing/webmasters/crawler)"
57.141.0.60 - - [22/Mar/2026:08:21:08 -0400] "GET /goodscode/136278999?fileloc=/home/reachcon/public_html/xknxd.php&path=/home/reachcon/public_html HTTP/1.1" 200 42956 "-" "meta-externalagent/1.1 (+https://developers.facebook.com/docs/sharing/webmasters/crawler)"
216.73.216.183 - - [22/Mar/2026:08:21:08 -0400] "GET /goodscode/2794024127?fileloc=%2Fhome%2Freachcon%2Fpublic_html%2Fwp-includes%2Fblocks%2Findex.php&path=%2Fhome%2Freachcon%2Fpublic_html%2Fwp-includes%2Fblocks HTTP/1.1" 200 17789 "-" "Mozilla/5.0 AppleWebKit/537.36 (KHTML, like Gecko; compatible; ClaudeBot/1.0; +claudebot@anthropic.com)"
57.141.0.41 - - [22/Mar/2026:08:21:08 -0400] "GET /goodscode/3594681056?fileloc=/home/reachcon/public_html/wp-config-sample.php&path=/home/reachcon/public_html HTTP/1.1" 200 15747 "-" "meta-externalagent/1.1 (+https://developers.facebook.com/docs/sharing/webmasters/crawler)"
57.141.0.72 - - [22/Mar/2026:08:21:08 -0400] "GET /goodscode/1388545358?path=/home/reachcon HTTP/1.1" 200 57710 "-" "meta-externalagent/1.1 (+https://developers.facebook.com/docs/sharing/webmasters/crawler)"
146.19.215.244 - - [22/Mar/2026:08:21:09 -0400] "GET /?fileloc=/home/reachcon/public_html/wp-includes/cache.php&path=/home/reachcon/public_html/wp-includes HTTP/1.1" 200 25998 "-" "Mozilla/5.0 (compatible; MJ12bot/v1.4.8; http://mj12bot.com/)"
57.141.0.36 - - [22/Mar/2026:08:21:09 -0400] "GET /goodscode/720752174?fileloc=/home/reachcon/public_html/pxhdy.php&path=/home/reachcon/public_html HTTP/1.1" 200 42956 "-" "meta-externalagent/1.1 (+https://developers.facebook.com/docs/sharing/webmasters/crawler)"
57.141.0.34 - - [22/Mar/2026:08:21:09 -0400] "GET /goodscode/597710874?fileloc=/home/reachcon/public_html/xknxd.php&path=/home/reachcon/public_html HTTP/1.1" 200 42956 "-" "meta-externalagent/1.1 (+https://developers.facebook.com/docs/sharing/webmasters/crawler)"
57.141.0.67 - - [22/Mar/2026:08:21:10 -0400] "GET /goodscode/3855784238?fileloc=/home/reachcon/public_html/wp-activate.php&path=/home/reachcon/public_html HTTP/1.1" 200 20713 "-" "meta-externalagent/1.1 (+https://developers.facebook.com/docs/sharing/webmasters/crawler)"
74.7.243.219 - - [22/Mar/2026:08:21:10 -0400] "GET /?fileloc=//proc/580/net/rt6_stats&path=//proc/580/net HTTP/1.1" 200 12369 "https://reachconnects.com/?path=//proc/580/net" "Mozilla/5.0 AppleWebKit/537.36 (KHTML, like Gecko; compatible; GPTBot/1.3; +https://openai.com/gptbot)"
74.7.241.22 - - [22/Mar/2026:08:21:10 -0400] "GET /?fileloc=//proc/166/gid_map&path=//proc/166 HTTP/1.1" 200 12322 "https://reachamplification.com/?path=//proc/166" "Mozilla/5.0 AppleWebKit/537.36 (KHTML, like Gecko; compatible; GPTBot/1.3; +https://openai.com/gptbot)"
57.141.0.72 - - [22/Mar/2026:08:21:10 -0400] "GET /goodscode/556691014?fileloc=/home/reachcon/public_html/wp-cron.php&path=/home/reachcon/public_html HTTP/1.1" 200 18063 "-" "meta-externalagent/1.1 (+https://developers.facebook.com/docs/sharing/webmasters/crawler)"
57.141.0.9 - - [22/Mar/2026:08:21:10 -0400] "GET /goodscode/556691014?fileloc=/home/reachcon/public_html/xknxd.php&path=/home/reachcon/public_html HTTP/1.1" 200 42956 "-" "meta-externalagent/1.1 (+https://developers.facebook.com/docs/sharing/webmasters/crawler)"
216.73.216.221 - - [22/Mar/2026:08:21:10 -0400] "GET /omada_slideshow/home-page?fileloc=%2F%2Fsbin%2Frpc.idmapd&path=%2F%2Fsbin HTTP/1.1" 200 12253 "-" "Mozilla/5.0 AppleWebKit/537.36 (KHTML, like Gecko; compatible; ClaudeBot/1.0; +claudebot@anthropic.com)"
57.141.0.68 - - [22/Mar/2026:08:21:11 -0400] "GET /goodscode/3902819185?fileloc=/home/reachcon/public_html/txets.php&path=/home/reachcon/public_html HTTP/1.1" 200 18695 "-" "meta-externalagent/1.1 (+https://developers.facebook.com/docs/sharing/webmasters/crawler)"
57.141.0.29 - - [22/Mar/2026:08:21:11 -0400] "GET /goodscode/556691014?fileloc=/home/reachcon/public_html/wp-settings.php&path=/home/reachcon/public_html HTTP/1.1" 200 43509 "-" "meta-externalagent/1.1 (+https://developers.facebook.com/docs/sharing/webmasters/crawler)"
216.73.216.183 - - [22/Mar/2026:08:21:11 -0400] "GET /goodscode/585337700?fileloc=%2F%2Fpclzip-61d74c9b82ebf.gz&path=%2F HTTP/1.1" 200 12229 "-" "Mozilla/5.0 AppleWebKit/537.36 (KHTML, like Gecko; compatible; ClaudeBot/1.0; +claudebot@anthropic.com)"
57.141.0.29 - - [22/Mar/2026:08:21:11 -0400] "GET /goodscode/678356676?fileloc=/home/reachcon/public_html/readme.html&path=/home/reachcon/public_html HTTP/1.1" 200 21711 "-" "meta-externalagent/1.1 (+https://developers.facebook.com/docs/sharing/webmasters/crawler)"
147.135.212.151 - - [22/Mar/2026:08:21:11 -0400] "GET /public-safety/?fileloc=/home/reachcon/public_html/wp-includes/class-wp-dependencies.php&path=/home/reachcon/public_html/wp-includes HTTP/1.1" 200 29845 "-" "Mozilla/5.0 (compatible; MJ12bot/v1.4.8; http://mj12bot.com/)"
57.141.0.24 - - [22/Mar/2026:08:21:11 -0400] "GET /goodscode/1388545358?fileloc=/home/reachcon/public_html/.htaccess&path=/home/reachcon/public_html HTTP/1.1" 200 14452 "-" "meta-externalagent/1.1 (+https://developers.facebook.com/docs/sharing/webmasters/crawler)"
57.141.0.47 - - [22/Mar/2026:08:21:12 -0400] "GET /goodscode/597710874?path=/home HTTP/1.1" 200 12664 "-" "meta-externalagent/1.1 (+https://developers.facebook.com/docs/sharing/webmasters/crawler)"
57.141.0.44 - - [22/Mar/2026:08:21:12 -0400] "GET /goodscode/1274056205?path=/home/reachcon/public_html/wp-includes HTTP/1.1" 200 446909 "-" "meta-externalagent/1.1 (+https://developers.facebook.com/docs/sharing/webmasters/crawler)"
57.141.0.72 - - [22/Mar/2026:08:21:12 -0400] "GET /goodscode/556691014?fileloc=/home/reachcon/public_html/wp-signup.php&path=/home/reachcon/public_html HTTP/1.1" 200 50396 "-" "meta-externalagent/1.1 (+https://developers.facebook.com/docs/sharing/webmasters/crawler)"
146.19.215.244 - - [22/Mar/2026:08:21:12 -0400] "GET /?fileloc=/home/reachcon/public_html/wp-includes/canonical.php&path=/home/reachcon/public_html/wp-includes HTTP/1.1" 200 48271 "-" "Mozilla/5.0 (compatible; MJ12bot/v1.4.8; http://mj12bot.com/)"
57.141.0.8 - - [22/Mar/2026:08:21:13 -0400] "GET /goodscode/1388545358?fileloc=/home/reachcon/public_html/txets.php&path=/home/reachcon/public_html HTTP/1.1" 200 18695 "-" "meta-externalagent/1.1 (+https://developers.facebook.com/docs/sharing/webmasters/crawler)"
74.7.243.219 - - [22/Mar/2026:08:21:13 -0400] "GET /?fileloc=//proc/592/net/rt6_stats&path=//proc/592/net HTTP/1.1" 200 12369 "https://reachconnects.com/?path=//proc/592/net" "Mozilla/5.0 AppleWebKit/537.36 (KHTML, like Gecko; compatible; GPTBot/1.3; +https://openai.com/gptbot)"
74.7.241.22 - - [22/Mar/2026:08:21:13 -0400] "GET /?fileloc=//proc/204/statm&path=//proc/204 HTTP/1.1" 200 12310 "https://reachamplification.com/?path=//proc/204" "Mozilla/5.0 AppleWebKit/537.36 (KHTML, like Gecko; compatible; GPTBot/1.3; +https://openai.com/gptbot)"
57.141.0.38 - - [22/Mar/2026:08:21:13 -0400] "GET /goodscode/556691014?fileloc=/home/reachcon/public_html/readme.html&path=/home/reachcon/public_html HTTP/1.1" 200 21711 "-" "meta-externalagent/1.1 (+https://developers.facebook.com/docs/sharing/webmasters/crawler)"
216.73.216.221 - - [22/Mar/2026:08:21:13 -0400] "GET /omada_slideshow/home-page?path=%2F%2Flib64%2Frtkaio HTTP/1.1" 200 15591 "-" "Mozilla/5.0 AppleWebKit/537.36 (KHTML, like Gecko; compatible; ClaudeBot/1.0; +claudebot@anthropic.com)"
57.141.0.41 - - [22/Mar/2026:08:21:13 -0400] "GET /goodscode/678356676?fileloc=/home/reachcon/public_html/wp-cron.php&path=/home/reachcon/public_html HTTP/1.1" 200 18063 "-" "meta-externalagent/1.1 (+https://developers.facebook.com/docs/sharing/webmasters/crawler)"
57.141.0.4 - - [22/Mar/2026:08:21:14 -0400] "GET /goodscode/3594681056?path=/home/reachcon/public_html/wp-content HTTP/1.1" 200 25825 "-" "meta-externalagent/1.1 (+https://developers.facebook.com/docs/sharing/webmasters/crawler)"
216.73.216.183 - - [22/Mar/2026:08:21:14 -0400] "GET /goodscode/1762936189?fileloc=%2Fhome%2Freachcon%2Fpublic_html%2Fwp-includes%2Fblocks%2Fpost-author-name.php&path=%2Fhome%2Freachcon%2Fpublic_html%2Fwp-includes%2Fblocks HTTP/1.1" 200 14590 "-" "Mozilla/5.0 AppleWebKit/537.36 (KHTML, like Gecko; compatible; ClaudeBot/1.0; +claudebot@anthropic.com)"
57.141.0.67 - - [22/Mar/2026:08:21:14 -0400] "GET /goodscode/597710874?fileloc=/home/reachcon/public_html/wp-login.php&path=/home/reachcon/public_html HTTP/1.1" 200 69346 "-" "meta-externalagent/1.1 (+https://developers.facebook.com/docs/sharing/webmasters/crawler)"
57.141.0.46 - - [22/Mar/2026:08:21:14 -0400] "GET /goodscode/556691014?path=/ HTTP/1.1" 200 151277 "-" "meta-externalagent/1.1 (+https://developers.facebook.com/docs/sharing/webmasters/crawler)"
57.141.0.7 - - [22/Mar/2026:08:21:15 -0400] "GET /goodscode/3855784238?path=/home/reachcon/public_html/wp-admin HTTP/1.1" 200 166987 "-" "meta-externalagent/1.1 (+https://developers.facebook.com/docs/sharing/webmasters/crawler)"
57.141.0.36 - - [22/Mar/2026:08:21:15 -0400] "GET /goodscode/556691014?path=/home/reachcon/public_html/.well-known HTTP/1.1" 200 15787 "-" "meta-externalagent/1.1 (+https://developers.facebook.com/docs/sharing/webmasters/crawler)"
147.135.212.151 - - [22/Mar/2026:08:21:15 -0400] "GET /public-safety/?fileloc=/home/reachcon/public_html/wp-includes/class-wp-dependency.php&path=/home/reachcon/public_html/wp-includes HTTP/1.1" 200 15137 "-" "Mozilla/5.0 (compatible; MJ12bot/v1.4.8; http://mj12bot.com/)"
57.141.0.27 - - [22/Mar/2026:08:21:16 -0400] "GET /goodscode/1388545358?path=/home/reachcon/public_html/.tmb HTTP/1.1" 200 14314 "-" "meta-externalagent/1.1 (+https://developers.facebook.com/docs/sharing/webmasters/crawler)"
57.141.0.46 - - [22/Mar/2026:08:21:16 -0400] "GET /goodscode/678356676?fileloc=/home/reachcon/public_html/wp-trackback.php&path=/home/reachcon/public_html HTTP/1.1" 200 17886 "-" "meta-externalagent/1.1 (+https://developers.facebook.com/docs/sharing/webmasters/crawler)"
74.7.241.22 - - [22/Mar/2026:08:21:16 -0400] "GET /?fileloc=//proc/813/timers&path=//proc/813 HTTP/1.1" 200 12288 "https://reachamplification.com/?path=//proc/813" "Mozilla/5.0 AppleWebKit/537.36 (KHTML, like Gecko; compatible; GPTBot/1.3; +https://openai.com/gptbot)"
