57.141.0.39 - - [22/Mar/2026:08:34:20 -0400] "GET /goodscode/2559820556?fileloc=/home/reachcon/public_html/wp-config-sample.php&path=/home/reachcon/public_html HTTP/1.1" 200 15747 "-" "meta-externalagent/1.1 (+https://developers.facebook.com/docs/sharing/webmasters/crawler)"
216.73.216.183 - - [22/Mar/2026:08:34:20 -0400] "GET /goodscode/261459901?fileloc=%2F%2Fpclzip-62c702f2631ae.gz&path=%2F HTTP/1.1" 200 12229 "-" "Mozilla/5.0 AppleWebKit/537.36 (KHTML, like Gecko; compatible; ClaudeBot/1.0; +claudebot@anthropic.com)"
57.141.0.68 - - [22/Mar/2026:08:34:20 -0400] "GET /goodscode/1544870435?path=/ HTTP/1.1" 200 151277 "-" "meta-externalagent/1.1 (+https://developers.facebook.com/docs/sharing/webmasters/crawler)"
57.141.0.44 - - [22/Mar/2026:08:34:20 -0400] "GET /goodscode/4018469760?path=/home/reachcon/public_html/images HTTP/1.1" 200 15857 "-" "meta-externalagent/1.1 (+https://developers.facebook.com/docs/sharing/webmasters/crawler)"
74.7.241.22 - - [22/Mar/2026:08:34:20 -0400] "GET /?path=//proc/577/net HTTP/1.1" 200 110040 "https://reachamplification.com/?path=//proc/577" "Mozilla/5.0 AppleWebKit/537.36 (KHTML, like Gecko; compatible; GPTBot/1.3; +https://openai.com/gptbot)"
57.141.0.42 - - [22/Mar/2026:08:34:21 -0400] "GET /goodscode/1544870435?path=/home HTTP/1.1" 200 12664 "-" "meta-externalagent/1.1 (+https://developers.facebook.com/docs/sharing/webmasters/crawler)"
74.7.243.219 - - [22/Mar/2026:08:34:21 -0400] "GET /?path=//proc/150/net/stat HTTP/1.1" 200 15668 "https://reachconnects.com/?path=//proc/150/net" "Mozilla/5.0 AppleWebKit/537.36 (KHTML, like Gecko; compatible; GPTBot/1.3; +https://openai.com/gptbot)"
57.141.0.32 - - [22/Mar/2026:08:34:21 -0400] "GET /goodscode/502878850?path=/ HTTP/1.1" 200 151277 "-" "meta-externalagent/1.1 (+https://developers.facebook.com/docs/sharing/webmasters/crawler)"
57.141.0.11 - - [22/Mar/2026:08:34:21 -0400] "GET /goodscode/4018469760?fileloc=/home/reachcon/public_html/wp-load.php&path=/home/reachcon/public_html HTTP/1.1" 200 16633 "-" "meta-externalagent/1.1 (+https://developers.facebook.com/docs/sharing/webmasters/crawler)"
216.73.216.221 - - [22/Mar/2026:08:34:22 -0400] "GET /omada_slideshow/home-page?fileloc=%2Fhome%2Freachcon%2Fwww%2Fwp-activate.php&path=%2Fhome%2Freachcon%2Fwww HTTP/1.1" 200 20689 "-" "Mozilla/5.0 AppleWebKit/537.36 (KHTML, like Gecko; compatible; ClaudeBot/1.0; +claudebot@anthropic.com)"
57.141.0.70 - - [22/Mar/2026:08:34:22 -0400] "GET /goodscode/3287435722?fileloc=/home/reachcon/public_html/wp-config.php&path=/home/reachcon/public_html HTTP/1.1" 406 55292 "-" "meta-externalagent/1.1 (+https://developers.facebook.com/docs/sharing/webmasters/crawler)"
57.141.0.68 - - [22/Mar/2026:08:34:22 -0400] "GET /goodscode/1317682082?path=/home/reachcon/public_html/wp-admin HTTP/1.1" 200 166987 "-" "meta-externalagent/1.1 (+https://developers.facebook.com/docs/sharing/webmasters/crawler)"
57.141.0.56 - - [22/Mar/2026:08:34:22 -0400] "GET /goodscode/4018469760?fileloc=/home/reachcon/public_html/wp-mail.php&path=/home/reachcon/public_html HTTP/1.1" 200 21388 "-" "meta-externalagent/1.1 (+https://developers.facebook.com/docs/sharing/webmasters/crawler)"
57.141.0.48 - - [22/Mar/2026:08:34:23 -0400] "GET /goodscode/2980069032?fileloc=/home/reachcon/public_html/txets.php&path=/home/reachcon/public_html HTTP/1.1" 200 18695 "-" "meta-externalagent/1.1 (+https://developers.facebook.com/docs/sharing/webmasters/crawler)"
216.73.216.183 - - [22/Mar/2026:08:34:23 -0400] "GET /goodscode/2177052762?path=%2Fhome%2Freachcon%2Fpublic_html%2Fimages HTTP/1.1" 200 15857 "-" "Mozilla/5.0 AppleWebKit/537.36 (KHTML, like Gecko; compatible; ClaudeBot/1.0; +claudebot@anthropic.com)"
57.141.0.43 - - [22/Mar/2026:08:34:23 -0400] "GET /goodscode/2980069032?fileloc=/home/reachcon/public_html/wp-settings.php&path=/home/reachcon/public_html HTTP/1.1" 200 43509 "-" "meta-externalagent/1.1 (+https://developers.facebook.com/docs/sharing/webmasters/crawler)"
74.7.241.22 - - [22/Mar/2026:08:34:24 -0400] "GET /?fileloc=//proc/25550/net/stat/nf_conntrack&path=//proc/25550/net/stat HTTP/1.1" 200 32402 "https://reachamplification.com/?path=//proc/25550/net/stat" "Mozilla/5.0 AppleWebKit/537.36 (KHTML, like Gecko; compatible; GPTBot/1.3; +https://openai.com/gptbot)"
57.141.0.65 - - [22/Mar/2026:08:34:24 -0400] "GET /goodscode/1317682082?path=/home/reachcon HTTP/1.1" 200 57710 "-" "meta-externalagent/1.1 (+https://developers.facebook.com/docs/sharing/webmasters/crawler)"
57.141.0.13 - - [22/Mar/2026:08:34:24 -0400] "GET /goodscode/1317682082?fileloc=/home/reachcon/public_html/wp-config-sample.php&path=/home/reachcon/public_html HTTP/1.1" 200 15747 "-" "meta-externalagent/1.1 (+https://developers.facebook.com/docs/sharing/webmasters/crawler)"
57.141.0.35 - - [22/Mar/2026:08:34:24 -0400] "GET /goodscode/2559820556?fileloc=/home/reachcon/public_html/wp-load.php&path=/home/reachcon/public_html HTTP/1.1" 200 16633 "-" "meta-externalagent/1.1 (+https://developers.facebook.com/docs/sharing/webmasters/crawler)"
74.7.243.219 - - [22/Mar/2026:08:34:24 -0400] "GET /?path=//proc/580/net/vlan HTTP/1.1" 200 14218 "https://reachconnects.com/?path=//proc/580/net" "Mozilla/5.0 AppleWebKit/537.36 (KHTML, like Gecko; compatible; GPTBot/1.3; +https://openai.com/gptbot)"
57.141.0.68 - - [22/Mar/2026:08:34:24 -0400] "GET /goodscode/628993632?fileloc=/home/reachcon/public_html/readme.html&path=/home/reachcon/public_html HTTP/1.1" 200 21711 "-" "meta-externalagent/1.1 (+https://developers.facebook.com/docs/sharing/webmasters/crawler)"
216.73.216.221 - - [22/Mar/2026:08:34:25 -0400] "GET /omada_slideshow/home-page?fileloc=%2Fhome%2Freachcon%2Fpublic_html%2Fwp-content%2Fuploads%2FSignal-Icon-db.png&path=%2Fhome%2Freachcon%2Fpublic_html%2Fwp-content%2Fuploads HTTP/1.1" 200 12545 "-" "Mozilla/5.0 AppleWebKit/537.36 (KHTML, like Gecko; compatible; ClaudeBot/1.0; +claudebot@anthropic.com)"
57.141.0.29 - - [22/Mar/2026:08:34:25 -0400] "GET /goodscode/3908783595?fileloc=/home/reachcon/public_html/wp-signup.php&path=/home/reachcon/public_html HTTP/1.1" 200 50396 "-" "meta-externalagent/1.1 (+https://developers.facebook.com/docs/sharing/webmasters/crawler)"
57.141.0.25 - - [22/Mar/2026:08:34:25 -0400] "GET /goodscode/1317682082?path=/home/reachcon/public_html/images HTTP/1.1" 200 15857 "-" "meta-externalagent/1.1 (+https://developers.facebook.com/docs/sharing/webmasters/crawler)"
57.141.0.7 - - [22/Mar/2026:08:34:25 -0400] "GET /goodscode/826111358?fileloc=/home/reachcon/public_html/wp-activate.php&path=/home/reachcon/public_html HTTP/1.1" 200 20713 "-" "meta-externalagent/1.1 (+https://developers.facebook.com/docs/sharing/webmasters/crawler)"
57.141.0.60 - - [22/Mar/2026:08:34:26 -0400] "GET /goodscode/4014929548?fileloc=/home/reachcon/public_html/xknxd.php&path=/home/reachcon/public_html HTTP/1.1" 200 42956 "-" "meta-externalagent/1.1 (+https://developers.facebook.com/docs/sharing/webmasters/crawler)"
216.73.216.183 - - [22/Mar/2026:08:34:26 -0400] "GET /goodscode/956095232?fileloc=%2F%2Fpclzip-62c70333573e6.gz&path=%2F HTTP/1.1" 200 12229 "-" "Mozilla/5.0 AppleWebKit/537.36 (KHTML, like Gecko; compatible; ClaudeBot/1.0; +claudebot@anthropic.com)"
57.141.0.23 - - [22/Mar/2026:08:34:26 -0400] "GET /goodscode/4018469760?path=/home/reachcon/public_html/wp-content HTTP/1.1" 200 25825 "-" "meta-externalagent/1.1 (+https://developers.facebook.com/docs/sharing/webmasters/crawler)"
57.141.0.31 - - [22/Mar/2026:08:34:26 -0400] "GET /goodscode/826111358?path=/home/reachcon HTTP/1.1" 200 57710 "-" "meta-externalagent/1.1 (+https://developers.facebook.com/docs/sharing/webmasters/crawler)"
57.141.0.13 - - [22/Mar/2026:08:34:27 -0400] "GET /goodscode/826111358?fileloc=/home/reachcon/public_html/wp-settings.php&path=/home/reachcon/public_html HTTP/1.1" 200 43509 "-" "meta-externalagent/1.1 (+https://developers.facebook.com/docs/sharing/webmasters/crawler)"
74.7.241.22 - - [22/Mar/2026:08:34:27 -0400] "GET /?fileloc=//proc/25550/net/stat/rt_cache&path=//proc/25550/net/stat HTTP/1.1" 200 32566 "https://reachamplification.com/?path=//proc/25550/net/stat" "Mozilla/5.0 AppleWebKit/537.36 (KHTML, like Gecko; compatible; GPTBot/1.3; +https://openai.com/gptbot)"
57.141.0.57 - - [22/Mar/2026:08:34:27 -0400] "GET /goodscode/2559820556?path=/home/reachcon/public_html/wp-includes HTTP/1.1" 200 446909 "-" "meta-externalagent/1.1 (+https://developers.facebook.com/docs/sharing/webmasters/crawler)"
57.141.0.29 - - [22/Mar/2026:08:34:27 -0400] "GET /goodscode/4018469760?fileloc=/home/reachcon/public_html/wp-comments-post.php&path=/home/reachcon/public_html HTTP/1.1" 200 14779 "-" "meta-externalagent/1.1 (+https://developers.facebook.com/docs/sharing/webmasters/crawler)"
74.7.243.219 - - [22/Mar/2026:08:34:27 -0400] "GET /?path=//proc/205/net/vlan HTTP/1.1" 200 14218 "https://reachconnects.com/?path=//proc/205/net" "Mozilla/5.0 AppleWebKit/537.36 (KHTML, like Gecko; compatible; GPTBot/1.3; +https://openai.com/gptbot)"
216.73.216.221 - - [22/Mar/2026:08:34:28 -0400] "GET /omada_slideshow/home-page?fileloc=%2F%2Fpclzip-62c702f24e3c6.gz&path=%2F HTTP/1.1" 200 12229 "-" "Mozilla/5.0 AppleWebKit/537.36 (KHTML, like Gecko; compatible; ClaudeBot/1.0; +claudebot@anthropic.com)"
57.141.0.19 - - [22/Mar/2026:08:34:28 -0400] "GET /goodscode/1547294633?path=/home HTTP/1.1" 200 12664 "-" "meta-externalagent/1.1 (+https://developers.facebook.com/docs/sharing/webmasters/crawler)"
57.141.0.14 - - [22/Mar/2026:08:34:28 -0400] "GET /goodscode/2559820556?fileloc=/home/reachcon/public_html/wp-login.php&path=/home/reachcon/public_html HTTP/1.1" 200 69346 "-" "meta-externalagent/1.1 (+https://developers.facebook.com/docs/sharing/webmasters/crawler)"
57.141.0.38 - - [22/Mar/2026:08:34:28 -0400] "GET /goodscode/1858547660?fileloc=/home/reachcon/public_html/pxhdy.php&path=/home/reachcon/public_html HTTP/1.1" 200 42956 "-" "meta-externalagent/1.1 (+https://developers.facebook.com/docs/sharing/webmasters/crawler)"
57.141.0.49 - - [22/Mar/2026:08:34:29 -0400] "GET /goodscode/4018469760?path=/home/reachcon/public_html/wp-includes HTTP/1.1" 200 446909 "-" "meta-externalagent/1.1 (+https://developers.facebook.com/docs/sharing/webmasters/crawler)"
57.141.0.24 - - [22/Mar/2026:08:34:29 -0400] "GET /goodscode/826111358?path=/home HTTP/1.1" 200 12664 "-" "meta-externalagent/1.1 (+https://developers.facebook.com/docs/sharing/webmasters/crawler)"
216.73.216.183 - - [22/Mar/2026:08:34:29 -0400] "GET /goodscode/2869708540?fileloc=%2F%2Fpclzip-62c702f2547db.gz&path=%2F HTTP/1.1" 200 12229 "-" "Mozilla/5.0 AppleWebKit/537.36 (KHTML, like Gecko; compatible; ClaudeBot/1.0; +claudebot@anthropic.com)"
57.141.0.33 - - [22/Mar/2026:08:34:29 -0400] "GET /goodscode/4018469760?fileloc=/home/reachcon/public_html/wp-links-opml.php&path=/home/reachcon/public_html HTTP/1.1" 200 15176 "-" "meta-externalagent/1.1 (+https://developers.facebook.com/docs/sharing/webmasters/crawler)"
57.141.0.48 - - [22/Mar/2026:08:34:30 -0400] "GET /goodscode/282821582?fileloc=/home/reachcon/public_html/readme.html&path=/home/reachcon/public_html HTTP/1.1" 200 21711 "-" "meta-externalagent/1.1 (+https://developers.facebook.com/docs/sharing/webmasters/crawler)"
74.7.241.22 - - [22/Mar/2026:08:34:30 -0400] "GET /?fileloc=//proc/163/mounts&path=//proc/163 HTTP/1.1" 200 20290 "https://reachamplification.com/?path=//proc/163" "Mozilla/5.0 AppleWebKit/537.36 (KHTML, like Gecko; compatible; GPTBot/1.3; +https://openai.com/gptbot)"
57.141.0.34 - - [22/Mar/2026:08:34:30 -0400] "GET /goodscode/446719187?fileloc=/home/reachcon/public_html/wp-activate.php&path=/home/reachcon/public_html HTTP/1.1" 200 20713 "-" "meta-externalagent/1.1 (+https://developers.facebook.com/docs/sharing/webmasters/crawler)"
57.141.0.7 - - [22/Mar/2026:08:34:30 -0400] "GET /goodscode/1547294633?fileloc=/home/reachcon/public_html/.ftpquota&path=/home/reachcon/public_html HTTP/1.1" 200 12389 "-" "meta-externalagent/1.1 (+https://developers.facebook.com/docs/sharing/webmasters/crawler)"
57.141.0.67 - - [22/Mar/2026:08:34:30 -0400] "GET /goodscode/550890143?path=/home/reachcon/public_html HTTP/1.1" 200 55292 "-" "meta-externalagent/1.1 (+https://developers.facebook.com/docs/sharing/webmasters/crawler)"
74.7.243.219 - - [22/Mar/2026:08:34:31 -0400] "GET /?path=//proc/150/net/vlan HTTP/1.1" 200 14218 "https://reachconnects.com/?path=//proc/150/net" "Mozilla/5.0 AppleWebKit/537.36 (KHTML, like Gecko; compatible; GPTBot/1.3; +https://openai.com/gptbot)"
216.73.216.221 - - [22/Mar/2026:08:34:31 -0400] "GET /omada_slideshow/home-page?fileloc=%2F%2Fpclzip-62c702f267626.gz&path=%2F HTTP/1.1" 200 12229 "-" "Mozilla/5.0 AppleWebKit/537.36 (KHTML, like Gecko; compatible; ClaudeBot/1.0; +claudebot@anthropic.com)"
57.141.0.56 - - [22/Mar/2026:08:34:31 -0400] "GET /goodscode/1858547660?fileloc=/home/reachcon/public_html/wp-signup.php&path=/home/reachcon/public_html HTTP/1.1" 200 50396 "-" "meta-externalagent/1.1 (+https://developers.facebook.com/docs/sharing/webmasters/crawler)"
57.141.0.32 - - [22/Mar/2026:08:34:32 -0400] "GET /goodscode/3873139292?fileloc=/home/reachcon/public_html/wp-settings.php&path=/home/reachcon/public_html HTTP/1.1" 200 43509 "-" "meta-externalagent/1.1 (+https://developers.facebook.com/docs/sharing/webmasters/crawler)"
57.141.0.58 - - [22/Mar/2026:08:34:32 -0400] "GET /goodscode/282821582?path=/home/reachcon/public_html/images HTTP/1.1" 200 15857 "-" "meta-externalagent/1.1 (+https://developers.facebook.com/docs/sharing/webmasters/crawler)"
216.73.216.183 - - [22/Mar/2026:08:34:32 -0400] "GET /goodscode/94022052?fileloc=%2F%2Fetc%2Fportassignments&path=%2F%2Fetc HTTP/1.1" 200 12255 "-" "Mozilla/5.0 AppleWebKit/537.36 (KHTML, like Gecko; compatible; ClaudeBot/1.0; +claudebot@anthropic.com)"
57.141.0.62 - - [22/Mar/2026:08:34:32 -0400] "GET /goodscode/1544870435?fileloc=/home/reachcon/public_html/readme.html&path=/home/reachcon/public_html HTTP/1.1" 200 21711 "-" "meta-externalagent/1.1 (+https://developers.facebook.com/docs/sharing/webmasters/crawler)"
57.141.0.71 - - [22/Mar/2026:08:34:32 -0400] "GET /goodscode/1544870435?path=/home/reachcon HTTP/1.1" 200 57710 "-" "meta-externalagent/1.1 (+https://developers.facebook.com/docs/sharing/webmasters/crawler)"
57.141.0.25 - - [22/Mar/2026:08:34:33 -0400] "GET /goodscode/3908783595?fileloc=/home/reachcon/public_html/license.txt&path=/home/reachcon/public_html HTTP/1.1" 200 32383 "-" "meta-externalagent/1.1 (+https://developers.facebook.com/docs/sharing/webmasters/crawler)"
74.7.241.22 - - [22/Mar/2026:08:34:33 -0400] "GET /?fileloc=//proc/582/mounts&path=//proc/582 HTTP/1.1" 200 20290 "https://reachamplification.com/?path=//proc/582" "Mozilla/5.0 AppleWebKit/537.36 (KHTML, like Gecko; compatible; GPTBot/1.3; +https://openai.com/gptbot)"
57.141.0.14 - - [22/Mar/2026:08:34:33 -0400] "GET /goodscode/446719187?fileloc=/home/reachcon/public_html/.ftpquota&path=/home/reachcon/public_html HTTP/1.1" 200 12389 "-" "meta-externalagent/1.1 (+https://developers.facebook.com/docs/sharing/webmasters/crawler)"
57.141.0.61 - - [22/Mar/2026:08:34:33 -0400] "GET /goodscode/2980069032?path=/home/reachcon/public_html/wp-admin HTTP/1.1" 200 166987 "-" "meta-externalagent/1.1 (+https://developers.facebook.com/docs/sharing/webmasters/crawler)"
57.141.0.44 - - [22/Mar/2026:08:34:33 -0400] "GET /goodscode/826111358?path=/home/reachcon/public_html/.tmb HTTP/1.1" 200 14314 "-" "meta-externalagent/1.1 (+https://developers.facebook.com/docs/sharing/webmasters/crawler)"
216.73.216.221 - - [22/Mar/2026:08:34:34 -0400] "GET /omada_slideshow/home-page?fileloc=%2Fhome%2Freachcon%2Fpublic_html%2Fwp-content%2Fmaintenance%2F.htaccess&path=%2Fhome%2Freachcon%2Fpublic_html%2Fwp-content%2Fmaintenance HTTP/1.1" 200 12687 "-" "Mozilla/5.0 AppleWebKit/537.36 (KHTML, like Gecko; compatible; ClaudeBot/1.0; +claudebot@anthropic.com)"
74.7.243.219 - - [22/Mar/2026:08:34:34 -0400] "GET /?path=//proc/592/net/vlan HTTP/1.1" 200 14218 "https://reachconnects.com/?path=//proc/592/net" "Mozilla/5.0 AppleWebKit/537.36 (KHTML, like Gecko; compatible; GPTBot/1.3; +https://openai.com/gptbot)"
57.141.0.10 - - [22/Mar/2026:08:34:34 -0400] "GET /goodscode/1858547660?fileloc=/home/reachcon/public_html/wp-activate.php&path=/home/reachcon/public_html HTTP/1.1" 200 20713 "-" "meta-externalagent/1.1 (+https://developers.facebook.com/docs/sharing/webmasters/crawler)"
57.141.0.70 - - [22/Mar/2026:08:34:34 -0400] "GET /goodscode/3287435722?path=/home/reachcon/public_html/.well-known HTTP/1.1" 200 15787 "-" "meta-externalagent/1.1 (+https://developers.facebook.com/docs/sharing/webmasters/crawler)"
57.141.0.34 - - [22/Mar/2026:08:34:35 -0400] "GET /goodscode/4018469760?fileloc=/home/reachcon/public_html/readme.html&path=/home/reachcon/public_html HTTP/1.1" 200 21711 "-" "meta-externalagent/1.1 (+https://developers.facebook.com/docs/sharing/webmasters/crawler)"
216.73.216.183 - - [22/Mar/2026:08:34:35 -0400] "GET /goodscode/226060243?fileloc=%2F%2Fpclzip-62c702f25191a.gz&path=%2F HTTP/1.1" 200 12229 "-" "Mozilla/5.0 AppleWebKit/537.36 (KHTML, like Gecko; compatible; ClaudeBot/1.0; +claudebot@anthropic.com)"
57.141.0.24 - - [22/Mar/2026:08:34:35 -0400] "GET /goodscode/1547294633?fileloc=/home/reachcon/public_html/wp-config-sample.php&path=/home/reachcon/public_html HTTP/1.1" 200 15747 "-" "meta-externalagent/1.1 (+https://developers.facebook.com/docs/sharing/webmasters/crawler)"
57.141.0.41 - - [22/Mar/2026:08:34:35 -0400] "GET /goodscode/2980069032?fileloc=/home/reachcon/public_html/pxhdy.php&path=/home/reachcon/public_html HTTP/1.1" 200 42956 "-" "meta-externalagent/1.1 (+https://developers.facebook.com/docs/sharing/webmasters/crawler)"
57.141.0.60 - - [22/Mar/2026:08:34:36 -0400] "GET /goodscode/425987444?fileloc=/home/reachcon/public_html/wp-login.php&path=/home/reachcon/public_html HTTP/1.1" 200 69346 "-" "meta-externalagent/1.1 (+https://developers.facebook.com/docs/sharing/webmasters/crawler)"
57.141.0.65 - - [22/Mar/2026:08:34:36 -0400] "GET /goodscode/62809706?fileloc=/home/reachcon/public_html/wp-login.php&path=/home/reachcon/public_html HTTP/1.1" 200 69346 "-" "meta-externalagent/1.1 (+https://developers.facebook.com/docs/sharing/webmasters/crawler)"
74.7.241.22 - - [22/Mar/2026:08:34:36 -0400] "GET /?fileloc=//proc/582/uid_map&path=//proc/582 HTTP/1.1" 200 12322 "https://reachamplification.com/?path=//proc/582" "Mozilla/5.0 AppleWebKit/537.36 (KHTML, like Gecko; compatible; GPTBot/1.3; +https://openai.com/gptbot)"
57.141.0.72 - - [22/Mar/2026:08:34:36 -0400] "GET /goodscode/4018469760?fileloc=/home/reachcon/public_html/.htaccess&path=/home/reachcon/public_html HTTP/1.1" 200 14452 "-" "meta-externalagent/1.1 (+https://developers.facebook.com/docs/sharing/webmasters/crawler)"
57.141.0.17 - - [22/Mar/2026:08:34:37 -0400] "GET /goodscode/1547294633?path=/home/reachcon/public_html/wp-content HTTP/1.1" 200 25825 "-" "meta-externalagent/1.1 (+https://developers.facebook.com/docs/sharing/webmasters/crawler)"
74.7.243.219 - - [22/Mar/2026:08:34:37 -0400] "GET /?fileloc=//proc/204/net/stat/nf_conntrack&path=//proc/204/net/stat HTTP/1.1" 200 32392 "https://reachconnects.com/?path=//proc/204/net/stat" "Mozilla/5.0 AppleWebKit/537.36 (KHTML, like Gecko; compatible; GPTBot/1.3; +https://openai.com/gptbot)"
57.141.0.39 - - [22/Mar/2026:08:34:37 -0400] "GET /goodscode/4018469760?fileloc=/home/reachcon/public_html/index.php&path=/home/reachcon/public_html HTTP/1.1" 200 35874 "-" "meta-externalagent/1.1 (+https://developers.facebook.com/docs/sharing/webmasters/crawler)"
57.141.0.51 - - [22/Mar/2026:08:34:37 -0400] "GET /goodscode/550890143?fileloc=/home/reachcon/public_html/xknxd.php&path=/home/reachcon/public_html HTTP/1.1" 200 42956 "-" "meta-externalagent/1.1 (+https://developers.facebook.com/docs/sharing/webmasters/crawler)"
57.141.0.64 - - [22/Mar/2026:08:34:37 -0400] "GET /goodscode/1544870435?fileloc=/home/reachcon/public_html/index.php&path=/home/reachcon/public_html HTTP/1.1" 200 35874 "-" "meta-externalagent/1.1 (+https://developers.facebook.com/docs/sharing/webmasters/crawler)"
57.141.0.58 - - [22/Mar/2026:08:34:38 -0400] "GET /goodscode/826111358?fileloc=/home/reachcon/public_html/wp-blog-header.php&path=/home/reachcon/public_html HTTP/1.1" 200 12876 "-" "meta-externalagent/1.1 (+https://developers.facebook.com/docs/sharing/webmasters/crawler)"
216.73.216.183 - - [22/Mar/2026:08:34:38 -0400] "GET /goodscode/1240624242?fileloc=%2F%2Fusr%2Flib64%2Flibldap-2.4.so.2.10.7&path=%2F%2Fusr%2Flib64 HTTP/1.1" 200 12305 "-" "Mozilla/5.0 AppleWebKit/537.36 (KHTML, like Gecko; compatible; ClaudeBot/1.0; +claudebot@anthropic.com)"
57.141.0.39 - - [22/Mar/2026:08:34:38 -0400] "GET /goodscode/1544870435?fileloc=/home/reachcon/public_html/wp-comments-post.php&path=/home/reachcon/public_html HTTP/1.1" 200 14779 "-" "meta-externalagent/1.1 (+https://developers.facebook.com/docs/sharing/webmasters/crawler)"
57.141.0.58 - - [22/Mar/2026:08:34:39 -0400] "GET /goodscode/282821582?fileloc=/home/reachcon/public_html/wp-blog-header.php&path=/home/reachcon/public_html HTTP/1.1" 200 12876 "-" "meta-externalagent/1.1 (+https://developers.facebook.com/docs/sharing/webmasters/crawler)"
57.141.0.44 - - [22/Mar/2026:08:34:39 -0400] "GET /goodscode/3908783595?fileloc=/home/reachcon/public_html/.htaccess&path=/home/reachcon/public_html HTTP/1.1" 200 14452 "-" "meta-externalagent/1.1 (+https://developers.facebook.com/docs/sharing/webmasters/crawler)"
74.7.241.22 - - [22/Mar/2026:08:34:39 -0400] "GET /?fileloc=//proc/582/gid_map&path=//proc/582 HTTP/1.1" 200 12322 "https://reachamplification.com/?path=//proc/582" "Mozilla/5.0 AppleWebKit/537.36 (KHTML, like Gecko; compatible; GPTBot/1.3; +https://openai.com/gptbot)"
216.73.216.221 - - [22/Mar/2026:08:34:39 -0400] "GET /omada_slideshow/home-page?fileloc=%2Fhome%2Freachcon%2Fpublic_html%2Fwp-content%2Fuploads%2F88-e1591636779582.png&path=%2Fhome%2Freachcon%2Fpublic_html%2Fwp-content%2Fuploads HTTP/1.1" 200 12548 "-" "Mozilla/5.0 AppleWebKit/537.36 (KHTML, like Gecko; compatible; ClaudeBot/1.0; +claudebot@anthropic.com)"
57.141.0.53 - - [22/Mar/2026:08:34:39 -0400] "GET /goodscode/550890143?fileloc=/home/reachcon/public_html/wp-login.php&path=/home/reachcon/public_html HTTP/1.1" 200 69346 "-" "meta-externalagent/1.1 (+https://developers.facebook.com/docs/sharing/webmasters/crawler)"
74.7.243.219 - - [22/Mar/2026:08:34:40 -0400] "GET /?fileloc=//proc/205/net/stat/nf_conntrack&path=//proc/205/net/stat HTTP/1.1" 200 32392 "https://reachconnects.com/?path=//proc/205/net/stat" "Mozilla/5.0 AppleWebKit/537.36 (KHTML, like Gecko; compatible; GPTBot/1.3; +https://openai.com/gptbot)"
57.141.0.60 - - [22/Mar/2026:08:34:40 -0400] "GET /goodscode/3798672084?fileloc=/home/reachcon/public_html/wp-settings.php&path=/home/reachcon/public_html HTTP/1.1" 200 43509 "-" "meta-externalagent/1.1 (+https://developers.facebook.com/docs/sharing/webmasters/crawler)"
57.141.0.30 - - [22/Mar/2026:08:34:40 -0400] "GET /goodscode/1547294633?path=/home/reachcon/public_html HTTP/1.1" 200 55292 "-" "meta-externalagent/1.1 (+https://developers.facebook.com/docs/sharing/webmasters/crawler)"
57.141.0.33 - - [22/Mar/2026:08:34:40 -0400] "GET /goodscode/550890143?fileloc=/home/reachcon/public_html/wp-links-opml.php&path=/home/reachcon/public_html HTTP/1.1" 200 15176 "-" "meta-externalagent/1.1 (+https://developers.facebook.com/docs/sharing/webmasters/crawler)"
57.141.0.24 - - [22/Mar/2026:08:34:41 -0400] "GET /goodscode/1317682082?path=/home/reachcon/public_html/.well-known HTTP/1.1" 200 15787 "-" "meta-externalagent/1.1 (+https://developers.facebook.com/docs/sharing/webmasters/crawler)"
57.141.0.5 - - [22/Mar/2026:08:34:41 -0400] "GET /goodscode/697432694?fileloc=/home/reachcon/public_html/readme.html&path=/home/reachcon/public_html HTTP/1.1" 200 21711 "-" "meta-externalagent/1.1 (+https://developers.facebook.com/docs/sharing/webmasters/crawler)"
216.73.216.183 - - [22/Mar/2026:08:34:41 -0400] "GET /goodscode/3602218887?fileloc=%2Fhome%2Freachcon%2Fpublic_html%2Fwp-admin%2Fmedia-new.php&path=%2Fhome%2Freachcon%2Fpublic_html%2Fwp-admin HTTP/1.1" 200 16198 "-" "Mozilla/5.0 AppleWebKit/537.36 (KHTML, like Gecko; compatible; ClaudeBot/1.0; +claudebot@anthropic.com)"
57.141.0.9 - - [22/Mar/2026:08:34:41 -0400] "GET /goodscode/2175747552?fileloc=/home/reachcon/public_html/wp-signup.php&path=/home/reachcon/public_html HTTP/1.1" 200 50396 "-" "meta-externalagent/1.1 (+https://developers.facebook.com/docs/sharing/webmasters/crawler)"
57.141.0.10 - - [22/Mar/2026:08:34:42 -0400] "GET /goodscode/1544870435?path=/home/reachcon/public_html HTTP/1.1" 200 55292 "-" "meta-externalagent/1.1 (+https://developers.facebook.com/docs/sharing/webmasters/crawler)"
57.141.0.11 - - [22/Mar/2026:08:34:42 -0400] "GET /goodscode/502878850?path=/home HTTP/1.1" 200 12664 "-" "meta-externalagent/1.1 (+https://developers.facebook.com/docs/sharing/webmasters/crawler)"
216.73.216.221 - - [22/Mar/2026:08:34:42 -0400] "GET /omada_slideshow/home-page?fileloc=%2Fhome%2Freachcon%2Fpublic_html%2Fwp-content%2Fuploads%2FRedefining-the-office.jpg&path=%2Fhome%2Freachcon%2Fpublic_html%2Fwp-content%2Fuploads HTTP/1.1" 200 12552 "-" "Mozilla/5.0 AppleWebKit/537.36 (KHTML, like Gecko; compatible; ClaudeBot/1.0; +claudebot@anthropic.com)"
57.141.0.7 - - [22/Mar/2026:08:34:42 -0400] "GET /goodscode/502878850?path=/home/reachcon/public_html/.tmb HTTP/1.1" 200 14314 "-" "meta-externalagent/1.1 (+https://developers.facebook.com/docs/sharing/webmasters/crawler)"
74.7.241.22 - - [22/Mar/2026:08:34:43 -0400] "GET /?fileloc=//proc/163/gid_map&path=//proc/163 HTTP/1.1" 200 12322 "https://reachamplification.com/?path=//proc/163" "Mozilla/5.0 AppleWebKit/537.36 (KHTML, like Gecko; compatible; GPTBot/1.3; +https://openai.com/gptbot)"
57.141.0.14 - - [22/Mar/2026:08:34:43 -0400] "GET /goodscode/2980069032?fileloc=/home/reachcon/public_html/wp-load.php&path=/home/reachcon/public_html HTTP/1.1" 200 16633 "-" "meta-externalagent/1.1 (+https://developers.facebook.com/docs/sharing/webmasters/crawler)"
57.141.0.56 - - [22/Mar/2026:08:34:43 -0400] "GET /goodscode/502878850?path=/home/reachcon/public_html/wp-content HTTP/1.1" 200 25825 "-" "meta-externalagent/1.1 (+https://developers.facebook.com/docs/sharing/webmasters/crawler)"
74.7.243.219 - - [22/Mar/2026:08:34:43 -0400] "GET /?fileloc=//proc/579/net/stat/nf_conntrack&path=//proc/579/net/stat HTTP/1.1" 200 32392 "https://reachconnects.com/?path=//proc/579/net/stat" "Mozilla/5.0 AppleWebKit/537.36 (KHTML, like Gecko; compatible; GPTBot/1.3; +https://openai.com/gptbot)"
57.141.0.16 - - [22/Mar/2026:08:34:43 -0400] "GET /goodscode/4018469760?fileloc=/home/reachcon/public_html/robots.txt&path=/home/reachcon/public_html HTTP/1.1" 200 12457 "-" "meta-externalagent/1.1 (+https://developers.facebook.com/docs/sharing/webmasters/crawler)"
57.141.0.17 - - [22/Mar/2026:08:34:44 -0400] "GET /goodscode/550890143?path=/home/reachcon/public_html/wp-content HTTP/1.1" 200 25825 "-" "meta-externalagent/1.1 (+https://developers.facebook.com/docs/sharing/webmasters/crawler)"
57.141.0.60 - - [22/Mar/2026:08:34:44 -0400] "GET /goodscode/4018469760?fileloc=/home/reachcon/public_html/wp-config.php&path=/home/reachcon/public_html HTTP/1.1" 406 55292 "-" "meta-externalagent/1.1 (+https://developers.facebook.com/docs/sharing/webmasters/crawler)"
216.73.216.183 - - [22/Mar/2026:08:34:44 -0400] "GET /goodscode/2406877609?fileloc=%2Fhome%2Freachcon%2Fpublic_html%2Fwp-cron.php&path=%2Fhome%2Freachcon%2Fpublic_html HTTP/1.1" 200 18063 "-" "Mozilla/5.0 AppleWebKit/537.36 (KHTML, like Gecko; compatible; ClaudeBot/1.0; +claudebot@anthropic.com)"
57.141.0.10 - - [22/Mar/2026:08:34:44 -0400] "GET /goodscode/2980069032?fileloc=/home/reachcon/public_html/wp-signup.php&path=/home/reachcon/public_html HTTP/1.1" 200 50396 "-" "meta-externalagent/1.1 (+https://developers.facebook.com/docs/sharing/webmasters/crawler)"
57.141.0.32 - - [22/Mar/2026:08:34:44 -0400] "GET /goodscode/2980069032?fileloc=/home/reachcon/public_html/wp-blog-header.php&path=/home/reachcon/public_html HTTP/1.1" 200 12876 "-" "meta-externalagent/1.1 (+https://developers.facebook.com/docs/sharing/webmasters/crawler)"
57.141.0.23 - - [22/Mar/2026:08:34:45 -0400] "GET /goodscode/826111358?fileloc=/home/reachcon/public_html/wp-config.php&path=/home/reachcon/public_html HTTP/1.1" 406 55292 "-" "meta-externalagent/1.1 (+https://developers.facebook.com/docs/sharing/webmasters/crawler)"
57.141.0.29 - - [22/Mar/2026:08:34:45 -0400] "GET /goodscode/36720718?fileloc=/home/reachcon/public_html/wp-signup.php&path=/home/reachcon/public_html HTTP/1.1" 200 50396 "-" "meta-externalagent/1.1 (+https://developers.facebook.com/docs/sharing/webmasters/crawler)"
216.73.216.221 - - [22/Mar/2026:08:34:45 -0400] "GET /omada_slideshow/home-page?fileloc=%2Fhome%2Freachcon%2Fpublic_html%2Fwp-content%2Fuploads%2FBug-Tussel-Logo-e1615398647514.png&path=%2Fhome%2Freachcon%2Fpublic_html%2Fwp-content%2Fuploads HTTP/1.1" 200 12561 "-" "Mozilla/5.0 AppleWebKit/537.36 (KHTML, like Gecko; compatible; ClaudeBot/1.0; +claudebot@anthropic.com)"
57.141.0.44 - - [22/Mar/2026:08:34:46 -0400] "GET /goodscode/1858547660?fileloc=/home/reachcon/public_html/wp-links-opml.php&path=/home/reachcon/public_html HTTP/1.1" 200 15176 "-" "meta-externalagent/1.1 (+https://developers.facebook.com/docs/sharing/webmasters/crawler)"
74.7.241.22 - - [22/Mar/2026:08:34:46 -0400] "GET /?path=//proc/582/net/rpc HTTP/1.1" 200 15496 "https://reachamplification.com/?path=//proc/582/net" "Mozilla/5.0 AppleWebKit/537.36 (KHTML, like Gecko; compatible; GPTBot/1.3; +https://openai.com/gptbot)"
57.141.0.2 - - [22/Mar/2026:08:34:46 -0400] "GET /goodscode/282821582?fileloc=/home/reachcon/public_html/index.php&path=/home/reachcon/public_html HTTP/1.1" 200 35874 "-" "meta-externalagent/1.1 (+https://developers.facebook.com/docs/sharing/webmasters/crawler)"
57.141.0.38 - - [22/Mar/2026:08:34:46 -0400] "GET /goodscode/3908783595?fileloc=/home/reachcon/public_html/wp-config.php&path=/home/reachcon/public_html HTTP/1.1" 406 55292 "-" "meta-externalagent/1.1 (+https://developers.facebook.com/docs/sharing/webmasters/crawler)"
74.7.243.219 - - [22/Mar/2026:08:34:46 -0400] "GET /?fileloc=//proc/168/net/stat/nf_conntrack&path=//proc/168/net/stat HTTP/1.1" 200 32392 "https://reachconnects.com/?path=//proc/168/net/stat" "Mozilla/5.0 AppleWebKit/537.36 (KHTML, like Gecko; compatible; GPTBot/1.3; +https://openai.com/gptbot)"
57.141.0.1 - - [22/Mar/2026:08:34:47 -0400] "GET /goodscode/4018469760?path=/home/reachcon HTTP/1.1" 200 57710 "-" "meta-externalagent/1.1 (+https://developers.facebook.com/docs/sharing/webmasters/crawler)"
57.141.0.53 - - [22/Mar/2026:08:34:47 -0400] "GET /goodscode/826111358?fileloc=/home/reachcon/public_html/.htaccess&path=/home/reachcon/public_html HTTP/1.1" 200 14452 "-" "meta-externalagent/1.1 (+https://developers.facebook.com/docs/sharing/webmasters/crawler)"
216.73.216.183 - - [22/Mar/2026:08:34:47 -0400] "GET /goodscode/926415339?fileloc=%2F%2Flib64%2Flibformw.so.5&path=%2F%2Flib64 HTTP/1.1" 200 12259 "-" "Mozilla/5.0 AppleWebKit/537.36 (KHTML, like Gecko; compatible; ClaudeBot/1.0; +claudebot@anthropic.com)"
57.141.0.16 - - [22/Mar/2026:08:34:48 -0400] "GET /goodscode/1544870435?fileloc=/home/reachcon/public_html/wp-links-opml.php&path=/home/reachcon/public_html HTTP/1.1" 200 15176 "-" "meta-externalagent/1.1 (+https://developers.facebook.com/docs/sharing/webmasters/crawler)"
57.141.0.9 - - [22/Mar/2026:08:34:48 -0400] "GET /goodscode/3798672084?path=/home/reachcon/public_html HTTP/1.1" 200 55292 "-" "meta-externalagent/1.1 (+https://developers.facebook.com/docs/sharing/webmasters/crawler)"
216.73.216.221 - - [22/Mar/2026:08:34:48 -0400] "GET /omada_slideshow/home-page?fileloc=%2Fhome%2Freachcon%2Fpublic_html%2Fwp-content%2Fuploads%2Fcloud-600x380.jpg&path=%2Fhome%2Freachcon%2Fpublic_html%2Fwp-content%2Fuploads HTTP/1.1" 200 12544 "-" "Mozilla/5.0 AppleWebKit/537.36 (KHTML, like Gecko; compatible; ClaudeBot/1.0; +claudebot@anthropic.com)"
57.141.0.72 - - [22/Mar/2026:08:34:49 -0400] "GET /goodscode/550890143?fileloc=/home/reachcon/public_html/wp-blog-header.php&path=/home/reachcon/public_html HTTP/1.1" 200 12876 "-" "meta-externalagent/1.1 (+https://developers.facebook.com/docs/sharing/webmasters/crawler)"
57.141.0.46 - - [22/Mar/2026:08:34:49 -0400] "GET /goodscode/2980069032?fileloc=/home/reachcon/public_html/wp-config.php&path=/home/reachcon/public_html HTTP/1.1" 406 55292 "-" "meta-externalagent/1.1 (+https://developers.facebook.com/docs/sharing/webmasters/crawler)"
57.141.0.20 - - [22/Mar/2026:08:34:49 -0400] "GET /goodscode/550890143?fileloc=/home/reachcon/public_html/txets.php&path=/home/reachcon/public_html HTTP/1.1" 200 18695 "-" "meta-externalagent/1.1 (+https://developers.facebook.com/docs/sharing/webmasters/crawler)"
74.7.241.22 - - [22/Mar/2026:08:34:49 -0400] "GET /?fileloc=//proc/163/net/packet&path=//proc/163/net HTTP/1.1" 200 12387 "https://reachamplification.com/?path=//proc/163/net" "Mozilla/5.0 AppleWebKit/537.36 (KHTML, like Gecko; compatible; GPTBot/1.3; +https://openai.com/gptbot)"
57.141.0.44 - - [22/Mar/2026:08:34:49 -0400] "GET /goodscode/1544870435?path=/home/reachcon/public_html/.well-known HTTP/1.1" 200 15787 "-" "meta-externalagent/1.1 (+https://developers.facebook.com/docs/sharing/webmasters/crawler)"
57.141.0.2 - - [22/Mar/2026:08:34:49 -0400] "GET /goodscode/2980069032?fileloc=/home/reachcon/public_html/index.php&path=/home/reachcon/public_html HTTP/1.1" 200 35874 "-" "meta-externalagent/1.1 (+https://developers.facebook.com/docs/sharing/webmasters/crawler)"
74.7.243.219 - - [22/Mar/2026:08:34:50 -0400] "GET /?fileloc=//proc/580/net/stat/nf_conntrack&path=//proc/580/net/stat HTTP/1.1" 200 32392 "https://reachconnects.com/?path=//proc/580/net/stat" "Mozilla/5.0 AppleWebKit/537.36 (KHTML, like Gecko; compatible; GPTBot/1.3; +https://openai.com/gptbot)"
57.141.0.10 - - [22/Mar/2026:08:34:50 -0400] "GET /goodscode/1544870435?fileloc=/home/reachcon/public_html/robots.txt&path=/home/reachcon/public_html HTTP/1.1" 200 12457 "-" "meta-externalagent/1.1 (+https://developers.facebook.com/docs/sharing/webmasters/crawler)"
216.73.216.183 - - [22/Mar/2026:08:34:50 -0400] "GET /goodscode/3389351490?fileloc=%2Fhome%2Freachcon%2Fwww%2Fwp-includes%2Fclass-wp-matchesmapregex.php&path=%2Fhome%2Freachcon%2Fwww%2Fwp-includes HTTP/1.1" 200 14302 "-" "Mozilla/5.0 AppleWebKit/537.36 (KHTML, like Gecko; compatible; ClaudeBot/1.0; +claudebot@anthropic.com)"
57.141.0.28 - - [22/Mar/2026:08:34:50 -0400] "GET /goodscode/2366079519?path=/home/reachcon/public_html/wp-content HTTP/1.1" 200 25825 "-" "meta-externalagent/1.1 (+https://developers.facebook.com/docs/sharing/webmasters/crawler)"
57.141.0.13 - - [22/Mar/2026:08:34:51 -0400] "GET /goodscode/1544870435?fileloc=/home/reachcon/public_html/wp-config-sample.php&path=/home/reachcon/public_html HTTP/1.1" 200 15747 "-" "meta-externalagent/1.1 (+https://developers.facebook.com/docs/sharing/webmasters/crawler)"
57.141.0.9 - - [22/Mar/2026:08:34:51 -0400] "GET /goodscode/1858547660?fileloc=/home/reachcon/public_html/wp-blog-header.php&path=/home/reachcon/public_html HTTP/1.1" 200 12876 "-" "meta-externalagent/1.1 (+https://developers.facebook.com/docs/sharing/webmasters/crawler)"
216.73.216.221 - - [22/Mar/2026:08:34:51 -0400] "GET /omada_slideshow/home-page?fileloc=%2Fhome%2Freachcon%2Fpublic_html%2Fwp-content%2Fuploads%2FOatHImage1-1.jpg&path=%2Fhome%2Freachcon%2Fpublic_html%2Fwp-content%2Fuploads HTTP/1.1" 200 12543 "-" "Mozilla/5.0 AppleWebKit/537.36 (KHTML, like Gecko; compatible; ClaudeBot/1.0; +claudebot@anthropic.com)"
57.141.0.44 - - [22/Mar/2026:08:34:51 -0400] "GET /goodscode/502878850?fileloc=/home/reachcon/public_html/index.php&path=/home/reachcon/public_html HTTP/1.1" 200 35874 "-" "meta-externalagent/1.1 (+https://developers.facebook.com/docs/sharing/webmasters/crawler)"
57.141.0.39 - - [22/Mar/2026:08:34:52 -0400] "GET /goodscode/2175747552?path=/home/reachcon/public_html/wp-includes HTTP/1.1" 200 446909 "-" "meta-externalagent/1.1 (+https://developers.facebook.com/docs/sharing/webmasters/crawler)"
57.141.0.17 - - [22/Mar/2026:08:34:52 -0400] "GET /goodscode/1317682082?fileloc=/home/reachcon/public_html/.ftpquota&path=/home/reachcon/public_html HTTP/1.1" 200 12389 "-" "meta-externalagent/1.1 (+https://developers.facebook.com/docs/sharing/webmasters/crawler)"
74.7.241.22 - - [22/Mar/2026:08:34:52 -0400] "GET /?path=//proc/163/net/rpc HTTP/1.1" 200 15496 "https://reachamplification.com/?path=//proc/163/net" "Mozilla/5.0 AppleWebKit/537.36 (KHTML, like Gecko; compatible; GPTBot/1.3; +https://openai.com/gptbot)"
57.141.0.17 - - [22/Mar/2026:08:34:53 -0400] "GET /goodscode/502878850?fileloc=/home/reachcon/public_html/wp-config.php&path=/home/reachcon/public_html HTTP/1.1" 406 55292 "-" "meta-externalagent/1.1 (+https://developers.facebook.com/docs/sharing/webmasters/crawler)"
74.7.243.219 - - [22/Mar/2026:08:34:53 -0400] "GET /?fileloc=//proc/592/net/stat/nf_conntrack&path=//proc/592/net/stat HTTP/1.1" 200 32392 "https://reachconnects.com/?path=//proc/592/net/stat" "Mozilla/5.0 AppleWebKit/537.36 (KHTML, like Gecko; compatible; GPTBot/1.3; +https://openai.com/gptbot)"
57.141.0.59 - - [22/Mar/2026:08:34:53 -0400] "GET /goodscode/1544870435?fileloc=/home/reachcon/public_html/wp-activate.php&path=/home/reachcon/public_html HTTP/1.1" 200 20713 "-" "meta-externalagent/1.1 (+https://developers.facebook.com/docs/sharing/webmasters/crawler)"
216.73.216.183 - - [22/Mar/2026:08:34:53 -0400] "GET /goodscode/2546243667?fileloc=%2Fhome%2Freachcon%2Fpublic_html%2Fwp-settings.php&path=%2Fhome%2Freachcon%2Fpublic_html HTTP/1.1" 200 43509 "-" "Mozilla/5.0 AppleWebKit/537.36 (KHTML, like Gecko; compatible; ClaudeBot/1.0; +claudebot@anthropic.com)"
57.141.0.14 - - [22/Mar/2026:08:34:53 -0400] "GET /goodscode/1544870435?fileloc=/home/reachcon/public_html/wp-trackback.php&path=/home/reachcon/public_html HTTP/1.1" 200 17886 "-" "meta-externalagent/1.1 (+https://developers.facebook.com/docs/sharing/webmasters/crawler)"
57.141.0.56 - - [22/Mar/2026:08:34:54 -0400] "GET /goodscode/2980069032?fileloc=/home/reachcon/public_html/wp-comments-post.php&path=/home/reachcon/public_html HTTP/1.1" 200 14779 "-" "meta-externalagent/1.1 (+https://developers.facebook.com/docs/sharing/webmasters/crawler)"
57.141.0.32 - - [22/Mar/2026:08:34:54 -0400] "GET /goodscode/550890143?fileloc=/home/reachcon/public_html/wp-signup.php&path=/home/reachcon/public_html HTTP/1.1" 200 50396 "-" "meta-externalagent/1.1 (+https://developers.facebook.com/docs/sharing/webmasters/crawler)"
57.141.0.12 - - [22/Mar/2026:08:34:54 -0400] "GET /goodscode/36720718?fileloc=/home/reachcon/public_html/wp-activate.php&path=/home/reachcon/public_html HTTP/1.1" 200 20713 "-" "meta-externalagent/1.1 (+https://developers.facebook.com/docs/sharing/webmasters/crawler)"
216.73.216.221 - - [22/Mar/2026:08:34:54 -0400] "GET /omada_slideshow/home-page?fileloc=%2Fhome%2Freachcon%2Fpublic_html%2Fwp-content%2Fuploads%2Funnamed-600x50.jpg&path=%2Fhome%2Freachcon%2Fpublic_html%2Fwp-content%2Fuploads HTTP/1.1" 200 12545 "-" "Mozilla/5.0 AppleWebKit/537.36 (KHTML, like Gecko; compatible; ClaudeBot/1.0; +claudebot@anthropic.com)"
57.141.0.20 - - [22/Mar/2026:08:34:55 -0400] "GET /goodscode/550890143?fileloc=/home/reachcon/public_html/wp-config-sample.php&path=/home/reachcon/public_html HTTP/1.1" 200 15747 "-" "meta-externalagent/1.1 (+https://developers.facebook.com/docs/sharing/webmasters/crawler)"
57.141.0.1 - - [22/Mar/2026:08:34:55 -0400] "GET /goodscode/2980069032?fileloc=/home/reachcon/public_html/.htaccess&path=/home/reachcon/public_html HTTP/1.1" 200 14452 "-" "meta-externalagent/1.1 (+https://developers.facebook.com/docs/sharing/webmasters/crawler)"
74.7.241.22 - - [22/Mar/2026:08:34:55 -0400] "GET /?fileloc=//proc/577/net/mcfilter6&path=//proc/577/net HTTP/1.1" 200 12425 "https://reachamplification.com/?path=//proc/577/net" "Mozilla/5.0 AppleWebKit/537.36 (KHTML, like Gecko; compatible; GPTBot/1.3; +https://openai.com/gptbot)"
57.141.0.33 - - [22/Mar/2026:08:34:56 -0400] "GET /goodscode/826111358?path=/home/reachcon/public_html/wp-content HTTP/1.1" 200 25825 "-" "meta-externalagent/1.1 (+https://developers.facebook.com/docs/sharing/webmasters/crawler)"
57.141.0.47 - - [22/Mar/2026:08:34:56 -0400] "GET /goodscode/446719187?fileloc=/home/reachcon/public_html/wp-comments-post.php&path=/home/reachcon/public_html HTTP/1.1" 200 14779 "-" "meta-externalagent/1.1 (+https://developers.facebook.com/docs/sharing/webmasters/crawler)"
74.7.243.219 - - [22/Mar/2026:08:34:56 -0400] "GET /?fileloc=//proc/150/net/stat/nf_conntrack&path=//proc/150/net/stat HTTP/1.1" 200 32392 "https://reachconnects.com/?path=//proc/150/net/stat" "Mozilla/5.0 AppleWebKit/537.36 (KHTML, like Gecko; compatible; GPTBot/1.3; +https://openai.com/gptbot)"
57.141.0.65 - - [22/Mar/2026:08:34:56 -0400] "GET /goodscode/1317682082?fileloc=/home/reachcon/public_html/wp-signup.php&path=/home/reachcon/public_html HTTP/1.1" 200 50396 "-" "meta-externalagent/1.1 (+https://developers.facebook.com/docs/sharing/webmasters/crawler)"
216.73.216.183 - - [22/Mar/2026:08:34:56 -0400] "GET /goodscode/1240624242?fileloc=%2F%2Fusr%2Flib64%2FlibX11.so.6.3.0&path=%2F%2Fusr%2Flib64 HTTP/1.1" 200 12299 "-" "Mozilla/5.0 AppleWebKit/537.36 (KHTML, like Gecko; compatible; ClaudeBot/1.0; +claudebot@anthropic.com)"
57.141.0.23 - - [22/Mar/2026:08:34:56 -0400] "GET /goodscode/697432694?path=/home/reachcon/public_html/wp-includes HTTP/1.1" 200 446909 "-" "meta-externalagent/1.1 (+https://developers.facebook.com/docs/sharing/webmasters/crawler)"
57.141.0.70 - - [22/Mar/2026:08:34:57 -0400] "GET /goodscode/1317682082?fileloc=/home/reachcon/public_html/wp-mail.php&path=/home/reachcon/public_html HTTP/1.1" 200 21388 "-" "meta-externalagent/1.1 (+https://developers.facebook.com/docs/sharing/webmasters/crawler)"
57.141.0.64 - - [22/Mar/2026:08:34:57 -0400] "GET /goodscode/1544870435?fileloc=/home/reachcon/public_html/license.txt&path=/home/reachcon/public_html HTTP/1.1" 200 32383 "-" "meta-externalagent/1.1 (+https://developers.facebook.com/docs/sharing/webmasters/crawler)"
216.73.216.221 - - [22/Mar/2026:08:34:57 -0400] "GET /omada_slideshow/home-page?fileloc=%2Fhome%2Freachcon%2Fpublic_html%2Fwp-content%2Fuploads%2Fphishing.jpg&path=%2Fhome%2Freachcon%2Fpublic_html%2Fwp-content%2Fuploads HTTP/1.1" 200 12539 "-" "Mozilla/5.0 AppleWebKit/537.36 (KHTML, like Gecko; compatible; ClaudeBot/1.0; +claudebot@anthropic.com)"
57.141.0.17 - - [22/Mar/2026:08:34:57 -0400] "GET /goodscode/446719187?fileloc=/home/reachcon/public_html/wp-links-opml.php&path=/home/reachcon/public_html HTTP/1.1" 200 15176 "-" "meta-externalagent/1.1 (+https://developers.facebook.com/docs/sharing/webmasters/crawler)"
57.141.0.51 - - [22/Mar/2026:08:34:58 -0400] "GET /goodscode/1317682082?fileloc=/home/reachcon/public_html/wp-settings.php&path=/home/reachcon/public_html HTTP/1.1" 200 43509 "-" "meta-externalagent/1.1 (+https://developers.facebook.com/docs/sharing/webmasters/crawler)"
57.141.0.4 - - [22/Mar/2026:08:34:58 -0400] "GET /goodscode/502878850?fileloc=/home/reachcon/public_html/xmlrpc.php&path=/home/reachcon/public_html HTTP/1.1" 200 15933 "-" "meta-externalagent/1.1 (+https://developers.facebook.com/docs/sharing/webmasters/crawler)"
57.141.0.33 - - [22/Mar/2026:08:34:58 -0400] "GET /goodscode/446719187?path=/home/reachcon/public_html/wp-includes HTTP/1.1" 200 446909 "-" "meta-externalagent/1.1 (+https://developers.facebook.com/docs/sharing/webmasters/crawler)"
74.7.241.22 - - [22/Mar/2026:08:34:58 -0400] "GET /?path=//proc/577/net/rpc HTTP/1.1" 200 15496 "https://reachamplification.com/?path=//proc/577/net" "Mozilla/5.0 AppleWebKit/537.36 (KHTML, like Gecko; compatible; GPTBot/1.3; +https://openai.com/gptbot)"
57.141.0.3 - - [22/Mar/2026:08:34:59 -0400] "GET /goodscode/1858547660?fileloc=/home/reachcon/public_html/wp-comments-post.php&path=/home/reachcon/public_html HTTP/1.1" 200 14779 "-" "meta-externalagent/1.1 (+https://developers.facebook.com/docs/sharing/webmasters/crawler)"
74.7.243.219 - - [22/Mar/2026:08:34:59 -0400] "GET /?fileloc=//proc/580/net/vlan/config&path=//proc/580/net/vlan HTTP/1.1" 200 12381 "https://reachconnects.com/?path=//proc/580/net/vlan" "Mozilla/5.0 AppleWebKit/537.36 (KHTML, like Gecko; compatible; GPTBot/1.3; +https://openai.com/gptbot)"
57.141.0.17 - - [22/Mar/2026:08:34:59 -0400] "GET /goodscode/550890143?fileloc=/home/reachcon/public_html/wp-activate.php&path=/home/reachcon/public_html HTTP/1.1" 200 20713 "-" "meta-externalagent/1.1 (+https://developers.facebook.com/docs/sharing/webmasters/crawler)"
216.73.216.183 - - [22/Mar/2026:08:34:59 -0400] "GET /goodscode/2700054421?fileloc=%2F%2Fquota.group&path=%2F HTTP/1.1" 200 12217 "-" "Mozilla/5.0 AppleWebKit/537.36 (KHTML, like Gecko; compatible; ClaudeBot/1.0; +claudebot@anthropic.com)"
57.141.0.22 - - [22/Mar/2026:08:35:00 -0400] "GET /goodscode/1790044878?fileloc=/home/reachcon/public_html/wp-activate.php&path=/home/reachcon/public_html HTTP/1.1" 200 20713 "-" "meta-externalagent/1.1 (+https://developers.facebook.com/docs/sharing/webmasters/crawler)"
57.141.0.36 - - [22/Mar/2026:08:35:00 -0400] "GET /goodscode/1544870435?fileloc=/home/reachcon/public_html/wp-config.php&path=/home/reachcon/public_html HTTP/1.1" 406 55292 "-" "meta-externalagent/1.1 (+https://developers.facebook.com/docs/sharing/webmasters/crawler)"
57.141.0.44 - - [22/Mar/2026:08:35:00 -0400] "GET /goodscode/446719187?fileloc=/home/reachcon/public_html/xmlrpc.php&path=/home/reachcon/public_html HTTP/1.1" 200 15933 "-" "meta-externalagent/1.1 (+https://developers.facebook.com/docs/sharing/webmasters/crawler)"
216.73.216.221 - - [22/Mar/2026:08:35:00 -0400] "GET /omada_slideshow/home-page?fileloc=%2Fhome%2Freachcon%2Fwww%2Fpxhdy.php&path=%2Fhome%2Freachcon%2Fwww HTTP/1.1" 200 42932 "-" "Mozilla/5.0 AppleWebKit/537.36 (KHTML, like Gecko; compatible; ClaudeBot/1.0; +claudebot@anthropic.com)"
57.141.0.29 - - [22/Mar/2026:08:35:00 -0400] "GET /goodscode/1317682082?fileloc=/home/reachcon/public_html/wp-trackback.php&path=/home/reachcon/public_html HTTP/1.1" 200 17886 "-" "meta-externalagent/1.1 (+https://developers.facebook.com/docs/sharing/webmasters/crawler)"
57.141.0.64 - - [22/Mar/2026:08:35:01 -0400] "GET /goodscode/62809706?fileloc=/home/reachcon/public_html/wp-trackback.php&path=/home/reachcon/public_html HTTP/1.1" 200 17886 "-" "meta-externalagent/1.1 (+https://developers.facebook.com/docs/sharing/webmasters/crawler)"
57.141.0.44 - - [22/Mar/2026:08:35:01 -0400] "GET /goodscode/550890143?path=/ HTTP/1.1" 200 151277 "-" "meta-externalagent/1.1 (+https://developers.facebook.com/docs/sharing/webmasters/crawler)"
74.7.241.22 - - [22/Mar/2026:08:35:02 -0400] "GET /?fileloc=//proc/577/net/sockstat6&path=//proc/577/net HTTP/1.1" 200 12418 "https://reachamplification.com/?path=//proc/577/net" "Mozilla/5.0 AppleWebKit/537.36 (KHTML, like Gecko; compatible; GPTBot/1.3; +https://openai.com/gptbot)"
57.141.0.11 - - [22/Mar/2026:08:35:02 -0400] "GET /goodscode/550890143?fileloc=/home/reachcon/public_html/wp-comments-post.php&path=/home/reachcon/public_html HTTP/1.1" 200 14779 "-" "meta-externalagent/1.1 (+https://developers.facebook.com/docs/sharing/webmasters/crawler)"
57.141.0.49 - - [22/Mar/2026:08:35:02 -0400] "GET /goodscode/502878850?fileloc=/home/reachcon/public_html/wp-cron.php&path=/home/reachcon/public_html HTTP/1.1" 200 18063 "-" "meta-externalagent/1.1 (+https://developers.facebook.com/docs/sharing/webmasters/crawler)"
74.7.243.219 - - [22/Mar/2026:08:35:02 -0400] "GET /?fileloc=//proc/205/net/vlan/config&path=//proc/205/net/vlan HTTP/1.1" 200 12381 "https://reachconnects.com/?path=//proc/205/net/vlan" "Mozilla/5.0 AppleWebKit/537.36 (KHTML, like Gecko; compatible; GPTBot/1.3; +https://openai.com/gptbot)"
216.73.216.183 - - [22/Mar/2026:08:35:02 -0400] "GET /goodscode/2969474765?fileloc=%2F%2Fpclzip-62c702f25ca05.gz&path=%2F HTTP/1.1" 200 12229 "-" "Mozilla/5.0 AppleWebKit/537.36 (KHTML, like Gecko; compatible; ClaudeBot/1.0; +claudebot@anthropic.com)"
57.141.0.70 - - [22/Mar/2026:08:35:02 -0400] "GET /goodscode/3798672084?fileloc=/home/reachcon/public_html/xmlrpc.php&path=/home/reachcon/public_html HTTP/1.1" 200 15933 "-" "meta-externalagent/1.1 (+https://developers.facebook.com/docs/sharing/webmasters/crawler)"
57.141.0.60 - - [22/Mar/2026:08:35:02 -0400] "GET /goodscode/3798672084?fileloc=/home/reachcon/public_html/index.php&path=/home/reachcon/public_html HTTP/1.1" 200 35874 "-" "meta-externalagent/1.1 (+https://developers.facebook.com/docs/sharing/webmasters/crawler)"
57.141.0.17 - - [22/Mar/2026:08:35:03 -0400] "GET /goodscode/550890143?fileloc=/home/reachcon/public_html/wp-settings.php&path=/home/reachcon/public_html HTTP/1.1" 200 43509 "-" "meta-externalagent/1.1 (+https://developers.facebook.com/docs/sharing/webmasters/crawler)"
57.141.0.8 - - [22/Mar/2026:08:35:03 -0400] "GET /goodscode/550890143?path=/home/reachcon/public_html/.tmb HTTP/1.1" 200 14314 "-" "meta-externalagent/1.1 (+https://developers.facebook.com/docs/sharing/webmasters/crawler)"
216.73.216.221 - - [22/Mar/2026:08:35:03 -0400] "GET /omada_slideshow/home-page?fileloc=%2Fhome%2Freachcon%2Fpublic_html%2Fwp-content%2Fuploads%2Fvonage-cloud-communications-600x232.png&path=%2Fhome%2Freachcon%2Fpublic_html%2Fwp-content%2Fuploads HTTP/1.1" 200 12566 "-" "Mozilla/5.0 AppleWebKit/537.36 (KHTML, like Gecko; compatible; ClaudeBot/1.0; +claudebot@anthropic.com)"
43.153.71.12 - - [22/Mar/2026:08:35:03 -0400] "GET /?fileloc=/home/reachcon/public_html/xmlrpc.php&path=/home/reachcon/public_html HTTP/1.1" 200 15933 "-" "Mozilla/5.0 (iPhone; CPU iPhone OS 13_2_3 like Mac OS X) AppleWebKit/605.1.15 (KHTML, like Gecko) Version/13.0.3 Mobile/15E148 Safari/604.1"
57.141.0.28 - - [22/Mar/2026:08:35:03 -0400] "GET /goodscode/1547294633?fileloc=/home/reachcon/public_html/wp-activate.php&path=/home/reachcon/public_html HTTP/1.1" 200 20713 "-" "meta-externalagent/1.1 (+https://developers.facebook.com/docs/sharing/webmasters/crawler)"
